000
CDUS43 KDLH 272222
CLIINL


CLIMATE REPORT
NATIONAL WEATHER SERVICE DULUTH MN
522 PM CDT MON APR 27 2015


...................................

...THE INTERNATIONAL FALLS MN CLIMATE SUMMARY FOR APRIL 27 2015...
VALID TODAY AS OF 0500 PM LOCAL TIME.

CLIMATE NORMAL PERIOD 1981 TO 2010
CLIMATE RECORD PERIOD 1895 TO 2015


WEATHER ITEM   OBSERVED TIME   RECORD YEAR NORMAL DEPARTURE LAST
                VALUE   (LST)  VALUE       VALUE  FROM      YEAR
                                                  NORMAL
..................................................................
TEMPERATURE (F)
 TODAY
  MAXIMUM         68    359 PM  93    1952  58     10       48
  MINIMUM         23    525 AM  12    1956  32     -9       30
  AVERAGE         46                        45      1       39

PRECIPITATION (IN)
  TODAY            0.00                      0.07  -0.07      T
  MONTH TO DATE    0.69                      1.32  -0.63     1.29
  SINCE MAR 1      1.33                      2.27  -0.94     2.75
  SINCE JAN 1      3.35                      3.46  -0.11     4.50

SNOWFALL (IN)
  TODAY            0.0                       0.1   -0.1      0.0
  MONTH TO DATE    4.3                       6.1   -1.8      7.2
  SINCE JUL 1     64.5                      70.5   -6.0    101.2
  SNOW DEPTH       0

DEGREE DAYS
 HEATING
  TODAY           19                        20     -1       26
  MONTH TO DATE  703                       713    -10      834
  SINCE MAR 1   1872                      1996   -124     2440
  SINCE JUL 1   9626                      9579     47    10871

 COOLING
  TODAY            0                         0      0        0
  MONTH TO DATE    0                         0      0        0
  SINCE MAR 1      0                         0      0        0
  SINCE JAN 1      0                         0      0        0
..................................................................


WIND (MPH)
  HIGHEST WIND SPEED     9   HIGHEST WIND DIRECTION    NE (30)
  HIGHEST GUST SPEED    14   HIGHEST GUST DIRECTION     E (70)


SKY COVER
  AVERAGE SKY COVER 0.0


WEATHER CONDITIONS
 THE FOLLOWING WEATHER WAS RECORDED TODAY.
  NO SIGNIFICANT WEATHER WAS OBSERVED.


RELATIVE HUMIDITY (PERCENT)
 HIGHEST    88           400 AM
 LOWEST     21           400 PM
 AVERAGE    55

..........................................................


THE INTERNATIONAL FALLS MN CLIMATE NORMALS FOR TOMORROW
                         NORMAL    RECORD    YEAR
 MAXIMUM TEMPERATURE (F)   58        91      1952
 MINIMUM TEMPERATURE (F)   32         9      1958


SUNRISE AND SUNSET
APRIL 27 2015.........SUNRISE   601 AM CDT   SUNSET   822 PM CDT
APRIL 28 2015.........SUNRISE   559 AM CDT   SUNSET   824 PM CDT


-  INDICATES NEGATIVE NUMBERS.
R  INDICATES RECORD WAS SET OR TIED.
MM INDICATES DATA IS MISSING.
T  INDICATES TRACE AMOUNT.




$$
