000
CDUS43 KDLH 240632
CLIINL


CLIMATE REPORT
NATIONAL WEATHER SERVICE DULUTH MN
132 AM CDT FRI APR 24 2015


...................................

...THE INTERNATIONAL FALLS MN CLIMATE SUMMARY FOR APRIL 23 2015...

CLIMATE NORMAL PERIOD 1981 TO 2010
CLIMATE RECORD PERIOD 1895 TO 2015


WEATHER ITEM   OBSERVED TIME   RECORD YEAR NORMAL DEPARTURE LAST
                VALUE   (LST)  VALUE       VALUE  FROM      YEAR
                                                  NORMAL
..................................................................
TEMPERATURE (F)
 YESTERDAY
  MAXIMUM         47    434 PM  81    1990  56     -9       56
  MINIMUM         16    529 AM   6    1909  30    -14       24
  AVERAGE         32                        43    -11       40

PRECIPITATION (IN)
  YESTERDAY        0.00          1.01 1985   0.05  -0.05     0.01
  MONTH TO DATE    0.69                      1.08  -0.39     0.60
  SINCE MAR 1      1.33                      2.03  -0.70     2.06
  SINCE JAN 1      3.35                      3.22   0.13     3.81

SNOWFALL (IN)
  YESTERDAY        0.0           6.5  1968   0.1   -0.1      0.0
  MONTH TO DATE    4.3                       5.5   -1.2      3.8
  SINCE MAR 1      7.8                      13.1   -5.3     21.4
  SINCE JUL 1     64.5                      69.9   -5.4     97.8
  SNOW DEPTH       T

DEGREE DAYS
 HEATING
  YESTERDAY       33                        22     11       25
  MONTH TO DATE  608                       629    -21      726
  SINCE MAR 1   1777                      1912   -135     2332
  SINCE JUL 1   9531                      9495     36    10763

 COOLING
  YESTERDAY        0                         0      0        0
  MONTH TO DATE    0                         0      0        0
  SINCE MAR 1      0                         0      0        0
  SINCE JAN 1      0                         0      0        0
..................................................................


WIND (MPH)
  HIGHEST WIND SPEED    15   HIGHEST WIND DIRECTION    NW (320)
  HIGHEST GUST SPEED    20   HIGHEST GUST DIRECTION    NW (310)
  AVERAGE WIND SPEED     5.5


SKY COVER
  AVERAGE SKY COVER 0.0


WEATHER CONDITIONS
 THE FOLLOWING WEATHER WAS RECORDED YESTERDAY.
  NO SIGNIFICANT WEATHER WAS OBSERVED.


RELATIVE HUMIDITY (PERCENT)
 HIGHEST    81          1100 PM
 LOWEST     23           400 PM
 AVERAGE    52

..........................................................


THE INTERNATIONAL FALLS MN CLIMATE NORMALS FOR TODAY
                         NORMAL    RECORD    YEAR
 MAXIMUM TEMPERATURE (F)   56        85      1990
 MINIMUM TEMPERATURE (F)   31        10      1909


SUNRISE AND SUNSET
APRIL 24 2015.........SUNRISE   607 AM CDT   SUNSET   818 PM CDT
APRIL 25 2015.........SUNRISE   605 AM CDT   SUNSET   819 PM CDT


-  INDICATES NEGATIVE NUMBERS.
R  INDICATES RECORD WAS SET OR TIED.
MM INDICATES DATA IS MISSING.
T  INDICATES TRACE AMOUNT.




$$
