000
CDUS43 KDMX 230650
CLIALO

CLIMATE REPORT
NATIONAL WEATHER SERVICE DES MOINES IA
147 AM CDT THU APR 23 2015


...................................

...THE WATERLOO IA CLIMATE SUMMARY FOR APRIL 22 2015...

CLIMATE NORMAL PERIOD 1981 TO 2010
CLIMATE RECORD PERIOD 1895 TO 2015


WEATHER ITEM   OBSERVED TIME   RECORD YEAR NORMAL DEPARTURE LAST
                VALUE   (LST)  VALUE       VALUE  FROM      YEAR
                                                  NORMAL
..................................................................
TEMPERATURE (F)
 YESTERDAY
  MAXIMUM         52    400 PM 100    1980  64    -12       60
  MINIMUM         31    543 AM  20    1986  40     -9       36
  AVERAGE         42                        52    -10       48

PRECIPITATION (IN)
  YESTERDAY        0.00          2.11 1968   0.13  -0.13     0.00
  MONTH TO DATE    2.91                      2.57   0.34     5.09
  SINCE MAR 1      3.51                      4.63  -1.12     6.59
  SINCE JAN 1      5.55                      6.45  -0.90     9.22

SNOWFALL (IN)
  YESTERDAY        0.0           1.3  1984   0.0    0.0      0.0
  MONTH TO DATE    T                         1.6   -1.6      0.4
  SINCE MAR 1      0.7                       6.2   -5.5      6.2
  SINCE JUL 1     29.2                      35.1   -5.9     57.1
  SNOW DEPTH       0

DEGREE DAYS
 HEATING
  YESTERDAY       23                        14      9       17
  MONTH TO DATE  324                       396    -72      424
  SINCE MAR 1   1233                      1302    -69     1556
  SINCE JUL 1   6994                      6721    273     7964

 COOLING
  YESTERDAY        0                         0      0        0
  MONTH TO DATE    0                         0      0        2
  SINCE MAR 1      0                         0      0        2
  SINCE JAN 1      0                         0      0        2
..................................................................


WIND (MPH)
  HIGHEST WIND SPEED    35   HIGHEST WIND DIRECTION    NW (320)
  HIGHEST GUST SPEED    44   HIGHEST GUST DIRECTION    NW (320)
  AVERAGE WIND SPEED    17.3


SKY COVER
  POSSIBLE SUNSHINE  MM
  AVERAGE SKY COVER 0.2


WEATHER CONDITIONS
 THE FOLLOWING WEATHER WAS RECORDED YESTERDAY.
  NO SIGNIFICANT WEATHER WAS OBSERVED.


RELATIVE HUMIDITY (PERCENT)
 HIGHEST    72           400 AM
 LOWEST     19           300 PM
 AVERAGE    46

..........................................................


THE WATERLOO IA CLIMATE NORMALS FOR TODAY
                         NORMAL    RECORD    YEAR
 MAXIMUM TEMPERATURE (F)   64        89      1925
 MINIMUM TEMPERATURE (F)   40        19      1927


SUNRISE AND SUNSET
APRIL 23 2015.........SUNRISE   616 AM CDT   SUNSET   800 PM CDT
APRIL 24 2015.........SUNRISE   615 AM CDT   SUNSET   801 PM CDT


-  INDICATES NEGATIVE NUMBERS.
R  INDICATES RECORD WAS SET OR TIED.
MM INDICATES DATA IS MISSING.
T  INDICATES TRACE AMOUNT.




$$
