000
CDUS43 KDMX 290640 RRA
CLIALO

CLIMATE REPORT
NATIONAL WEATHER SERVICE DES MOINES IA
139 AM CDT WED APR 29 2015


...................................

...THE WATERLOO IA CLIMATE SUMMARY FOR APRIL 28 2015...

CLIMATE NORMAL PERIOD 1981 TO 2010
CLIMATE RECORD PERIOD 1895 TO 2015


WEATHER ITEM   OBSERVED TIME   RECORD YEAR NORMAL DEPARTURE LAST
                VALUE   (LST)  VALUE       VALUE  FROM      YEAR
                                                  NORMAL
..................................................................
TEMPERATURE (F)
 YESTERDAY
  MAXIMUM         73    347 PM  89    1970  66      7       51
  MINIMUM         34    357 AM  25    1950  42     -8       46
  AVERAGE         54                        54      0       49

PRECIPITATION (IN)
  YESTERDAY        0.00          1.19 1899   0.15  -0.15     0.09
  MONTH TO DATE    3.38                      3.42  -0.04     6.77
  SINCE MAR 1      3.98                      5.48  -1.50     8.27
  SINCE JAN 1      6.02                      7.30  -1.28    10.90

SNOWFALL (IN)
  YESTERDAY        0.0           T    1994   0.0    0.0      0.0
  MONTH TO DATE    T                         1.8   -1.8      0.4
  SINCE MAR 1      0.7                       6.4   -5.7      6.2
  SINCE JUL 1     29.2                      35.3   -6.1     57.1
  SNOW DEPTH       0

DEGREE DAYS
 HEATING
  YESTERDAY       11                        11      0       16
  MONTH TO DATE  432                       470    -38      516
  SINCE MAR 1   1341                      1376    -35     1648
  SINCE JUL 1   7102                      6795    307     8056

 COOLING
  YESTERDAY        0                         0      0        0
  MONTH TO DATE    0                         0      0        2
  SINCE MAR 1      0                         0      0        2
  SINCE JAN 1      0                         0      0        2
..................................................................


WIND (MPH)
  HIGHEST WIND SPEED    25   HIGHEST WIND DIRECTION     N (350)
  HIGHEST GUST SPEED    30   HIGHEST GUST DIRECTION     N (350)
  AVERAGE WIND SPEED     7.2


SKY COVER
  POSSIBLE SUNSHINE  MM
  AVERAGE SKY COVER 0.2


WEATHER CONDITIONS
 THE FOLLOWING WEATHER WAS RECORDED YESTERDAY.
  NO SIGNIFICANT WEATHER WAS OBSERVED.


RELATIVE HUMIDITY (PERCENT)
 HIGHEST    92           400 AM
 LOWEST     20           100 PM
 AVERAGE    56

..........................................................


THE WATERLOO IA CLIMATE NORMALS FOR TODAY
                         NORMAL    RECORD    YEAR
 MAXIMUM TEMPERATURE (F)   66        89      2007
                                             1952
 MINIMUM TEMPERATURE (F)   43        25      2011
                                             2008
                                             1958


SUNRISE AND SUNSET
APRIL 29 2015.........SUNRISE   607 AM CDT   SUNSET   807 PM CDT
APRIL 30 2015.........SUNRISE   606 AM CDT   SUNSET   808 PM CDT


-  INDICATES NEGATIVE NUMBERS.
R  INDICATES RECORD WAS SET OR TIED.
MM INDICATES DATA IS MISSING.
T  INDICATES TRACE AMOUNT.




$$
