000
CDUS43 KDMX 120638 RRA
CLIALO

CLIMATE REPORT
NATIONAL WEATHER SERVICE DES MOINES IA
138 AM CDT SUN APR 12 2015

...................................

...THE WATERLOO IA CLIMATE SUMMARY FOR APRIL 11 2015...

CLIMATE NORMAL PERIOD 1981 TO 2010
CLIMATE RECORD PERIOD 1895 TO 2015


WEATHER ITEM   OBSERVED TIME   RECORD YEAR NORMAL DEPARTURE LAST
                VALUE   (LST)  VALUE       VALUE  FROM      YEAR
                                                  NORMAL
..................................................................
TEMPERATURE (F)
 YESTERDAY
  MAXIMUM         69    412 PM  87    1930  59     10       74
  MINIMUM         27    542 AM  16    2004  35     -8       28
  AVERAGE         48                        47      1       51

PRECIPITATION (IN)
  YESTERDAY        0.00          1.15 1961   0.12  -0.12     0.00
  MONTH TO DATE    1.69                      1.14   0.55     0.91
  SINCE MAR 1      2.29                      3.20  -0.91     2.41
  SINCE JAN 1      4.33                      5.02  -0.69     5.04

SNOWFALL (IN)
  YESTERDAY        0.0           4.3  2007   0.1   -0.1      0.0
  MONTH TO DATE    T                         1.0   -1.0       T
  SINCE MAR 1      0.7                       5.6   -4.9      5.8
  SINCE JUL 1     29.2                      34.5   -5.3     56.7
  SNOW DEPTH       0

DEGREE DAYS
 HEATING
  YESTERDAY       17                        18     -1       14
  MONTH TO DATE  193                       222    -29      236
  SINCE MAR 1   1102                      1128    -26     1368
  SINCE JUL 1   6863                      6547    316     7776

 COOLING
  YESTERDAY        0                         0      0        0
  MONTH TO DATE    0                         0      0        0
  SINCE MAR 1      0                         0      0        0
  SINCE JAN 1      0                         0      0        0
..................................................................


WIND (MPH)
  HIGHEST WIND SPEED    20   HIGHEST WIND DIRECTION     S (180)
  HIGHEST GUST SPEED    24   HIGHEST GUST DIRECTION    SE (150)
  AVERAGE WIND SPEED    10.0


SKY COVER
  POSSIBLE SUNSHINE  MM
  AVERAGE SKY COVER 0.0


WEATHER CONDITIONS
 THE FOLLOWING WEATHER WAS RECORDED YESTERDAY.
  FOG


RELATIVE HUMIDITY (PERCENT)
 HIGHEST   100           300 AM
 LOWEST     27           400 PM
 AVERAGE    64

..........................................................


THE WATERLOO IA CLIMATE NORMALS FOR TODAY
                         NORMAL    RECORD    YEAR
 MAXIMUM TEMPERATURE (F)   59        87      1925
 MINIMUM TEMPERATURE (F)   36        18      1940
                                             1939


SUNRISE AND SUNSET
APRIL 12 2015.........SUNRISE   634 AM CDT   SUNSET   748 PM CDT
APRIL 13 2015.........SUNRISE   632 AM CDT   SUNSET   749 PM CDT


-  INDICATES NEGATIVE NUMBERS.
R  INDICATES RECORD WAS SET OR TIED.
MM INDICATES DATA IS MISSING.
T  INDICATES TRACE AMOUNT.

$$

SMALL
