000
CDUS43 KDMX 102228 RRA
CLIALO

CLIMATE REPORT
NATIONAL WEATHER SERVICE DES MOINES IA
527 PM CDT FRI APR 10 2015


...................................

...THE WATERLOO IA CLIMATE SUMMARY FOR APRIL 10 2015...
VALID TODAY AS OF 0500 PM LOCAL TIME.

CLIMATE NORMAL PERIOD 1981 TO 2010
CLIMATE RECORD PERIOD 1895 TO 2015


WEATHER ITEM   OBSERVED TIME   RECORD YEAR NORMAL DEPARTURE LAST
                VALUE   (LST)  VALUE       VALUE  FROM      YEAR
                                                  NORMAL
..................................................................
TEMPERATURE (F)
 TODAY
  MAXIMUM         51    355 PM  92    1930  58     -7       64
  MINIMUM         34    437 AM  18    1960  35     -1       38
  AVERAGE         43                        47     -4       51

PRECIPITATION (IN)
  TODAY            0.00          1.31 2008   0.11  -0.11     0.00
  MONTH TO DATE    1.69                      1.02   0.67     0.91
  SINCE MAR 1      2.29                      3.08  -0.79     2.41
  SINCE JAN 1      4.33                      4.90  -0.57     5.04

SNOWFALL (IN)
  TODAY            0.0           1.0  1952   0.0    0.0      0.0
  MONTH TO DATE    T                         0.9   -0.9       T
  SINCE MAR 1      0.7                       5.5   -4.8      5.8
  SINCE JUL 1     29.2                      34.4   -5.2     56.7
  SNOW DEPTH       0

DEGREE DAYS
 HEATING
  TODAY           22                        19      3       14
  MONTH TO DATE  175                       204    -29      222
  SINCE MAR 1   1084                      1110    -26     1354
  SINCE JUL 1   6845                      6529    316     7762

 COOLING
  TODAY            0                         0      0        0
  MONTH TO DATE    0                         0      0        0
  SINCE MAR 1      0                         0      0        0
  SINCE JAN 1      0                         0      0        0
..................................................................


WIND (MPH)
  HIGHEST WIND SPEED    35   HIGHEST WIND DIRECTION    NW (310)
  HIGHEST GUST SPEED    45   HIGHEST GUST DIRECTION    NW (300)
  AVERAGE WIND SPEED    16.4


SKY COVER
  POSSIBLE SUNSHINE  MM
  AVERAGE SKY COVER 0.3


WEATHER CONDITIONS
 THE FOLLOWING WEATHER WAS RECORDED TODAY.
  NO SIGNIFICANT WEATHER WAS OBSERVED.


RELATIVE HUMIDITY (PERCENT)
 HIGHEST   100          1200 AM
 LOWEST     49          1100 AM
 AVERAGE    75

..........................................................


THE WATERLOO IA CLIMATE NORMALS FOR TOMORROW
                         NORMAL    RECORD    YEAR
 MAXIMUM TEMPERATURE (F)   59        87      1930
 MINIMUM TEMPERATURE (F)   35        16      2004


SUNRISE AND SUNSET
APRIL 10 2015.........SUNRISE   637 AM CDT   SUNSET   746 PM CDT
APRIL 11 2015.........SUNRISE   635 AM CDT   SUNSET   747 PM CDT


-  INDICATES NEGATIVE NUMBERS.
R  INDICATES RECORD WAS SET OR TIED.
MM INDICATES DATA IS MISSING.
T  INDICATES TRACE AMOUNT.




$$
