000
CDUS43 KDMX 100634 RRB
CLIALO

CLIMATE REPORT
NATIONAL WEATHER SERVICE DES MOINES IA
134 AM CDT FRI APR 10 2015

...................................

...THE WATERLOO IA CLIMATE SUMMARY FOR APRIL 9 2015...

CLIMATE NORMAL PERIOD 1981 TO 2010
CLIMATE RECORD PERIOD 1895 TO 2015


WEATHER ITEM   OBSERVED TIME   RECORD YEAR NORMAL DEPARTURE LAST
                VALUE   (LST)  VALUE       VALUE  FROM      YEAR
                                                  NORMAL
..................................................................
TEMPERATURE (F)
 YESTERDAY
  MAXIMUM         53   1157 AM  81    1934  58     -5       71
  MINIMUM         34    942 PM  11    2003  35     -1       25
  AVERAGE         44                        46     -2       48

PRECIPITATION (IN)
  YESTERDAY        0.60          1.44 2013   0.11   0.49     0.00
  MONTH TO DATE    1.69                      0.91   0.78     0.91
  SINCE MAR 1      2.29                      2.97  -0.68     2.41
  SINCE JAN 1      4.33                      4.79  -0.46     5.04

SNOWFALL (IN)
  YESTERDAY        T             6.2  1973   0.1   -0.1      0.0
  MONTH TO DATE    T                         0.9   -0.9       T
  SINCE MAR 1      0.7                       5.5   -4.8      5.8
  SINCE JUL 1     29.2                      34.4   -5.2     56.7
  SNOW DEPTH       0

DEGREE DAYS
 HEATING
  YESTERDAY       21                        19      2       17
  MONTH TO DATE  153                       185    -32      208
  SINCE MAR 1   1062                      1091    -29     1340
  SINCE JUL 1   6823                      6510    313     7748

 COOLING
  YESTERDAY        0                         0      0        0
  MONTH TO DATE    0                         0      0        0
  SINCE MAR 1      0                         0      0        0
  SINCE JAN 1      0                         0      0        0
..................................................................


WIND (MPH)
  HIGHEST WIND SPEED    28   HIGHEST WIND DIRECTION    NW (320)
  HIGHEST GUST SPEED    35   HIGHEST GUST DIRECTION    NW (310)
  AVERAGE WIND SPEED    13.7


SKY COVER
  POSSIBLE SUNSHINE  MM
  AVERAGE SKY COVER 1.0


WEATHER CONDITIONS
 THE FOLLOWING WEATHER WAS RECORDED YESTERDAY.
  THUNDERSTORM
  HEAVY RAIN
  RAIN
  LIGHT RAIN
  LIGHT SNOW
  FOG
  FOG W/VISIBILITY <= 1/4 MILE
  HAZE


RELATIVE HUMIDITY (PERCENT)
 HIGHEST   100           100 AM
 LOWEST     89          1200 PM
 AVERAGE    95

..........................................................


THE WATERLOO IA CLIMATE NORMALS FOR TODAY
                         NORMAL    RECORD    YEAR
 MAXIMUM TEMPERATURE (F)   58        92      1930
 MINIMUM TEMPERATURE (F)   35        18      1960


SUNRISE AND SUNSET
APRIL 10 2015.........SUNRISE   637 AM CDT   SUNSET   746 PM CDT
APRIL 11 2015.........SUNRISE   635 AM CDT   SUNSET   747 PM CDT


-  INDICATES NEGATIVE NUMBERS.
R  INDICATES RECORD WAS SET OR TIED.
MM INDICATES DATA IS MISSING.
T  INDICATES TRACE AMOUNT.

$$

SMALL
