000
CDUS43 KDMX 250655
CLIALO

CLIMATE REPORT
NATIONAL WEATHER SERVICE DES MOINES IA
146 AM CDT SAT APR 25 2015


...................................

...THE WATERLOO IA CLIMATE SUMMARY FOR APRIL 24 2015...

CLIMATE NORMAL PERIOD 1981 TO 2010
CLIMATE RECORD PERIOD 1895 TO 2015


WEATHER ITEM   OBSERVED TIME   RECORD YEAR NORMAL DEPARTURE LAST
                VALUE   (LST)  VALUE       VALUE  FROM      YEAR
                                                  NORMAL
..................................................................
TEMPERATURE (F)
 YESTERDAY
  MAXIMUM         47    811 AM  90    1939  64    -17       51
  MINIMUM         38    101 AM  20    1956  41     -3       40
  AVERAGE         43                        52     -9       46

PRECIPITATION (IN)
  YESTERDAY        0.47          1.90 2008   0.14   0.33     0.53
  MONTH TO DATE    3.38                      2.85   0.53     5.74
  SINCE MAR 1      3.98                      4.91  -0.93     7.24
  SINCE JAN 1      6.02                      6.73  -0.71     9.87

SNOWFALL (IN)
  YESTERDAY        0.0           0.5  1910   0.0    0.0      0.0
  MONTH TO DATE    T                         1.7   -1.7      0.4
  SINCE MAR 1      0.7                       6.3   -5.6      6.2
  SINCE JUL 1     29.2                      35.2   -6.0     57.1
  SNOW DEPTH       0

DEGREE DAYS
 HEATING
  YESTERDAY       22                        13      9       19
  MONTH TO DATE  369                       422    -53      462
  SINCE MAR 1   1278                      1328    -50     1594
  SINCE JUL 1   7039                      6747    292     8002

 COOLING
  YESTERDAY        0                         0      0        0
  MONTH TO DATE    0                         0      0        2
  SINCE MAR 1      0                         0      0        2
  SINCE JAN 1      0                         0      0        2
..................................................................


WIND (MPH)
  HIGHEST WIND SPEED    25   HIGHEST WIND DIRECTION    SE (120)
  HIGHEST GUST SPEED    31   HIGHEST GUST DIRECTION    SE (120)
  AVERAGE WIND SPEED    14.0


SKY COVER
  POSSIBLE SUNSHINE  MM
  AVERAGE SKY COVER 0.9


WEATHER CONDITIONS
 THE FOLLOWING WEATHER WAS RECORDED YESTERDAY.
  THUNDERSTORM
  HEAVY RAIN
  RAIN
  LIGHT RAIN
  FOG
  HAZE


RELATIVE HUMIDITY (PERCENT)
 HIGHEST    89           300 PM
 LOWEST     40           400 AM
 AVERAGE    65

..........................................................


THE WATERLOO IA CLIMATE NORMALS FOR TODAY
                         NORMAL    RECORD    YEAR
 MAXIMUM TEMPERATURE (F)   65        90      1949
 MINIMUM TEMPERATURE (F)   41        21      1934


SUNRISE AND SUNSET
APRIL 25 2015.........SUNRISE   613 AM CDT   SUNSET   803 PM CDT
APRIL 26 2015.........SUNRISE   612 AM CDT   SUNSET   804 PM CDT


-  INDICATES NEGATIVE NUMBERS.
R  INDICATES RECORD WAS SET OR TIED.
MM INDICATES DATA IS MISSING.
T  INDICATES TRACE AMOUNT.




$$
