000
CDUS43 KDMX 232226 RRA
CLIALO

CLIMATE REPORT
NATIONAL WEATHER SERVICE DES MOINES IA
525 PM CDT THU APR 23 2015


...................................

...THE WATERLOO IA CLIMATE SUMMARY FOR APRIL 23 2015...
VALID TODAY AS OF 0500 PM LOCAL TIME.

CLIMATE NORMAL PERIOD 1981 TO 2010
CLIMATE RECORD PERIOD 1895 TO 2015


WEATHER ITEM   OBSERVED TIME   RECORD YEAR NORMAL DEPARTURE LAST
                VALUE   (LST)  VALUE       VALUE  FROM      YEAR
                                                  NORMAL
..................................................................
TEMPERATURE (F)
 TODAY
  MAXIMUM         58    330 PM  89    1925  64     -6       50
  MINIMUM         26    453 AM  19    1927  40    -14       42
  AVERAGE         42                        52    -10       46

PRECIPITATION (IN)
  TODAY            0.00          1.66 1948   0.14  -0.14     0.12
  MONTH TO DATE    2.91                      2.71   0.20     5.21
  SINCE MAR 1      3.51                      4.77  -1.26     6.71
  SINCE JAN 1      5.55                      6.59  -1.04     9.34

SNOWFALL (IN)
  TODAY            0.0           1.5  1910   0.1   -0.1      0.0
  MONTH TO DATE    T                         1.7   -1.7      0.4
  SINCE MAR 1      0.7                       6.3   -5.6      6.2
  SINCE JUL 1     29.2                      35.2   -6.0     57.1
  SNOW DEPTH       0

DEGREE DAYS
 HEATING
  TODAY           23                        13     10       19
  MONTH TO DATE  347                       409    -62      443
  SINCE MAR 1   1256                      1315    -59     1575
  SINCE JUL 1   7017                      6734    283     7983

 COOLING
  TODAY            0                         0      0        0
  MONTH TO DATE    0                         0      0        2
  SINCE MAR 1      0                         0      0        2
  SINCE JAN 1      0                         0      0        2
..................................................................


WIND (MPH)
  HIGHEST WIND SPEED    16   HIGHEST WIND DIRECTION    NW (310)
  HIGHEST GUST SPEED    20   HIGHEST GUST DIRECTION    NW (310)
  AVERAGE WIND SPEED     7.8


SKY COVER
  POSSIBLE SUNSHINE  MM
  AVERAGE SKY COVER 0.0


WEATHER CONDITIONS
 THE FOLLOWING WEATHER WAS RECORDED TODAY.
  NO SIGNIFICANT WEATHER WAS OBSERVED.


RELATIVE HUMIDITY (PERCENT)
 HIGHEST    63           500 AM
 LOWEST     16           300 PM
 AVERAGE    40

..........................................................


THE WATERLOO IA CLIMATE NORMALS FOR TOMORROW
                         NORMAL    RECORD    YEAR
 MAXIMUM TEMPERATURE (F)   64        90      1939
 MINIMUM TEMPERATURE (F)   41        20      1956


SUNRISE AND SUNSET
APRIL 23 2015.........SUNRISE   616 AM CDT   SUNSET   800 PM CDT
APRIL 24 2015.........SUNRISE   615 AM CDT   SUNSET   801 PM CDT


-  INDICATES NEGATIVE NUMBERS.
R  INDICATES RECORD WAS SET OR TIED.
MM INDICATES DATA IS MISSING.
T  INDICATES TRACE AMOUNT.

$$
