000
CDUS43 KDMX 132229 RRA
CLIALO

CLIMATE REPORT
NATIONAL WEATHER SERVICE DES MOINES IA
528 PM CDT MON APR 13 2015


...................................

...THE WATERLOO IA CLIMATE SUMMARY FOR APRIL 13 2015...
VALID TODAY AS OF 0500 PM LOCAL TIME.

CLIMATE NORMAL PERIOD 1981 TO 2010
CLIMATE RECORD PERIOD 1895 TO 2015


WEATHER ITEM   OBSERVED TIME   RECORD YEAR NORMAL DEPARTURE LAST
                VALUE   (LST)  VALUE       VALUE  FROM      YEAR
                                                  NORMAL
..................................................................
TEMPERATURE (F)
 TODAY
  MAXIMUM         65    253 PM  88    1916  60      5       56
  MINIMUM         46    611 AM  18    1950  36     10       33
  AVERAGE         56                        48      8       45

PRECIPITATION (IN)
  TODAY            0.05          1.70 2014   0.13  -0.08     1.70
  MONTH TO DATE    1.77                      1.39   0.38     4.59
  SINCE MAR 1      2.37                      3.45  -1.08     6.09
  SINCE JAN 1      4.41                      5.27  -0.86     8.72

SNOWFALL (IN)
  TODAY            0.0           1.5  1952   0.1   -0.1       T
  MONTH TO DATE    T                         1.2   -1.2       T
  SINCE MAR 1      0.7                       5.8   -5.1      5.8
  SINCE JUL 1     29.2                      34.7   -5.5     56.7
  SNOW DEPTH       0

DEGREE DAYS
 HEATING
  TODAY            9                        17     -8       20
  MONTH TO DATE  209                       257    -48      256
  SINCE MAR 1   1118                      1163    -45     1388
  SINCE JUL 1   6879                      6582    297     7796

 COOLING
  TODAY            0                         0      0        0
  MONTH TO DATE    0                         0      0        1
  SINCE MAR 1      0                         0      0        1
  SINCE JAN 1      0                         0      0        1
..................................................................


WIND (MPH)
  HIGHEST WIND SPEED    30   HIGHEST WIND DIRECTION    NW (320)
  HIGHEST GUST SPEED    40   HIGHEST GUST DIRECTION    NW (320)
  AVERAGE WIND SPEED    15.8


SKY COVER
  POSSIBLE SUNSHINE  MM
  AVERAGE SKY COVER 0.0


WEATHER CONDITIONS
 THE FOLLOWING WEATHER WAS RECORDED TODAY.
  RAIN
  LIGHT RAIN


RELATIVE HUMIDITY (PERCENT)
 HIGHEST    86           400 AM
 LOWEST     19           200 PM
 AVERAGE    53

..........................................................


THE WATERLOO IA CLIMATE NORMALS FOR TOMORROW
                         NORMAL    RECORD    YEAR
 MAXIMUM TEMPERATURE (F)   60        90      2003
 MINIMUM TEMPERATURE (F)   37        18      1928


SUNRISE AND SUNSET
APRIL 13 2015.........SUNRISE   632 AM CDT   SUNSET   749 PM CDT
APRIL 14 2015.........SUNRISE   630 AM CDT   SUNSET   750 PM CDT


-  INDICATES NEGATIVE NUMBERS.
R  INDICATES RECORD WAS SET OR TIED.
MM INDICATES DATA IS MISSING.
T  INDICATES TRACE AMOUNT.




$$
