000
CDUS43 KDMX 052229
CLIALO

CLIMATE REPORT
NATIONAL WEATHER SERVICE DES MOINES IA
528 PM CDT SUN APR 5 2015


...................................

...THE WATERLOO IA CLIMATE SUMMARY FOR APRIL 5 2015...
VALID TODAY AS OF 0500 PM LOCAL TIME.

CLIMATE NORMAL PERIOD 1981 TO 2010
CLIMATE RECORD PERIOD 1895 TO 2015


WEATHER ITEM   OBSERVED TIME   RECORD YEAR NORMAL DEPARTURE LAST
                VALUE   (LST)  VALUE       VALUE  FROM      YEAR
                                                  NORMAL
..................................................................
TEMPERATURE (F)
 TODAY
  MAXIMUM         70    356 PM  84    1991  56     14       52
  MINIMUM         35    642 AM   9    1982  33      2       22
  AVERAGE         53                        44      9       37

PRECIPITATION (IN)
  TODAY            0.00          0.82 1958   0.10  -0.10     0.00
  MONTH TO DATE    0.35                      0.47  -0.12     0.83
  SINCE MAR 1      0.95                      2.53  -1.58     2.33
  SINCE JAN 1      2.99                      4.35  -1.36     4.96

SNOWFALL (IN)
  TODAY            0.0           4.9  1982   0.1   -0.1      0.0
  MONTH TO DATE    0.0                       0.5   -0.5       T
  SINCE MAR 1      0.7                       5.1   -4.4      5.8
  SINCE JUL 1     29.2                      34.0   -4.8     56.7
  SNOW DEPTH       0

DEGREE DAYS
 HEATING
  TODAY           12                        21     -9       28
  MONTH TO DATE   77                       107    -30      141
  SINCE MAR 1    986                      1013    -27     1273
  SINCE JUL 1   6747                      6432    315     7681

 COOLING
  TODAY            0                         0      0        0
  MONTH TO DATE    0                         0      0        0
  SINCE MAR 1      0                         0      0        0
  SINCE JAN 1      0                         0      0        0
..................................................................


WIND (MPH)
  HIGHEST WIND SPEED    21   HIGHEST WIND DIRECTION    SW (220)
  HIGHEST GUST SPEED    28   HIGHEST GUST DIRECTION    SW (230)
  AVERAGE WIND SPEED     9.8


SKY COVER
  POSSIBLE SUNSHINE  MM
  AVERAGE SKY COVER 0.1


WEATHER CONDITIONS
 THE FOLLOWING WEATHER WAS RECORDED TODAY.
  NO SIGNIFICANT WEATHER WAS OBSERVED.


RELATIVE HUMIDITY (PERCENT)
 HIGHEST    76           700 AM
 LOWEST     22           300 PM
 AVERAGE    49

..........................................................


THE WATERLOO IA CLIMATE NORMALS FOR TOMORROW
                         NORMAL    RECORD    YEAR
 MAXIMUM TEMPERATURE (F)   56        88      1991
 MINIMUM TEMPERATURE (F)   33        -4      1982


SUNRISE AND SUNSET
APRIL  5 2015.........SUNRISE   645 AM CDT   SUNSET   740 PM CDT
APRIL  6 2015.........SUNRISE   644 AM CDT   SUNSET   741 PM CDT


-  INDICATES NEGATIVE NUMBERS.
R  INDICATES RECORD WAS SET OR TIED.
MM INDICATES DATA IS MISSING.
T  INDICATES TRACE AMOUNT.

$$
