000
CDUS43 KDMX 160631 RRA
CLIALO

CLIMATE REPORT
NATIONAL WEATHER SERVICE DES MOINES IA
130 AM CDT THU APR 16 2015


...................................

...THE WATERLOO IA CLIMATE SUMMARY FOR APRIL 15 2015...

CLIMATE NORMAL PERIOD 1981 TO 2010
CLIMATE RECORD PERIOD 1895 TO 2015


WEATHER ITEM   OBSERVED TIME   RECORD YEAR NORMAL DEPARTURE LAST
                VALUE   (LST)  VALUE       VALUE  FROM      YEAR
                                                  NORMAL
..................................................................
TEMPERATURE (F)
 YESTERDAY
  MAXIMUM         69    242 PM  91    2002  61      8       38
  MINIMUM         39    328 AM  15    1928  37      2       22
  AVERAGE         54                        49      5       30

PRECIPITATION (IN)
  YESTERDAY        0.00          1.14 1966   0.12  -0.12     0.00
  MONTH TO DATE    1.79                      1.64   0.15     4.70
  SINCE MAR 1      2.39                      3.70  -1.31     6.20
  SINCE JAN 1      4.43                      5.52  -1.09     8.83

SNOWFALL (IN)
  YESTERDAY        0.0           4.0  1949   0.1   -0.1      0.0
  MONTH TO DATE    T                         1.3   -1.3      0.4
  SINCE MAR 1      0.7                       5.9   -5.2      6.2
  SINCE JUL 1     29.2                      34.8   -5.6     57.1
  SNOW DEPTH       0

DEGREE DAYS
 HEATING
  YESTERDAY       11                        17     -6       35
  MONTH TO DATE  239                       291    -52      324
  SINCE MAR 1   1148                      1197    -49     1456
  SINCE JUL 1   6909                      6616    293     7864

 COOLING
  YESTERDAY        0                         0      0        0
  MONTH TO DATE    0                         0      0        1
  SINCE MAR 1      0                         0      0        1
  SINCE JAN 1      0                         0      0        1
..................................................................


WIND (MPH)
  HIGHEST WIND SPEED    25   HIGHEST WIND DIRECTION    SE (130)
  HIGHEST GUST SPEED    31   HIGHEST GUST DIRECTION    SE (130)
  AVERAGE WIND SPEED    12.5


SKY COVER
  POSSIBLE SUNSHINE  MM
  AVERAGE SKY COVER 0.0


WEATHER CONDITIONS
 THE FOLLOWING WEATHER WAS RECORDED YESTERDAY.
  NO SIGNIFICANT WEATHER WAS OBSERVED.


RELATIVE HUMIDITY (PERCENT)
 HIGHEST    76           400 AM
 LOWEST     26           100 PM
 AVERAGE    51

..........................................................


THE WATERLOO IA CLIMATE NORMALS FOR TODAY
                         NORMAL    RECORD    YEAR
 MAXIMUM TEMPERATURE (F)   61        88      2004
                                             2002
 MINIMUM TEMPERATURE (F)   37        19      1949
                                             1904


SUNRISE AND SUNSET
APRIL 16 2015.........SUNRISE   627 AM CDT   SUNSET   752 PM CDT
APRIL 17 2015.........SUNRISE   626 AM CDT   SUNSET   754 PM CDT


-  INDICATES NEGATIVE NUMBERS.
R  INDICATES RECORD WAS SET OR TIED.
MM INDICATES DATA IS MISSING.
T  INDICATES TRACE AMOUNT.




$$
