000
CDUS43 KDMX 060646
CLIMCW

CLIMATE REPORT
NATIONAL WEATHER SERVICE DES MOINES IA
146 AM CDT WED MAY 6 2015

...................................

...THE MASON CITY IA CLIMATE SUMMARY FOR MAY 5 2015...

CLIMATE NORMAL PERIOD 1981 TO 2010
CLIMATE RECORD PERIOD 1893 TO 2015


WEATHER ITEM   OBSERVED TIME   RECORD YEAR NORMAL DEPARTURE LAST
                VALUE   (LST)  VALUE       VALUE  FROM      YEAR
                                                  NORMAL
..................................................................
TEMPERATURE (F)
 YESTERDAY
  MAXIMUM         57    437 AM  91    1924  67    -10       66
  MINIMUM         53    900 AM  24    1900  43     10       42
  AVERAGE         55                        55      0       54

PRECIPITATION (IN)
  YESTERDAY        0.22          1.40 1982   0.14   0.08     0.00
  MONTH TO DATE    0.61                      0.71  -0.10     0.16
  SINCE MAR 1      6.21                      6.69  -0.48     8.85
  SINCE JAN 1      8.28                      8.51  -0.23    11.87

SNOWFALL (IN)
  YESTERDAY        0.0           2.0  1944   0.0    0.0      0.0
  MONTH TO DATE    0.0                       0.1   -0.1      0.0
  SINCE MAR 1      4.2                       8.8   -4.6     11.9
  SINCE JUL 1     40.0                      41.3   -1.3     58.0
  SNOW DEPTH       0

DEGREE DAYS
 HEATING
  YESTERDAY       10                        11     -1       11
  MONTH TO DATE   33                        57    -24       78
  SINCE MAR 1   1448                      1606   -158     1896
  SINCE JUL 1   7511                      7457     54     8442

 COOLING
  YESTERDAY        0                         0      0        0
  MONTH TO DATE    5                         0      5        0
  SINCE MAR 1      5                         5      0        0
  SINCE JAN 1      5                         5      0        0
..................................................................


WIND (MPH)
  HIGHEST WIND SPEED    20   HIGHEST WIND DIRECTION     E (90)
  HIGHEST GUST SPEED    27   HIGHEST GUST DIRECTION     E (90)
  AVERAGE WIND SPEED    12.5


SKY COVER
  POSSIBLE SUNSHINE  MM
  AVERAGE SKY COVER 1.0


WEATHER CONDITIONS
 THE FOLLOWING WEATHER WAS RECORDED YESTERDAY.
  RAIN
  LIGHT RAIN
  FOG
  FOG W/VISIBILITY <= 1/4 MILE


RELATIVE HUMIDITY (PERCENT)
 HIGHEST   100           800 AM
 LOWEST     57          1200 AM
 AVERAGE    79

..........................................................


THE MASON CITY IA CLIMATE NORMALS FOR TODAY
                         NORMAL    RECORD    YEAR
 MAXIMUM TEMPERATURE (F)   67        95      1934
 MINIMUM TEMPERATURE (F)   43        25      1974


SUNRISE AND SUNSET
MAY  6 2015...........SUNRISE   600 AM CDT   SUNSET   820 PM CDT
MAY  7 2015...........SUNRISE   559 AM CDT   SUNSET   821 PM CDT


-  INDICATES NEGATIVE NUMBERS.
R  INDICATES RECORD WAS SET OR TIED.
MM INDICATES DATA IS MISSING.
T  INDICATES TRACE AMOUNT.

$$

SMALL
