000
CDUS43 KDMX 300643 RRA
CLIMCW

CLIMATE REPORT
NATIONAL WEATHER SERVICE DES MOINES IA
138 AM CDT THU APR 30 2015


...................................

...THE MASON CITY IA CLIMATE SUMMARY FOR APRIL 29 2015...

CLIMATE NORMAL PERIOD 1981 TO 2010
CLIMATE RECORD PERIOD 1893 TO 2015


WEATHER ITEM   OBSERVED TIME   RECORD YEAR NORMAL DEPARTURE LAST
                VALUE   (LST)  VALUE       VALUE  FROM      YEAR
                                                  NORMAL
..................................................................
TEMPERATURE (F)
 YESTERDAY
  MAXIMUM         70    329 PM  91    2007  65      5       43
  MINIMUM         41   1204 AM  22    2008  40      1       33
                                      1958
  AVERAGE         56                        52      4       38

PRECIPITATION (IN)
  YESTERDAY        0.00          1.83 1984   0.14  -0.14     0.33
  MONTH TO DATE    4.53                      3.61   0.92     7.29
  SINCE MAR 1      5.60                      5.84  -0.24     8.50
  SINCE JAN 1      7.67                      7.66   0.01    11.52

SNOWFALL (IN)
  YESTERDAY        0.0          13.0  1917   0.0    0.0       T
  MONTH TO DATE    0.6                       2.7   -2.1      5.0
  SINCE MAR 1      4.2                       8.7   -4.5     11.9
  SINCE JUL 1     40.0                      41.2   -1.2     58.0
  SNOW DEPTH       0

DEGREE DAYS
 HEATING
  YESTERDAY        9                        13     -4       27
  MONTH TO DATE  483                       543    -60      595
  SINCE MAR 1   1404                      1537   -133     1790
  SINCE JUL 1   7467                      7388     79     8336

 COOLING
  YESTERDAY        0                         0      0        0
  MONTH TO DATE    0                         0      0        0
  SINCE MAR 1      0                         0      0        0
  SINCE JAN 1      0                         0      0        0
..................................................................


WIND (MPH)
  HIGHEST WIND SPEED    22   HIGHEST WIND DIRECTION     N (20)
  HIGHEST GUST SPEED    34   HIGHEST GUST DIRECTION     N (360)
  AVERAGE WIND SPEED    11.4


SKY COVER
  POSSIBLE SUNSHINE  MM
  AVERAGE SKY COVER 0.0


WEATHER CONDITIONS
 THE FOLLOWING WEATHER WAS RECORDED YESTERDAY.
  NO SIGNIFICANT WEATHER WAS OBSERVED.


RELATIVE HUMIDITY (PERCENT)
 HIGHEST    89           100 AM
 LOWEST     22           300 PM
 AVERAGE    56

..........................................................


THE MASON CITY IA CLIMATE NORMALS FOR TODAY
                         NORMAL    RECORD    YEAR
 MAXIMUM TEMPERATURE (F)   65        89      2007
 MINIMUM TEMPERATURE (F)   41        24      1908


SUNRISE AND SUNSET
APRIL 30 2015.........SUNRISE   609 AM CDT   SUNSET   813 PM CDT
MAY  1 2015...........SUNRISE   607 AM CDT   SUNSET   814 PM CDT


-  INDICATES NEGATIVE NUMBERS.
R  INDICATES RECORD WAS SET OR TIED.
MM INDICATES DATA IS MISSING.
T  INDICATES TRACE AMOUNT.




$$
