000
CDUS43 KDMX 290641 RRA
CLIMCW

CLIMATE REPORT
NATIONAL WEATHER SERVICE DES MOINES IA
139 AM CDT WED APR 29 2015


...................................

...THE MASON CITY IA CLIMATE SUMMARY FOR APRIL 28 2015...

CLIMATE NORMAL PERIOD 1981 TO 2010
CLIMATE RECORD PERIOD 1893 TO 2015


WEATHER ITEM   OBSERVED TIME   RECORD YEAR NORMAL DEPARTURE LAST
                VALUE   (LST)  VALUE       VALUE  FROM      YEAR
                                                  NORMAL
..................................................................
TEMPERATURE (F)
 YESTERDAY
  MAXIMUM         72    128 PM  92    1970  64      8       48
  MINIMUM         34    506 AM  25    1928  40     -6       43
  AVERAGE         53                        52      1       46

PRECIPITATION (IN)
  YESTERDAY        T             1.32 1963   0.14  -0.14     0.93
  MONTH TO DATE    4.53                      3.47   1.06     6.96
  SINCE MAR 1      5.60                      5.70  -0.10     8.17
  SINCE JAN 1      7.67                      7.52   0.15    11.19

SNOWFALL (IN)
  YESTERDAY        0.0           1.7  1917   0.1   -0.1      0.0
  MONTH TO DATE    0.6                       2.7   -2.1      5.0
  SINCE MAR 1      4.2                       8.7   -4.5     11.9
  SINCE JUL 1     40.0                      41.2   -1.2     58.0
  SNOW DEPTH       0

DEGREE DAYS
 HEATING
  YESTERDAY       12                        13     -1       19
  MONTH TO DATE  474                       530    -56      568
  SINCE MAR 1   1395                      1524   -129     1763
  SINCE JUL 1   7458                      7375     83     8309

 COOLING
  YESTERDAY        0                         0      0        0
  MONTH TO DATE    0                         0      0        0
  SINCE MAR 1      0                         0      0        0
  SINCE JAN 1      0                         0      0        0
..................................................................


WIND (MPH)
  HIGHEST WIND SPEED    24   HIGHEST WIND DIRECTION     N (340)
  HIGHEST GUST SPEED    31   HIGHEST GUST DIRECTION    NW (330)
  AVERAGE WIND SPEED     8.5


SKY COVER
  POSSIBLE SUNSHINE  MM
  AVERAGE SKY COVER 0.2


WEATHER CONDITIONS
 THE FOLLOWING WEATHER WAS RECORDED YESTERDAY.
  NO SIGNIFICANT WEATHER WAS OBSERVED.


RELATIVE HUMIDITY (PERCENT)
 HIGHEST    76           100 AM
 LOWEST     22          1100 AM
 AVERAGE    49

..........................................................


THE MASON CITY IA CLIMATE NORMALS FOR TODAY
                         NORMAL    RECORD    YEAR
 MAXIMUM TEMPERATURE (F)   65        91      2007
 MINIMUM TEMPERATURE (F)   40        22      2008
                                             1958


SUNRISE AND SUNSET
APRIL 29 2015.........SUNRISE   610 AM CDT   SUNSET   812 PM CDT
APRIL 30 2015.........SUNRISE   609 AM CDT   SUNSET   813 PM CDT


-  INDICATES NEGATIVE NUMBERS.
R  INDICATES RECORD WAS SET OR TIED.
MM INDICATES DATA IS MISSING.
T  INDICATES TRACE AMOUNT.




$$
