000
CDUS43 KDMX 250643 RRB
CLIMCW

CLIMATE REPORT
NATIONAL WEATHER SERVICE DES MOINES IA
140 AM CDT WED MAR 25 2015


...................................

...THE MASON CITY IA CLIMATE SUMMARY FOR MARCH 24 2015...

CLIMATE NORMAL PERIOD 1981 TO 2010
CLIMATE RECORD PERIOD 1893 TO 2015


WEATHER ITEM   OBSERVED TIME   RECORD YEAR NORMAL DEPARTURE LAST
                VALUE   (LST)  VALUE       VALUE  FROM      YEAR
                                                  NORMAL
..................................................................
TEMPERATURE (F)
 YESTERDAY
  MAXIMUM         38    130 PM  77    1963  46     -8       33
  MINIMUM         27    708 AM  -6    1974  27      0       17
  AVERAGE         33                        36     -3       25

PRECIPITATION (IN)
  YESTERDAY        0.54          1.29 1996   0.08   0.46     0.09
  MONTH TO DATE    0.85                      1.58  -0.73     0.65
  SINCE MAR 1      0.85                      1.58  -0.73     0.65
  SINCE JAN 1      2.92                      3.40  -0.48     3.67

SNOWFALL (IN)
  YESTERDAY        1.6           9.0  1932   0.2    1.4      1.3
  MONTH TO DATE    3.6                       4.9   -1.3      6.9
  SINCE MAR 1      3.6                       4.9   -1.3      6.9
  SINCE JUL 1     39.4                      37.4    2.0     53.0
  SNOW DEPTH       1

DEGREE DAYS
 HEATING
  YESTERDAY       32                        28      4       40
  MONTH TO DATE  740                       806    -66      990
  SINCE MAR 1    740                       806    -66      990
  SINCE JUL 1   6803                      6657    146     7536

 COOLING
  YESTERDAY        0                         0      0        0
  MONTH TO DATE    0                         0      0        0
  SINCE MAR 1      0                         0      0        0
  SINCE JAN 1      0                         0      0        0
..................................................................


WIND (MPH)
  HIGHEST WIND SPEED    25   HIGHEST WIND DIRECTION    SE (140)
  HIGHEST GUST SPEED    32   HIGHEST GUST DIRECTION    SE (140)
  AVERAGE WIND SPEED    13.7


SKY COVER
  POSSIBLE SUNSHINE  MM
  AVERAGE SKY COVER 0.9


WEATHER CONDITIONS
 THE FOLLOWING WEATHER WAS RECORDED YESTERDAY.
  LIGHT RAIN
  FREEZING RAIN
  LT FREEZING RAIN
  LIGHT SNOW
  FOG
  HAZE


RELATIVE HUMIDITY (PERCENT)
 HIGHEST    92          1000 AM
 LOWEST     70           100 PM
 AVERAGE    81

..........................................................


THE MASON CITY IA CLIMATE NORMALS FOR TODAY
                         NORMAL    RECORD    YEAR
 MAXIMUM TEMPERATURE (F)   47        80      1907
 MINIMUM TEMPERATURE (F)   27         1      1955


SUNRISE AND SUNSET
MARCH 25 2015.........SUNRISE   708 AM CDT   SUNSET   731 PM CDT
MARCH 26 2015.........SUNRISE   706 AM CDT   SUNSET   732 PM CDT


-  INDICATES NEGATIVE NUMBERS.
R  INDICATES RECORD WAS SET OR TIED.
MM INDICATES DATA IS MISSING.
T  INDICATES TRACE AMOUNT.




$$
