000
CDUS43 KDMX 270639 RRA
CLIMCW

CLIMATE REPORT
NATIONAL WEATHER SERVICE DES MOINES IA
135 AM CDT MON APR 27 2015


...................................

...THE MASON CITY IA CLIMATE SUMMARY FOR APRIL 26 2015...

CLIMATE NORMAL PERIOD 1981 TO 2010
CLIMATE RECORD PERIOD 1893 TO 2015


WEATHER ITEM   OBSERVED TIME   RECORD YEAR NORMAL DEPARTURE LAST
                VALUE   (LST)  VALUE       VALUE  FROM      YEAR
                                                  NORMAL
..................................................................
TEMPERATURE (F)
 YESTERDAY
  MAXIMUM         62    428 PM  87    1962  63     -1       63
  MINIMUM         27    445 AM  23    2002  39    -12       40
  AVERAGE         45                        51     -6       52

PRECIPITATION (IN)
  YESTERDAY        0.00          2.14 1988   0.13  -0.13     0.00
  MONTH TO DATE    4.53                      3.19   1.34     5.02
  SINCE MAR 1      5.60                      5.42   0.18     6.23
  SINCE JAN 1      7.67                      7.24   0.43     9.25

SNOWFALL (IN)
  YESTERDAY        0.0           4.6  1988   0.0    0.0      0.0
  MONTH TO DATE    0.6                       2.6   -2.0      5.0
  SINCE MAR 1      4.2                       8.6   -4.4     11.9
  SINCE JUL 1     40.0                      41.1   -1.1     58.0
  SNOW DEPTH       0

DEGREE DAYS
 HEATING
  YESTERDAY       20                        14      6       13
  MONTH TO DATE  447                       503    -56      530
  SINCE MAR 1   1368                      1497   -129     1725
  SINCE JUL 1   7431                      7348     83     8271

 COOLING
  YESTERDAY        0                         0      0        0
  MONTH TO DATE    0                         0      0        0
  SINCE MAR 1      0                         0      0        0
  SINCE JAN 1      0                         0      0        0
..................................................................


WIND (MPH)
  HIGHEST WIND SPEED    15   HIGHEST WIND DIRECTION    NE (30)
  HIGHEST GUST SPEED    18   HIGHEST GUST DIRECTION    NE (60)
  AVERAGE WIND SPEED     5.8


SKY COVER
  POSSIBLE SUNSHINE  MM
  AVERAGE SKY COVER 0.0


WEATHER CONDITIONS
 THE FOLLOWING WEATHER WAS RECORDED YESTERDAY.
  FOG


RELATIVE HUMIDITY (PERCENT)
 HIGHEST    96           100 AM
 LOWEST     25           400 PM
 AVERAGE    61

..........................................................


THE MASON CITY IA CLIMATE NORMALS FOR TODAY
                         NORMAL    RECORD    YEAR
 MAXIMUM TEMPERATURE (F)   64        87      1981
 MINIMUM TEMPERATURE (F)   40        23      1934


SUNRISE AND SUNSET
APRIL 27 2015.........SUNRISE   613 AM CDT   SUNSET   810 PM CDT
APRIL 28 2015.........SUNRISE   611 AM CDT   SUNSET   811 PM CDT


-  INDICATES NEGATIVE NUMBERS.
R  INDICATES RECORD WAS SET OR TIED.
MM INDICATES DATA IS MISSING.
T  INDICATES TRACE AMOUNT.




$$
