000
CDUS43 KDMX 230657
CLIMCW

CLIMATE REPORT
NATIONAL WEATHER SERVICE DES MOINES IA
147 AM CDT THU APR 23 2015


...................................

...THE MASON CITY IA CLIMATE SUMMARY FOR APRIL 22 2015...

CLIMATE NORMAL PERIOD 1981 TO 2010
CLIMATE RECORD PERIOD 1893 TO 2015


WEATHER ITEM   OBSERVED TIME   RECORD YEAR NORMAL DEPARTURE LAST
                VALUE   (LST)  VALUE       VALUE  FROM      YEAR
                                                  NORMAL
..................................................................
TEMPERATURE (F)
 YESTERDAY
  MAXIMUM         51    346 PM  93    1980  62    -11       61
  MINIMUM         29    319 AM  21    1936  38     -9       32
  AVERAGE         40                        50    -10       47

PRECIPITATION (IN)
  YESTERDAY        0.00          1.76 1999   0.13  -0.13     0.00
  MONTH TO DATE    4.07                      2.64   1.43     4.29
  SINCE MAR 1      5.14                      4.87   0.27     5.50
  SINCE JAN 1      7.21                      6.69   0.52     8.52

SNOWFALL (IN)
  YESTERDAY        0.0           3.4  1984   0.0    0.0      0.0
  MONTH TO DATE    0.6                       2.4   -1.8      5.0
  SINCE MAR 1      4.2                       8.4   -4.2     11.9
  SINCE JUL 1     40.0                      40.9   -0.9     58.0
  SNOW DEPTH       0

DEGREE DAYS
 HEATING
  YESTERDAY       25                        16      9       18
  MONTH TO DATE  362                       445    -83      465
  SINCE MAR 1   1283                      1439   -156     1660
  SINCE JUL 1   7346                      7290     56     8206

 COOLING
  YESTERDAY        0                         0      0        0
  MONTH TO DATE    0                         0      0        0
  SINCE MAR 1      0                         0      0        0
  SINCE JAN 1      0                         0      0        0
..................................................................


WIND (MPH)
  HIGHEST WIND SPEED    38   HIGHEST WIND DIRECTION    NW (310)
  HIGHEST GUST SPEED    48   HIGHEST GUST DIRECTION    NW (310)
  AVERAGE WIND SPEED    20.9


SKY COVER
  POSSIBLE SUNSHINE  MM
  AVERAGE SKY COVER 0.0


WEATHER CONDITIONS
 THE FOLLOWING WEATHER WAS RECORDED YESTERDAY.
  NO SIGNIFICANT WEATHER WAS OBSERVED.


RELATIVE HUMIDITY (PERCENT)
 HIGHEST    78           200 AM
 LOWEST     18           400 PM
 AVERAGE    48

..........................................................


THE MASON CITY IA CLIMATE NORMALS FOR TODAY
                         NORMAL    RECORD    YEAR
 MAXIMUM TEMPERATURE (F)   62        90      1924
 MINIMUM TEMPERATURE (F)   38        22      1967


SUNRISE AND SUNSET
APRIL 23 2015.........SUNRISE   619 AM CDT   SUNSET   805 PM CDT
APRIL 24 2015.........SUNRISE   617 AM CDT   SUNSET   806 PM CDT


-  INDICATES NEGATIVE NUMBERS.
R  INDICATES RECORD WAS SET OR TIED.
MM INDICATES DATA IS MISSING.
T  INDICATES TRACE AMOUNT.




$$
