000
CDUS43 KDMX 210634
CLIMCW

CLIMATE REPORT
NATIONAL WEATHER SERVICE DES MOINES IA
132 AM CDT TUE APR 21 2015

...................................

...THE MASON CITY IA CLIMATE SUMMARY FOR APRIL 20 2015...

CLIMATE NORMAL PERIOD 1981 TO 2010
CLIMATE RECORD PERIOD 1893 TO 2015


WEATHER ITEM   OBSERVED TIME   RECORD YEAR NORMAL DEPARTURE LAST
                VALUE   (LST)  VALUE       VALUE  FROM      YEAR
                                                  NORMAL
..................................................................
TEMPERATURE (F)
 YESTERDAY
  MAXIMUM         45    200 PM  85    1985  61    -16       71
  MINIMUM         35   1159 PM  21    1928  37     -2       53
  AVERAGE         40                        49     -9       62

PRECIPITATION (IN)
  YESTERDAY        T             2.46 2014   0.13  -0.13     2.46
  MONTH TO DATE    4.07                      2.37   1.70     4.21
  SINCE MAR 1      5.14                      4.60   0.54     5.42
  SINCE JAN 1      7.21                      6.42   0.79     8.44

SNOWFALL (IN)
  YESTERDAY        0.0           1.8  1993   0.1   -0.1      0.0
  MONTH TO DATE    0.6                       2.3   -1.7      5.0
  SINCE MAR 1      4.2                       8.3   -4.1     11.9
  SINCE JUL 1     40.0                      40.8   -0.8     58.0
  SNOW DEPTH       0

DEGREE DAYS
 HEATING
  YESTERDAY       25                        16      9        3
  MONTH TO DATE  313                       413   -100      438
  SINCE MAR 1   1234                      1407   -173     1633
  SINCE JUL 1   7297                      7258     39     8179

 COOLING
  YESTERDAY        0                         0      0        0
  MONTH TO DATE    0                         0      0        0
  SINCE MAR 1      0                         0      0        0
  SINCE JAN 1      0                         0      0        0
..................................................................


WIND (MPH)
  HIGHEST WIND SPEED    39   HIGHEST WIND DIRECTION    NW (310)
  HIGHEST GUST SPEED    50   HIGHEST GUST DIRECTION    NW (310)
  AVERAGE WIND SPEED    23.7


SKY COVER
  POSSIBLE SUNSHINE  MM
  AVERAGE SKY COVER 0.6


WEATHER CONDITIONS
 THE FOLLOWING WEATHER WAS RECORDED YESTERDAY.
  LIGHT RAIN
  FOG


RELATIVE HUMIDITY (PERCENT)
 HIGHEST    85           400 AM
 LOWEST     62          1000 AM
 AVERAGE    74

..........................................................


THE MASON CITY IA CLIMATE NORMALS FOR TODAY
                         NORMAL    RECORD    YEAR
 MAXIMUM TEMPERATURE (F)   61        93      1980
 MINIMUM TEMPERATURE (F)   37        19      1934


SUNRISE AND SUNSET
APRIL 21 2015.........SUNRISE   622 AM CDT   SUNSET   803 PM CDT
APRIL 22 2015.........SUNRISE   620 AM CDT   SUNSET   804 PM CDT


-  INDICATES NEGATIVE NUMBERS.
R  INDICATES RECORD WAS SET OR TIED.
MM INDICATES DATA IS MISSING.
T  INDICATES TRACE AMOUNT.




$$
