000
CDUS43 KDMX 050629 RRB
CLIMCW

CLIMATE REPORT
NATIONAL WEATHER SERVICE DES MOINES IA
127 AM CDT SUN APR 5 2015


...................................

...THE MASON CITY IA CLIMATE SUMMARY FOR APRIL 4 2015...

CLIMATE NORMAL PERIOD 1981 TO 2010
CLIMATE RECORD PERIOD 1893 TO 2015


WEATHER ITEM   OBSERVED TIME   RECORD YEAR NORMAL DEPARTURE LAST
                VALUE   (LST)  VALUE       VALUE  FROM      YEAR
                                                  NORMAL
..................................................................
TEMPERATURE (F)
 YESTERDAY
  MAXIMUM         61    422 PM  82    2005  53      8       40
  MINIMUM         24   1249 AM   9    1995  31     -7       26
  AVERAGE         43                        42      1       33

PRECIPITATION (IN)
  YESTERDAY        T             1.10 1928   0.11  -0.11     0.35
  MONTH TO DATE    0.75                      0.41   0.34     0.58
  SINCE MAR 1      1.82                      2.64  -0.82     1.79
  SINCE JAN 1      3.89                      4.46  -0.57     4.81

SNOWFALL (IN)
  YESTERDAY        0.0           7.5  1945   0.2   -0.2      4.0
  MONTH TO DATE    0.0                       0.6   -0.6      4.0
  SINCE MAR 1      3.6                       6.6   -3.0     10.9
  SINCE JUL 1     39.4                      39.1    0.3     57.0
  SNOW DEPTH       0

DEGREE DAYS
 HEATING
  YESTERDAY       22                        24     -2       32
  MONTH TO DATE   72                        97    -25      124
  SINCE MAR 1    993                      1091    -98     1319
  SINCE JUL 1   7056                      6942    114     7865

 COOLING
  YESTERDAY        0                         0      0        0
  MONTH TO DATE    0                         0      0        0
  SINCE MAR 1      0                         0      0        0
  SINCE JAN 1      0                         0      0        0
..................................................................


WIND (MPH)
  HIGHEST WIND SPEED    29   HIGHEST WIND DIRECTION    SW (230)
  HIGHEST GUST SPEED    37   HIGHEST GUST DIRECTION    SW (230)
  AVERAGE WIND SPEED    11.1


SKY COVER
  POSSIBLE SUNSHINE  MM
  AVERAGE SKY COVER 0.4


WEATHER CONDITIONS
 THE FOLLOWING WEATHER WAS RECORDED YESTERDAY.
  NO SIGNIFICANT WEATHER WAS OBSERVED.


RELATIVE HUMIDITY (PERCENT)
 HIGHEST    74           100 AM
 LOWEST     22           400 PM
 AVERAGE    48

..........................................................


THE MASON CITY IA CLIMATE NORMALS FOR TODAY
                         NORMAL    RECORD    YEAR
 MAXIMUM TEMPERATURE (F)   53        84      1991
 MINIMUM TEMPERATURE (F)   31        10      1926


SUNRISE AND SUNSET
APRIL  5 2015.........SUNRISE   649 AM CDT   SUNSET   744 PM CDT
APRIL  6 2015.........SUNRISE   647 AM CDT   SUNSET   745 PM CDT


-  INDICATES NEGATIVE NUMBERS.
R  INDICATES RECORD WAS SET OR TIED.
MM INDICATES DATA IS MISSING.
T  INDICATES TRACE AMOUNT.


$$
