000
CDUS43 KDMX 130644 RRA
CLIMCW

CLIMATE REPORT
NATIONAL WEATHER SERVICE DES MOINES IA
144 AM CDT MON APR 13 2015

...................................

...THE MASON CITY IA CLIMATE SUMMARY FOR APRIL 12 2015...

CLIMATE NORMAL PERIOD 1981 TO 2010
CLIMATE RECORD PERIOD 1893 TO 2015


WEATHER ITEM   OBSERVED TIME   RECORD YEAR NORMAL DEPARTURE LAST
                VALUE   (LST)  VALUE       VALUE  FROM      YEAR
                                                  NORMAL
..................................................................
TEMPERATURE (F)
 YESTERDAY
  MAXIMUM         72    107 PM  84    1985  57     15       75
  MINIMUM         46    629 AM  16    1939  34     12       46
  AVERAGE         59                        45     14       61

PRECIPITATION (IN)
  YESTERDAY        T             1.38 2010   0.13  -0.13     0.03
  MONTH TO DATE    2.37                      1.34   1.03     0.71
  SINCE MAR 1      3.44                      3.57  -0.13     1.92
  SINCE JAN 1      5.51                      5.39   0.12     4.94

SNOWFALL (IN)
  YESTERDAY        0.0           2.0  1952   0.1   -0.1      0.0
  MONTH TO DATE    0.6                       1.5   -0.9      4.0
  SINCE MAR 1      4.2                       7.5   -3.3     10.9
  SINCE JUL 1     40.0                      40.0    0.0     57.0
  SNOW DEPTH       0

DEGREE DAYS
 HEATING
  YESTERDAY        6                        20    -14        4
  MONTH TO DATE  222                       269    -47      257
  SINCE MAR 1   1143                      1263   -120     1452
  SINCE JUL 1   7206                      7114     92     7998

 COOLING
  YESTERDAY        0                         0      0        0
  MONTH TO DATE    0                         0      0        0
  SINCE MAR 1      0                         0      0        0
  SINCE JAN 1      0                         0      0        0
..................................................................


WIND (MPH)
  HIGHEST WIND SPEED    38   HIGHEST WIND DIRECTION    NW (300)
  HIGHEST GUST SPEED    52   HIGHEST GUST DIRECTION    NW (300)
  AVERAGE WIND SPEED    17.5


SKY COVER
  POSSIBLE SUNSHINE  MM
  AVERAGE SKY COVER 0.3


WEATHER CONDITIONS
 THE FOLLOWING WEATHER WAS RECORDED YESTERDAY.
  LIGHT RAIN


RELATIVE HUMIDITY (PERCENT)
 HIGHEST    77           700 AM
 LOWEST     38          1200 PM
 AVERAGE    58

..........................................................


THE MASON CITY IA CLIMATE NORMALS FOR TODAY
                         NORMAL    RECORD    YEAR
 MAXIMUM TEMPERATURE (F)   57        86      2006
 MINIMUM TEMPERATURE (F)   34        18      1950


SUNRISE AND SUNSET
APRIL 13 2015.........SUNRISE   635 AM CDT   SUNSET   753 PM CDT
APRIL 14 2015.........SUNRISE   633 AM CDT   SUNSET   755 PM CDT


-  INDICATES NEGATIVE NUMBERS.
R  INDICATES RECORD WAS SET OR TIED.
MM INDICATES DATA IS MISSING.
T  INDICATES TRACE AMOUNT.

$$

SMALL
