000
CDUS43 KDMX 030636
CLIMCW

CLIMATE REPORT
NATIONAL WEATHER SERVICE DES MOINES IA
133 AM CDT FRI APR 3 2015


...................................

...THE MASON CITY IA CLIMATE SUMMARY FOR APRIL 2 2015...

CLIMATE NORMAL PERIOD 1981 TO 2010
CLIMATE RECORD PERIOD 1893 TO 2015


WEATHER ITEM   OBSERVED TIME   RECORD YEAR NORMAL DEPARTURE LAST
                VALUE   (LST)  VALUE       VALUE  FROM      YEAR
                                                  NORMAL
..................................................................
TEMPERATURE (F)
 YESTERDAY
  MAXIMUM         65    249 PM  83    1981  51     14       47
  MINIMUM         41   1159 PM  11    1899  30     11       26
  AVERAGE         53                        41     12       37

PRECIPITATION (IN)
  YESTERDAY        0.42          1.29 2006   0.10   0.32     0.02
  MONTH TO DATE    0.75                      0.20   0.55     0.02
  SINCE MAR 1      1.82                      2.43  -0.61     1.23
  SINCE JAN 1      3.89                      4.25  -0.36     4.25

SNOWFALL (IN)
  YESTERDAY        0.0           2.0  1979   0.1   -0.1      0.0
  MONTH TO DATE    0.0                       0.3   -0.3       T
  SINCE MAR 1      3.6                       6.3   -2.7      6.9
  SINCE JUL 1     39.4                      38.8    0.6     53.0
  SNOW DEPTH       0

DEGREE DAYS
 HEATING
  YESTERDAY       12                        24    -12       28
  MONTH TO DATE   20                        49    -29       62
  SINCE MAR 1    941                      1043   -102     1257
  SINCE JUL 1   7004                      6894    110     7803

 COOLING
  YESTERDAY        0                         0      0        0
  MONTH TO DATE    0                         0      0        0
  SINCE MAR 1      0                         0      0        0
  SINCE JAN 1      0                         0      0        0
..................................................................


WIND (MPH)
  HIGHEST WIND SPEED    25   HIGHEST WIND DIRECTION     W (280)
  HIGHEST GUST SPEED    31   HIGHEST GUST DIRECTION    NW (320)
  AVERAGE WIND SPEED    14.4


SKY COVER
  POSSIBLE SUNSHINE  MM
  AVERAGE SKY COVER 0.3


WEATHER CONDITIONS
 THE FOLLOWING WEATHER WAS RECORDED YESTERDAY.
  RAIN
  LIGHT RAIN
  FOG


RELATIVE HUMIDITY (PERCENT)
 HIGHEST    93           100 AM
 LOWEST     22           300 PM
 AVERAGE    58

..........................................................


THE MASON CITY IA CLIMATE NORMALS FOR TODAY
                         NORMAL    RECORD    YEAR
 MAXIMUM TEMPERATURE (F)   52        79      1921
 MINIMUM TEMPERATURE (F)   30         9      1954


SUNRISE AND SUNSET
APRIL  3 2015.........SUNRISE   652 AM CDT   SUNSET   742 PM CDT
APRIL  4 2015.........SUNRISE   650 AM CDT   SUNSET   743 PM CDT


-  INDICATES NEGATIVE NUMBERS.
R  INDICATES RECORD WAS SET OR TIED.
MM INDICATES DATA IS MISSING.
T  INDICATES TRACE AMOUNT.

$$
