000
CDUS43 KDMX 150640 RRA
CLIMCW

CLIMATE REPORT
NATIONAL WEATHER SERVICE DES MOINES IA
137 AM CDT WED APR 15 2015


...................................

...THE MASON CITY IA CLIMATE SUMMARY FOR APRIL 14 2015...

CLIMATE NORMAL PERIOD 1981 TO 2010
CLIMATE RECORD PERIOD 1893 TO 2015


WEATHER ITEM   OBSERVED TIME   RECORD YEAR NORMAL DEPARTURE LAST
                VALUE   (LST)  VALUE       VALUE  FROM      YEAR
                                                  NORMAL
..................................................................
TEMPERATURE (F)
 YESTERDAY
  MAXIMUM         70    338 PM  89    2003  58     12       39
  MINIMUM         28    528 AM  17    1928  34     -6       24
  AVERAGE         49                        46      3       32

PRECIPITATION (IN)
  YESTERDAY        0.00          1.60 2013   0.12  -0.12     0.01
  MONTH TO DATE    2.37                      1.59   0.78     1.75
  SINCE MAR 1      3.44                      3.82  -0.38     2.96
  SINCE JAN 1      5.51                      5.64  -0.13     5.98

SNOWFALL (IN)
  YESTERDAY        0.0           8.3  1949   0.1   -0.1      0.0
  MONTH TO DATE    0.6                       1.7   -1.1      5.0
  SINCE MAR 1      4.2                       7.7   -3.5     11.9
  SINCE JUL 1     40.0                      40.2   -0.2     58.0
  SNOW DEPTH       0

DEGREE DAYS
 HEATING
  YESTERDAY       16                        19     -3       33
  MONTH TO DATE  253                       308    -55      316
  SINCE MAR 1   1174                      1302   -128     1511
  SINCE JUL 1   7237                      7153     84     8057

 COOLING
  YESTERDAY        0                         0      0        0
  MONTH TO DATE    0                         0      0        0
  SINCE MAR 1      0                         0      0        0
  SINCE JAN 1      0                         0      0        0
..................................................................


WIND (MPH)
  HIGHEST WIND SPEED    16   HIGHEST WIND DIRECTION     S (160)
  HIGHEST GUST SPEED    21   HIGHEST GUST DIRECTION     S (180)
  AVERAGE WIND SPEED     6.9


SKY COVER
  POSSIBLE SUNSHINE  MM
  AVERAGE SKY COVER 0.0


WEATHER CONDITIONS
 THE FOLLOWING WEATHER WAS RECORDED YESTERDAY.
  NO SIGNIFICANT WEATHER WAS OBSERVED.


RELATIVE HUMIDITY (PERCENT)
 HIGHEST    85           600 AM
 LOWEST     17          1200 PM
 AVERAGE    51

..........................................................


THE MASON CITY IA CLIMATE NORMALS FOR TODAY
                         NORMAL    RECORD    YEAR
 MAXIMUM TEMPERATURE (F)   58        91      2002
 MINIMUM TEMPERATURE (F)   35         6      1928


SUNRISE AND SUNSET
APRIL 15 2015.........SUNRISE   632 AM CDT   SUNSET   756 PM CDT
APRIL 16 2015.........SUNRISE   630 AM CDT   SUNSET   757 PM CDT


-  INDICATES NEGATIVE NUMBERS.
R  INDICATES RECORD WAS SET OR TIED.
MM INDICATES DATA IS MISSING.
T  INDICATES TRACE AMOUNT.




$$
