000
CDUS43 KDMX 280711
CLIMCW

CLIMATE REPORT
NATIONAL WEATHER SERVICE DES MOINES IA
209 AM CDT TUE APR 28 2015


...................................

...THE MASON CITY IA CLIMATE SUMMARY FOR APRIL 27 2015...

CLIMATE NORMAL PERIOD 1981 TO 2010
CLIMATE RECORD PERIOD 1893 TO 2015


WEATHER ITEM   OBSERVED TIME   RECORD YEAR NORMAL DEPARTURE LAST
                VALUE   (LST)  VALUE       VALUE  FROM      YEAR
                                                  NORMAL
..................................................................
TEMPERATURE (F)
 YESTERDAY
  MAXIMUM         68    420 PM  87    1981  64      4       52
  MINIMUM         31    507 AM  23    1934  40     -9       40
  AVERAGE         50                        52     -2       46

PRECIPITATION (IN)
  YESTERDAY        0.00          2.00 1975   0.14  -0.14     1.01
  MONTH TO DATE    4.53                      3.33   1.20     6.03
  SINCE MAR 1      5.60                      5.56   0.04     7.24
  SINCE JAN 1      7.67                      7.38   0.29    10.26

SNOWFALL (IN)
  YESTERDAY        0.0          MM      MM   0.0    0.0      0.0
  MONTH TO DATE    0.6                       2.6   -2.0      5.0
  SINCE MAR 1      4.2                       8.6   -4.4     11.9
  SINCE JUL 1     40.0                      41.1   -1.1     58.0
  SNOW DEPTH       0

DEGREE DAYS
 HEATING
  YESTERDAY       15                        14      1       19
  MONTH TO DATE  462                       517    -55      549
  SINCE MAR 1   1383                      1511   -128     1744
  SINCE JUL 1   7446                      7362     84     8290

 COOLING
  YESTERDAY        0                         0      0        0
  MONTH TO DATE    0                         0      0        0
  SINCE MAR 1      0                         0      0        0
  SINCE JAN 1      0                         0      0        0
..................................................................


WIND (MPH)
  HIGHEST WIND SPEED    18   HIGHEST WIND DIRECTION    NE (40)
  HIGHEST GUST SPEED    24   HIGHEST GUST DIRECTION    NE (30)
  AVERAGE WIND SPEED     8.7


SKY COVER
  POSSIBLE SUNSHINE  MM
  AVERAGE SKY COVER 0.0


WEATHER CONDITIONS
 THE FOLLOWING WEATHER WAS RECORDED YESTERDAY.
  NO SIGNIFICANT WEATHER WAS OBSERVED.


RELATIVE HUMIDITY (PERCENT)
 HIGHEST    78           400 AM
 LOWEST     26           400 PM
 AVERAGE    52

..........................................................


THE MASON CITY IA CLIMATE NORMALS FOR TODAY
                         NORMAL    RECORD    YEAR
 MAXIMUM TEMPERATURE (F)   64        92      1970
 MINIMUM TEMPERATURE (F)   40        25      1928


SUNRISE AND SUNSET
APRIL 28 2015.........SUNRISE   611 AM CDT   SUNSET   811 PM CDT
APRIL 29 2015.........SUNRISE   610 AM CDT   SUNSET   812 PM CDT


-  INDICATES NEGATIVE NUMBERS.
R  INDICATES RECORD WAS SET OR TIED.
MM INDICATES DATA IS MISSING.
T  INDICATES TRACE AMOUNT.




$$
