000
CDUS43 KDMX 280711 RRA
CLIOTM

CLIMATE REPORT
NATIONAL WEATHER SERVICE DES MOINES IA
209 AM CDT TUE APR 28 2015


...................................

...THE OTTUMWA IA CLIMATE SUMMARY FOR APRIL 27 2015...

CLIMATE NORMAL PERIOD 1981 TO 2010
CLIMATE RECORD PERIOD 1920 TO 2015


WEATHER ITEM   OBSERVED TIME   RECORD YEAR NORMAL DEPARTURE LAST
                VALUE   (LST)  VALUE       VALUE  FROM      YEAR
                                                  NORMAL
..................................................................
TEMPERATURE (F)
 YESTERDAY
  MAXIMUM         66    429 PM  86    1981  66      0       78
  MINIMUM         34    540 AM  25    1933  44    -10       45
  AVERAGE         50                        55     -5       62

PRECIPITATION (IN)
  YESTERDAY        0.00          1.84 2002   0.14  -0.14     0.94
  MONTH TO DATE    2.54                      3.00  -0.46     4.17
  SINCE MAR 1      3.00                      5.24  -2.24     5.19
  SINCE JAN 1      4.16                      7.42  -3.26     8.00

DEGREE DAYS
 HEATING
  YESTERDAY       15                        10      5        3
  MONTH TO DATE  322                       406    -84      404
  SINCE MAR 1   1089                      1217   -128     1383
  SINCE JUL 1   6220                      6102    118     6896

 COOLING
  YESTERDAY        0                         1     -1        0
  MONTH TO DATE    1                         7     -6        8
  SINCE MAR 1      1                         8     -7        8
  SINCE JAN 1      1                         8     -7        8
..................................................................


WIND (MPH)
  HIGHEST WIND SPEED    15   HIGHEST WIND DIRECTION    NE (50)
  HIGHEST GUST SPEED    19   HIGHEST GUST DIRECTION    NE (40)
  AVERAGE WIND SPEED     6.4


SKY COVER
  POSSIBLE SUNSHINE  MM
  AVERAGE SKY COVER 0.0


WEATHER CONDITIONS
 THE FOLLOWING WEATHER WAS RECORDED YESTERDAY.
  NO SIGNIFICANT WEATHER WAS OBSERVED.


RELATIVE HUMIDITY (PERCENT)
 HIGHEST    92           400 AM
 LOWEST     31           200 PM
 AVERAGE    62

..........................................................


THE OTTUMWA IA CLIMATE NORMALS FOR TODAY
                         NORMAL    RECORD    YEAR
 MAXIMUM TEMPERATURE (F)   67        90      1970
 MINIMUM TEMPERATURE (F)   44        28      1928


SUNRISE AND SUNSET
APRIL 28 2015.........SUNRISE   612 AM CDT   SUNSET   803 PM CDT
APRIL 29 2015.........SUNRISE   611 AM CDT   SUNSET   804 PM CDT


-  INDICATES NEGATIVE NUMBERS.
R  INDICATES RECORD WAS SET OR TIED.
MM INDICATES DATA IS MISSING.
T  INDICATES TRACE AMOUNT.




$$
