000
CDUS43 KDMX 290641 RRB
CLIOTM

CLIMATE REPORT
NATIONAL WEATHER SERVICE DES MOINES IA
139 AM CDT WED APR 29 2015


...................................

...THE OTTUMWA IA CLIMATE SUMMARY FOR APRIL 28 2015...

CLIMATE NORMAL PERIOD 1981 TO 2010
CLIMATE RECORD PERIOD 1920 TO 2015


WEATHER ITEM   OBSERVED TIME   RECORD YEAR NORMAL DEPARTURE LAST
                VALUE   (LST)  VALUE       VALUE  FROM      YEAR
                                                  NORMAL
..................................................................
TEMPERATURE (F)
 YESTERDAY
  MAXIMUM         74    338 PM  90    1970  67      7       72
  MINIMUM         36    509 AM  28    1928  44     -8       51
  AVERAGE         55                        55      0       62

PRECIPITATION (IN)
  YESTERDAY        0.00          0.99 1981   0.13  -0.13     0.26
  MONTH TO DATE    2.54                      3.13  -0.59     4.43
  SINCE MAR 1      3.00                      5.37  -2.37     5.45
  SINCE JAN 1      4.16                      7.55  -3.39     8.26

DEGREE DAYS
 HEATING
  YESTERDAY       10                        10      0        3
  MONTH TO DATE  332                       416    -84      407
  SINCE MAR 1   1099                      1227   -128     1386
  SINCE JUL 1   6230                      6112    118     6899

 COOLING
  YESTERDAY        0                         1     -1        0
  MONTH TO DATE    1                         8     -7        8
  SINCE MAR 1      1                         9     -8        8
  SINCE JAN 1      1                         9     -8        8
..................................................................


WIND (MPH)
  HIGHEST WIND SPEED    18   HIGHEST WIND DIRECTION     N (340)
  HIGHEST GUST SPEED    22   HIGHEST GUST DIRECTION     N (340)
  AVERAGE WIND SPEED     7.9


SKY COVER
  POSSIBLE SUNSHINE  MM
  AVERAGE SKY COVER 0.0


WEATHER CONDITIONS
 THE FOLLOWING WEATHER WAS RECORDED YESTERDAY.
  NO SIGNIFICANT WEATHER WAS OBSERVED.


RELATIVE HUMIDITY (PERCENT)
 HIGHEST    92           600 AM
 LOWEST     22           500 PM
 AVERAGE    57

..........................................................


THE OTTUMWA IA CLIMATE NORMALS FOR TODAY
                         NORMAL    RECORD    YEAR
 MAXIMUM TEMPERATURE (F)   67        92      1910
 MINIMUM TEMPERATURE (F)   45        28      2008
                                             1958


SUNRISE AND SUNSET
APRIL 29 2015.........SUNRISE   611 AM CDT   SUNSET   804 PM CDT
APRIL 30 2015.........SUNRISE   609 AM CDT   SUNSET   805 PM CDT


-  INDICATES NEGATIVE NUMBERS.
R  INDICATES RECORD WAS SET OR TIED.
MM INDICATES DATA IS MISSING.
T  INDICATES TRACE AMOUNT.




$$
