000
CDUS43 KDMX 160631 RRC
CLIOTM

CLIMATE REPORT
NATIONAL WEATHER SERVICE DES MOINES IA
130 AM CDT THU APR 16 2015


...................................

...THE OTTUMWA IA CLIMATE SUMMARY FOR APRIL 15 2015...

CLIMATE NORMAL PERIOD 1981 TO 2010
CLIMATE RECORD PERIOD 1920 TO 2015


WEATHER ITEM   OBSERVED TIME   RECORD YEAR NORMAL DEPARTURE LAST
                VALUE   (LST)  VALUE       VALUE  FROM      YEAR
                                                  NORMAL
..................................................................
TEMPERATURE (F)
 YESTERDAY
  MAXIMUM         73    320 PM  89    2002  62     11       45
  MINIMUM         45    203 AM  19    1928  39      6       22
  AVERAGE         59                        51      8       34

PRECIPITATION (IN)
  YESTERDAY        0.00          2.00 1921   0.10  -0.10     0.00
  MONTH TO DATE    0.90                      1.49  -0.59     1.82
  SINCE MAR 1      1.36                      3.73  -2.37     2.84
  SINCE JAN 1      2.52                      5.91  -3.39     5.65

DEGREE DAYS
 HEATING
  YESTERDAY        6                        15     -9       31
  MONTH TO DATE  179                       257    -78      283
  SINCE MAR 1    946                      1068   -122     1262
  SINCE JUL 1   6077                      5953    124     6775

 COOLING
  YESTERDAY        0                         0      0        0
  MONTH TO DATE    0                         0      0        5
  SINCE MAR 1      0                         1     -1        5
  SINCE JAN 1      0                         1     -1        5
..................................................................


WIND (MPH)
  HIGHEST WIND SPEED    24   HIGHEST WIND DIRECTION     E (100)
  HIGHEST GUST SPEED    31   HIGHEST GUST DIRECTION     E (90)
  AVERAGE WIND SPEED    11.8


SKY COVER
  POSSIBLE SUNSHINE  MM
  AVERAGE SKY COVER 0.4


WEATHER CONDITIONS
 THE FOLLOWING WEATHER WAS RECORDED YESTERDAY.
  NO SIGNIFICANT WEATHER WAS OBSERVED.


RELATIVE HUMIDITY (PERCENT)
 HIGHEST    61           700 AM
 LOWEST     19           500 PM
 AVERAGE    40

..........................................................


THE OTTUMWA IA CLIMATE NORMALS FOR TODAY
                         NORMAL    RECORD    YEAR
 MAXIMUM TEMPERATURE (F)   63        88      2004
 MINIMUM TEMPERATURE (F)   40        24      1961


SUNRISE AND SUNSET
APRIL 16 2015.........SUNRISE   629 AM CDT   SUNSET   751 PM CDT
APRIL 17 2015.........SUNRISE   628 AM CDT   SUNSET   752 PM CDT


-  INDICATES NEGATIVE NUMBERS.
R  INDICATES RECORD WAS SET OR TIED.
MM INDICATES DATA IS MISSING.
T  INDICATES TRACE AMOUNT.




$$
