000
CDUS43 KDMX 240711 RRC
CLIOTM

CLIMATE REPORT
NATIONAL WEATHER SERVICE DES MOINES IA
210 AM CDT FRI APR 24 2015


...................................

...THE OTTUMWA IA CLIMATE SUMMARY FOR APRIL 23 2015...

CLIMATE NORMAL PERIOD 1981 TO 2010
CLIMATE RECORD PERIOD 1920 TO 2015


WEATHER ITEM   OBSERVED TIME   RECORD YEAR NORMAL DEPARTURE LAST
                VALUE   (LST)  VALUE       VALUE  FROM      YEAR
                                                  NORMAL
..................................................................
TEMPERATURE (F)
 YESTERDAY
  MAXIMUM         61    506 PM  86    1960  65     -4       51
  MINIMUM         27    520 AM  26    1927  42    -15       42
  AVERAGE         44                        54    -10       47

PRECIPITATION (IN)
  YESTERDAY        0.00          2.04 1955   0.13  -0.13     0.10
  MONTH TO DATE    1.91                      2.47  -0.56     2.08
  SINCE MAR 1      2.37                      4.71  -2.34     3.10
  SINCE JAN 1      3.53                      6.89  -3.36     5.91

DEGREE DAYS
 HEATING
  YESTERDAY       21                        12      9       18
  MONTH TO DATE  265                       362    -97      378
  SINCE MAR 1   1032                      1173   -141     1357
  SINCE JUL 1   6163                      6058    105     6870

 COOLING
  YESTERDAY        0                         1     -1        0
  MONTH TO DATE    1                         3     -2        8
  SINCE MAR 1      1                         4     -3        8
  SINCE JAN 1      1                         4     -3        8
..................................................................


WIND (MPH)
  HIGHEST WIND SPEED    16   HIGHEST WIND DIRECTION    NW (330)
  HIGHEST GUST SPEED    22   HIGHEST GUST DIRECTION    NW (320)
  AVERAGE WIND SPEED     6.6


SKY COVER
  POSSIBLE SUNSHINE  MM
  AVERAGE SKY COVER 0.1


WEATHER CONDITIONS
 THE FOLLOWING WEATHER WAS RECORDED YESTERDAY.
  NO SIGNIFICANT WEATHER WAS OBSERVED.


RELATIVE HUMIDITY (PERCENT)
 HIGHEST    72           600 AM
 LOWEST     22          1200 PM
 AVERAGE    47

..........................................................


THE OTTUMWA IA CLIMATE NORMALS FOR TODAY
                         NORMAL    RECORD    YEAR
 MAXIMUM TEMPERATURE (F)   65        88      1989
 MINIMUM TEMPERATURE (F)   43        24      1910


SUNRISE AND SUNSET
APRIL 24 2015.........SUNRISE   617 AM CDT   SUNSET   759 PM CDT
APRIL 25 2015.........SUNRISE   616 AM CDT   SUNSET   800 PM CDT


-  INDICATES NEGATIVE NUMBERS.
R  INDICATES RECORD WAS SET OR TIED.
MM INDICATES DATA IS MISSING.
T  INDICATES TRACE AMOUNT.




$$
