000
CDUS43 KDMX 170631 RRA
CLIOTM

CLIMATE REPORT
NATIONAL WEATHER SERVICE DES MOINES IA
128 AM CDT FRI APR 17 2015


...................................

...THE OTTUMWA IA CLIMATE SUMMARY FOR APRIL 16 2015...

CLIMATE NORMAL PERIOD 1981 TO 2010
CLIMATE RECORD PERIOD 1920 TO 2015


WEATHER ITEM   OBSERVED TIME   RECORD YEAR NORMAL DEPARTURE LAST
                VALUE   (LST)  VALUE       VALUE  FROM      YEAR
                                                  NORMAL
..................................................................
TEMPERATURE (F)
 YESTERDAY
  MAXIMUM         75    347 PM  88    2004  63     12       62
  MINIMUM         50    652 AM  24    1961  40     10       37
  AVERAGE         63                        51     12       50

PRECIPITATION (IN)
  YESTERDAY        0.00          1.35 1945   0.12  -0.12     0.00
  MONTH TO DATE    0.90                      1.61  -0.71     1.82
  SINCE MAR 1      1.36                      3.85  -2.49     2.84
  SINCE JAN 1      2.52                      6.03  -3.51     5.65

DEGREE DAYS
 HEATING
  YESTERDAY        2                        14    -12       15
  MONTH TO DATE  181                       271    -90      298
  SINCE MAR 1    948                      1082   -134     1277
  SINCE JUL 1   6079                      5967    112     6790

 COOLING
  YESTERDAY        0                         0      0        0
  MONTH TO DATE    0                         0      0        5
  SINCE MAR 1      0                         1     -1        5
  SINCE JAN 1      0                         1     -1        5
..................................................................


WIND (MPH)
  HIGHEST WIND SPEED    12   HIGHEST WIND DIRECTION     E (90)
  HIGHEST GUST SPEED    15   HIGHEST GUST DIRECTION    SW (230)
  AVERAGE WIND SPEED     5.1


SKY COVER
  POSSIBLE SUNSHINE  MM
  AVERAGE SKY COVER 0.5


WEATHER CONDITIONS
 THE FOLLOWING WEATHER WAS RECORDED YESTERDAY.
  NO SIGNIFICANT WEATHER WAS OBSERVED.


RELATIVE HUMIDITY (PERCENT)
 HIGHEST    77          1000 PM
 LOWEST     38           300 PM
 AVERAGE    58

..........................................................


THE OTTUMWA IA CLIMATE NORMALS FOR TODAY
                         NORMAL    RECORD    YEAR
 MAXIMUM TEMPERATURE (F)   63        86      2004
 MINIMUM TEMPERATURE (F)   40        24      1907


SUNRISE AND SUNSET
APRIL 17 2015.........SUNRISE   628 AM CDT   SUNSET   752 PM CDT
APRIL 18 2015.........SUNRISE   626 AM CDT   SUNSET   753 PM CDT


-  INDICATES NEGATIVE NUMBERS.
R  INDICATES RECORD WAS SET OR TIED.
MM INDICATES DATA IS MISSING.
T  INDICATES TRACE AMOUNT.




$$
