000
CDUS43 KDMX 060635 RRB
CLIOTM

CLIMATE REPORT
NATIONAL WEATHER SERVICE DES MOINES IA
133 AM CDT MON APR 6 2015


...................................

...THE OTTUMWA IA CLIMATE SUMMARY FOR APRIL 5 2015...

CLIMATE NORMAL PERIOD 1981 TO 2010
CLIMATE RECORD PERIOD 1920 TO 2015


WEATHER ITEM   OBSERVED TIME   RECORD YEAR NORMAL DEPARTURE LAST
                VALUE   (LST)  VALUE       VALUE  FROM      YEAR
                                                  NORMAL
..................................................................
TEMPERATURE (F)
 YESTERDAY
  MAXIMUM         70    246 PM  86    2000  58     12       55
  MINIMUM         41    623 AM  18    1982  36      5       24
  AVERAGE         56                        47      9       40

PRECIPITATION (IN)
  YESTERDAY        0.00          1.72 1947   0.09  -0.09     0.00
  MONTH TO DATE    0.13                      0.45  -0.32     0.18
  SINCE MAR 1      0.59                      2.69  -2.10     1.20
  SINCE JAN 1      1.75                      4.87  -3.12     4.01

DEGREE DAYS
 HEATING
  YESTERDAY        9                        18     -9       25
  MONTH TO DATE   66                        95    -29      127
  SINCE MAR 1    833                       906    -73     1106
  SINCE JUL 1   5964                      5791    173     6619

 COOLING
  YESTERDAY        0                         0      0        0
  MONTH TO DATE    0                         0      0        0
  SINCE MAR 1      0                         1     -1        0
  SINCE JAN 1      0                         1     -1        0
..................................................................


WIND (MPH)
  HIGHEST WIND SPEED    22   HIGHEST WIND DIRECTION     S (200)
  HIGHEST GUST SPEED    29   HIGHEST GUST DIRECTION     S (190)
  AVERAGE WIND SPEED    12.9


SKY COVER
  POSSIBLE SUNSHINE  MM
  AVERAGE SKY COVER 0.0


WEATHER CONDITIONS
 THE FOLLOWING WEATHER WAS RECORDED YESTERDAY.
  NO SIGNIFICANT WEATHER WAS OBSERVED.


RELATIVE HUMIDITY (PERCENT)
 HIGHEST    53          1100 PM
 LOWEST     22          1100 AM
 AVERAGE    38

..........................................................


THE OTTUMWA IA CLIMATE NORMALS FOR TODAY
                         NORMAL    RECORD    YEAR
 MAXIMUM TEMPERATURE (F)   59        84      1991
 MINIMUM TEMPERATURE (F)   36         9      1982


SUNRISE AND SUNSET
APRIL  6 2015.........SUNRISE   645 AM CDT   SUNSET   740 PM CDT
APRIL  7 2015.........SUNRISE   644 AM CDT   SUNSET   741 PM CDT


-  INDICATES NEGATIVE NUMBERS.
R  INDICATES RECORD WAS SET OR TIED.
MM INDICATES DATA IS MISSING.
T  INDICATES TRACE AMOUNT.

$$
