000
CDUS43 KDMX 120640
CLIOTM

CLIMATE REPORT
NATIONAL WEATHER SERVICE DES MOINES IA
139 AM CDT SUN APR 12 2015

...................................

...THE OTTUMWA IA CLIMATE SUMMARY FOR APRIL 11 2015...

CLIMATE NORMAL PERIOD 1981 TO 2010
CLIMATE RECORD PERIOD 1920 TO 2015


WEATHER ITEM   OBSERVED TIME   RECORD YEAR NORMAL DEPARTURE LAST
                VALUE   (LST)  VALUE       VALUE  FROM      YEAR
                                                  NORMAL
..................................................................
TEMPERATURE (F)
 YESTERDAY
  MAXIMUM         71    326 PM  89    1930  61     10       75
  MINIMUM         32    324 AM  20    1973  38     -6       37
  AVERAGE         52                        49      3       56

PRECIPITATION (IN)
  YESTERDAY        0.00          1.43 1970   0.10  -0.10     0.00
  MONTH TO DATE    0.58                      1.06  -0.48     0.19
  SINCE MAR 1      1.04                      3.30  -2.26     1.21
  SINCE JAN 1      2.20                      5.48  -3.28     4.02

DEGREE DAYS
 HEATING
  YESTERDAY       13                        16     -3        9
  MONTH TO DATE  145                       196    -51      208
  SINCE MAR 1    912                      1007    -95     1187
  SINCE JUL 1   6043                      5892    151     6700

 COOLING
  YESTERDAY        0                         0      0        0
  MONTH TO DATE    0                         0      0        0
  SINCE MAR 1      0                         1     -1        0
  SINCE JAN 1      0                         1     -1        0
..................................................................


WIND (MPH)
  HIGHEST WIND SPEED    18   HIGHEST WIND DIRECTION     S (170)
  HIGHEST GUST SPEED    23   HIGHEST GUST DIRECTION     S (190)
  AVERAGE WIND SPEED     9.9


SKY COVER
  POSSIBLE SUNSHINE  MM
  AVERAGE SKY COVER 0.0


WEATHER CONDITIONS
 THE FOLLOWING WEATHER WAS RECORDED YESTERDAY.
  NO SIGNIFICANT WEATHER WAS OBSERVED.


RELATIVE HUMIDITY (PERCENT)
 HIGHEST    89           300 AM
 LOWEST     28           200 PM
 AVERAGE    59

..........................................................


THE OTTUMWA IA CLIMATE NORMALS FOR TODAY
                         NORMAL    RECORD    YEAR
 MAXIMUM TEMPERATURE (F)   61        88      1930
 MINIMUM TEMPERATURE (F)   38        19      1940


SUNRISE AND SUNSET
APRIL 12 2015.........SUNRISE   636 AM CDT   SUNSET   746 PM CDT
APRIL 13 2015.........SUNRISE   634 AM CDT   SUNSET   747 PM CDT


-  INDICATES NEGATIVE NUMBERS.
R  INDICATES RECORD WAS SET OR TIED.
MM INDICATES DATA IS MISSING.
T  INDICATES TRACE AMOUNT.

$$

SMALL
