000
CDUS43 KDMX 300638 RRB
CLIOTM

CLIMATE REPORT
NATIONAL WEATHER SERVICE DES MOINES IA
136 AM CDT MON MAR 30 2015

...................................

...THE OTTUMWA IA CLIMATE SUMMARY FOR MARCH 29 2015...

CLIMATE NORMAL PERIOD 1981 TO 2010
CLIMATE RECORD PERIOD 1920 TO 2015


WEATHER ITEM   OBSERVED TIME   RECORD YEAR NORMAL DEPARTURE LAST
                VALUE   (LST)  VALUE       VALUE  FROM      YEAR
                                                  NORMAL
..................................................................
TEMPERATURE (F)
 YESTERDAY
  MAXIMUM         60    512 PM  88    1986  55      5       53
  MINIMUM         33    355 AM   9    1969  33      0       31
  AVERAGE         47                        44      3       42

PRECIPITATION (IN)
  YESTERDAY        0.04          0.94 1979   0.08  -0.04     0.00
  MONTH TO DATE    0.46                      2.06  -1.60     0.82
  SINCE MAR 1      0.46                      2.06  -1.60     0.82
  SINCE JAN 1      1.62                      4.24  -2.62     3.63

DEGREE DAYS
 HEATING
  YESTERDAY       18                        21     -3       23
  MONTH TO DATE  746                       771    -25      953
  SINCE MAR 1    746                       771    -25      953
  SINCE JUL 1   5877                      5656    221     6466

 COOLING
  YESTERDAY        0                         0      0        0
  MONTH TO DATE    0                         0      0        0
  SINCE MAR 1      0                         0      0        0
  SINCE JAN 1      0                         0      0        0
..................................................................


WIND (MPH)
  HIGHEST WIND SPEED    31   HIGHEST WIND DIRECTION    NW (320)
  HIGHEST GUST SPEED    38   HIGHEST GUST DIRECTION    NW (320)
  AVERAGE WIND SPEED    16.5


SKY COVER
  POSSIBLE SUNSHINE  MM
  AVERAGE SKY COVER 0.3


WEATHER CONDITIONS
 THE FOLLOWING WEATHER WAS RECORDED YESTERDAY.
  LIGHT RAIN
  FOG


RELATIVE HUMIDITY (PERCENT)
 HIGHEST    76          1000 AM
 LOWEST     33           600 PM
 AVERAGE    55

..........................................................


THE OTTUMWA IA CLIMATE NORMALS FOR TODAY
                         NORMAL    RECORD    YEAR
 MAXIMUM TEMPERATURE (F)   56        83      1967
 MINIMUM TEMPERATURE (F)   33        12      1969


SUNRISE AND SUNSET
MARCH 30 2015.........SUNRISE   657 AM CDT   SUNSET   732 PM CDT
MARCH 31 2015.........SUNRISE   655 AM CDT   SUNSET   734 PM CDT


-  INDICATES NEGATIVE NUMBERS.
R  INDICATES RECORD WAS SET OR TIED.
MM INDICATES DATA IS MISSING.
T  INDICATES TRACE AMOUNT.




$$
