000
CXUS55 KCTP 241131
CF6BFD
PRELIMINARY LOCAL CLIMATOLOGICAL DATA (WS FORM: F-6)

                                          STATION:   BRADFORD
                                          MONTH:     APRIL
                                          YEAR:      2015
                                          LATITUDE:   41 47 N
                                          LONGITUDE:  78 38 W

  TEMPERATURE IN F:       :PCPN:    SNOW:  WIND      :SUNSHINE: SKY     :PK WND
================================================================================
1   2   3   4   5  6A  6B    7    8   9   10  11  12  13   14  15   16   17  18
                                     12Z  AVG MX 2MIN
DY MAX MIN AVG DEP HDD CDD  WTR  SNW DPTH SPD SPD DIR MIN PSBL S-S WX    SPD DR
================================================================================

 1  41  19  30  -8  35   0 0.00    M    M  3.2  9 280   M    M   4 12     12 290
 2  61   M   M   M   M   M 0.19    M    M  7.4 22 230   M    M   5 1      31 190
 3  58  36  47   8  18   0 0.51    M    M  6.4 16 330   M    M  10 1      23 340
 4  38  26  32  -7  33   0 0.01    M    M 12.7 24 320   M    M   6 1      30 310
 5  51  31  41   1  24   0 0.11    M    M  6.1 23 290   M    M   8 1      36 310
 6  60  27  44   4  21   0 0.07    M    M  4.6 17 230   M    M   6 1      27 240
 7  48  39  44   3  21   0 0.08    M    M  5.8 14  70   M    M  10 12     20  70
 8  45  39  42   1  23   0 0.26    M    M 10.1 18 140   M    M  10 1      26 150
 9  57  40  49   8  16   0 0.53  0.0    M 10.5 20 150   M    M   9 12     30 150
10  61  42  52  10  13   0 0.22  0.0    M 11.9 25 290   M    M   6 1      38 280
11  46  27  37  -5  28   0 0.02    M    M 11.5 29 320   M    M   6 1      35 320
12  64  24  44   1  21   0 0.00  0.0    M  3.5 12 210   M    M   0 1      18 210
13  75  48  62  19   3   0 0.42    M    M 10.9 29 300   M    M   4 1      37 300
14  59  36  48   5  17   0 0.00  0.0    M  4.2 15 320   M    M   1 12     19 310
15  62  31  47   3  18   0 0.00    M    M  5.9 15 350   M    M   0        22 350
16  64  33  49   5  16   0 0.14    M    M 10.2 21 180   M    M   4 1      29 140
17  64  43  54  10  11   0 0.23    M    M  6.6 16 320   M    M   7 1      22 320
18  71  34  53   8  12   0 0.00    M    M  7.7 23 310   M    M   1 1      31 300
19  68  35  52   7  13   0 0.07    M    0 13.3 25 130   M    M   2 1      36 140
20  65  42  54   9  11   0 0.89    M    M 12.2 25 130   M    M  10 1      35 240
21  51  38  45  -1  20   0 0.05    M    M 10.4 29 230   M    M   7 1      43 230
22  42  29  36 -10  29   0 0.36    M    M  9.1 20 290   M    M  10 128    31 300
23  30  26  28 -18  37   0 0.05    M    M 12.5 22 290   M    M  10 18     28 320
================================================================================
SM 1281  745       440   0  4.21     0.0 196.7          M      136
================================================================================
AV 55.7 33.9                               8.6 FASTST   M    M   6    MAX(MPH)
                                 MISC ---->  # 29 320               # 43  230
================================================================================
NOTES:
# LAST OF SEVERAL OCCURRENCES

COLUMN 17 PEAK WIND IN M.P.H.

PRELIMINARY LOCAL CLIMATOLOGICAL DATA (WS FORM: F-6) , PAGE 2

                                          STATION:  BRADFORD
                                          MONTH:    APRIL
                                          YEAR:     2015
                                          LATITUDE:   41 47 N
                                          LONGITUDE:  78 38 W

[TEMPERATURE DATA]      [PRECIPITATION DATA]       SYMBOLS USED IN COLUMN 16

AVERAGE MONTHLY: 44.8   TOTAL FOR MONTH:   4.21    1 = FOG OR MIST
DPTR FM NORMAL:   2.4   DPTR FM NORMAL:    1.49    2 = FOG REDUCING VISIBILITY
HIGHEST:    75 ON 13    GRTST 24HR  0.92 ON 19-20      TO 1/4 MILE OR LESS
LOWEST:     19 ON  1                               3 = THUNDER
                        SNOW, ICE PELLETS, HAIL    4 = ICE PELLETS
                        TOTAL MONTH:   0.0 INCH    5 = HAIL
                        GRTST 24HR     0.0         6 = FREEZING RAIN OR DRIZZLE
                        GRTST DEPTH:   0           7 = DUSTSTORM OR SANDSTORM:
                                                       VSBY 1/2 MILE OR LESS
                                                   8 = SMOKE OR HAZE
[NO. OF DAYS WITH]      [WEATHER - DAYS WITH]      9 = BLOWING SNOW
                                                   X = TORNADO
MAX 32 OR BELOW:   1    0.01 INCH OR MORE:  18
MAX 90 OR ABOVE:   0    0.10 INCH OR MORE:  11
MIN 32 OR BELOW:   9    0.50 INCH OR MORE:   3
MIN  0 OR BELOW:   0    1.00 INCH OR MORE:   0

[HDD (BASE 65) ]
TOTAL THIS MO.   440    CLEAR  (SCALE 0-3)   5
DPTR FM NORMAL    38    PTCLDY (SCALE 4-7)  10
TOTAL FM JUL 1  7508    CLOUDY (SCALE 8-10)  8
DPTR FM NORMAL   499

[CDD (BASE 65) ]
TOTAL THIS MO.     0
DPTR FM NORMAL     0    [PRESSURE DATA]
TOTAL FM JAN 1     0    HIGHEST SLP M ON M
DPTR FM NORMAL     0    LOWEST  SLP 29.46 ON 20

[REMARKS]
