000
CXUS56 KHNX 251146
CF6BFL
PRELIMINARY LOCAL CLIMATOLOGICAL DATA (WS FORM: F-6)

                                          STATION:   BAKERSFIELD CA
                                          MONTH:     APRIL
                                          YEAR:      2015
                                          LATITUDE:   35 25 N
                                          LONGITUDE: 119  3 W

  TEMPERATURE IN F:       :PCPN:    SNOW:  WIND      :SUNSHINE: SKY     :PK WND
================================================================================
1   2   3   4   5  6A  6B    7    8   9   10  11  12  13   14  15   16   17  18
                                     12Z  AVG MX 2MIN
DY MAX MIN AVG DEP HDD CDD  WTR  SNW DPTH SPD SPD DIR MIN PSBL S-S WX    SPD DR
================================================================================

 1  73  46  60   0   5   0 0.00  0.0    0  7.1 15 330   M    M   0        18 330
 2  72  45  59  -1   6   0 0.00  0.0    0  6.0 15 310   M    M   0        19 330
 3  80  48  64   4   1   0 0.00  0.0    0  6.3 16 330   M    M   0        20  20
 4  79  50  65   5   0   0 0.00  0.0    0  5.6 14 270   M    M   0        19 320
 5  73  46  60   0   5   0 0.00  0.0    0  8.8 21 300   M    M   0        25 300
 6  67  50  59  -1   6   0 0.00  0.0    0  7.7 16 310   M    M   4        20 270
 7  67  47  57  -3   8   0 0.06  0.0    0  7.8 22 320   M    M   3        26 320
 8  66  44  55  -6  10   0 0.00  0.0    0  6.8 15 320   M    M   4        20 300
 9  70  44  57  -4   8   0 0.00  0.0    0  5.5 13 310   M    M   0        18 280
10  77  46  62   1   3   0 0.00  0.0    0  3.4 16 290   M    M   0 8      20 290
11  79  50  65   4   0   0 0.00  0.0    0  5.7 18 290   M    M   0        22 310
12  82  52  67   5   0   2 0.00  0.0    0  4.8 14 290   M    M   0        23 320
13  90  53  72  10   0   7 0.00  0.0    0  7.0 24 310   M    M   0        29 320
14  70  50  60  -2   5   0 0.00  0.0    0  9.3 21 340   M    M   2        26 340
15  75  43  59  -3   6   0 0.00  0.0    0  5.7 14 320   M    M   0        19 290
16  84  47  66   4   0   1 0.00  0.0    0  6.7 18 130   M    M   0        23 140
17  85  54  70   7   0   5 0.00  0.0    0  6.3 15 310   M    M   0        19 310
18  88  54  71   8   0   6 0.00  0.0    0  5.2 13 300   M    M   0        16 320
19  90  58  74  11   0   9 0.00  0.0    0  6.0 17 320   M    M   0        23 300
20  88  58  73   9   0   8 0.00  0.0    0  6.7 16 290   M    M   0        22 330
21  78  58  68   4   0   3    T  0.0    0  8.7 21 310   M    M   1        27  70
22  77  55  66   2   0   1 0.00  0.0    0  9.1 17 350   M    M   0        21 330
23  80  55  68   4   0   3 0.00  0.0    0  7.6 20 310   M    M   2        29 310
24  76  56  66   1   0   1 0.00  0.0    0  9.7 21 290   M    M   4        26 330
================================================================================
SM 1866 1209        63  46  0.06     0.0 163.5          M       20
================================================================================
AV 77.8 50.4                               6.8 FASTST   M    M   1    MAX(MPH)
                                 MISC ---->  # 24 310               # 29  320
================================================================================
NOTES:
# LAST OF SEVERAL OCCURRENCES

COLUMN 17 PEAK WIND IN M.P.H.

PRELIMINARY LOCAL CLIMATOLOGICAL DATA (WS FORM: F-6) , PAGE 2

                                          STATION:  BAKERSFIELD CA
                                          MONTH:    APRIL
                                          YEAR:     2015
                                          LATITUDE:   35 25 N
                                          LONGITUDE: 119  3 W

[TEMPERATURE DATA]      [PRECIPITATION DATA]       SYMBOLS USED IN COLUMN 16

AVERAGE MONTHLY: 64.1   TOTAL FOR MONTH:   0.06    1 = FOG OR MIST
DPTR FM NORMAL:   2.2   DPTR FM NORMAL:   -0.39    2 = FOG REDUCING VISIBILITY
HIGHEST:    90 ON 19,13 GRTST 24HR  0.06 ON  7- 7      TO 1/4 MILE OR LESS
LOWEST:     43 ON 15                               3 = THUNDER
                        SNOW, ICE PELLETS, HAIL    4 = ICE PELLETS
                        TOTAL MONTH:   0.0 INCH    5 = HAIL
                        GRTST 24HR     0.0         6 = FREEZING RAIN OR DRIZZLE
                        GRTST DEPTH:   0           7 = DUSTSTORM OR SANDSTORM:
                                                       VSBY 1/2 MILE OR LESS
                                                   8 = SMOKE OR HAZE
[NO. OF DAYS WITH]      [WEATHER - DAYS WITH]      9 = BLOWING SNOW
                                                   X = TORNADO
MAX 32 OR BELOW:   0    0.01 INCH OR MORE:   1
MAX 90 OR ABOVE:   2    0.10 INCH OR MORE:   0
MIN 32 OR BELOW:   0    0.50 INCH OR MORE:   0
MIN  0 OR BELOW:   0    1.00 INCH OR MORE:   0

[HDD (BASE 65) ]
TOTAL THIS MO.    63    CLEAR  (SCALE 0-3)  21
DPTR FM NORMAL   -52    PTCLDY (SCALE 4-7)   3
TOTAL FM JUL 1  1282    CLOUDY (SCALE 8-10)  0
DPTR FM NORMAL  -846

[CDD (BASE 65) ]
TOTAL THIS MO.    46
DPTR FM NORMAL     7    [PRESSURE DATA]
TOTAL FM JAN 1   121    HIGHEST SLP M ON M
DPTR FM NORMAL    73    LOWEST  SLP 29.68 ON 20

[REMARKS]
