000
CXUS56 KBOI 271002
CF6BKE
PRELIMINARY LOCAL CLIMATOLOGICAL DATA (WS FORM: F-6)

                                          STATION:   BAKER OR
                                          MONTH:     APRIL
                                          YEAR:      2015
                                          LATITUDE:   44 50 N
                                          LONGITUDE: 117 49 W

  TEMPERATURE IN F:       :PCPN:    SNOW:  WIND      :SUNSHINE: SKY     :PK WND
================================================================================
1   2   3   4   5  6A  6B    7    8   9   10  11  12  13   14  15   16   17  18
                                     12Z  AVG MX 2MIN
DY MAX MIN AVG DEP HDD CDD  WTR  SNW DPTH SPD SPD DIR MIN PSBL S-S WX    SPD DR
================================================================================

 1  48  21  35  -6  30   0    T    M    M  6.2 24 320   M    M   3        30 320
 2  49  19  34  -7  31   0    T    M    M  6.5 17 340   M    M   3        23 310
 3  56  17  37  -4  28   0 0.00    M    M  6.9 21 150   M    M   3        28 160
 4  52  32  42   1  23   0 0.00    M    M  6.5 14 280   M    M   4        18 310
 5  43  28  36  -6  29   0 0.37    M    M  4.5 15 170   M    M   7 1      20 190
 6  49  27  38  -4  27   0 0.10    M    M  8.2 21 180   M    M   5 1      29 200
 7  55  22  39  -3  26   0 0.00    M    M  7.1 21 100   M    M   3 1      26 100
 8  56  31  44   2  21   0 0.00    M    M 17.9 30 320   M    M   4        37 320
 9  57  22  40  -2  25   0    T    M    M  4.4 20 160   M    M   3        25 160
10  66  23  45   3  20   0    T    M    M  7.5 22 150   M    M   3 1      29 140
11  59  29  44   2  21   0 0.08    M    M 11.0 28 320   M    M   7 1      39 320
12  55  22  39  -4  26   0 0.00    M    M  6.9 20  60   M    M   0        25  50
13  69  30  50   7  15   0 0.00    M    M 13.5 33 310   M    M   1        43 310
14  48  30  39  -4  26   0 0.01    M    M 19.7 36 310   M    M   5 18     50 300
15  52  24  38  -5  27   0 0.00    M    M 12.4 30 310   M    M   1        37 320
16  65  20  43   0  22   0 0.00    M    M  8.1 17 320   M    M   0        21 340
17  71  23  47   3  18   0 0.00    M    M  7.1 24 330   M    M   0 1      29 320
18  66  34  50   6  15   0 0.00    M    M 14.7 29 310   M    M   0        36 310
19  69  22  46   2  19   0 0.00    M    M  4.8 15 330   M    M   0        19 320
20  72  26  49   5  16   0 0.00    M    M  3.1 13 310   M    M   0        16 320
21  73  27  50   6  15   0 0.00    M    M  6.4 22 310   M    M   0 1      27 310
22  59  30  45   0  20   0 0.01    M    M 16.8 30 330   M    M   1        38 330
23  62  21  42  -3  23   0 0.05    M    M  5.8 20 330   M    M   4        24 320
24  54  35  45   0  20   0    T    M    M  8.8 20 330   M    M   4        25 350
25  50  25  38  -7  27   0    T    M    M  8.6 26 310   M    M   2        36 320
26  57  20  39  -7  26   0    T    M    M  9.5 21 330   M    M   0        28 330
================================================================================
SM 1512  660       596   0  0.62    M    232.9          M       63
================================================================================
AV 58.2 25.4                               9.0 FASTST   M    M   2    MAX(MPH)
                                 MISC ---->  # 36 310               # 50  300
================================================================================
NOTES:
# LAST OF SEVERAL OCCURRENCES

COLUMN 17 PEAK WIND IN M.P.H.

PRELIMINARY LOCAL CLIMATOLOGICAL DATA (WS FORM: F-6) , PAGE 2

                                          STATION:  BAKER OR
                                          MONTH:    APRIL
                                          YEAR:     2015
                                          LATITUDE:   44 50 N
                                          LONGITUDE: 117 49 W

[TEMPERATURE DATA]      [PRECIPITATION DATA]       SYMBOLS USED IN COLUMN 16

AVERAGE MONTHLY: 41.8   TOTAL FOR MONTH:   0.62    1 = FOG OR MIST
DPTR FM NORMAL:  -1.3   DPTR FM NORMAL:   -0.09    2 = FOG REDUCING VISIBILITY
HIGHEST:    73 ON 21    GRTST 24HR  0.47 ON  5- 6      TO 1/4 MILE OR LESS
LOWEST:     17 ON  3                               3 = THUNDER
                        SNOW, ICE PELLETS, HAIL    4 = ICE PELLETS
                        TOTAL MONTH:    M          5 = HAIL
                        GRTST 24HR    M  ON   M    6 = FREEZING RAIN OR DRIZZLE
                        GRTST DEPTH:  M  ON   M    7 = DUSTSTORM OR SANDSTORM:
                                                       VSBY 1/2 MILE OR LESS
                                                   8 = SMOKE OR HAZE
[NO. OF DAYS WITH]      [WEATHER - DAYS WITH]      9 = BLOWING SNOW
                                                   X = TORNADO
MAX 32 OR BELOW:   0    0.01 INCH OR MORE:   6
MAX 90 OR ABOVE:   0    0.10 INCH OR MORE:   2
MIN 32 OR BELOW:  24    0.50 INCH OR MORE:   0
MIN  0 OR BELOW:   0    1.00 INCH OR MORE:   0

[HDD (BASE 65) ]
TOTAL THIS MO.   596    CLEAR  (SCALE 0-3)  18
DPTR FM NORMAL    25    PTCLDY (SCALE 4-7)   8
TOTAL FM JUL 1  5974    CLOUDY (SCALE 8-10)  0
DPTR FM NORMAL  -965

[CDD (BASE 65) ]
TOTAL THIS MO.     0
DPTR FM NORMAL     0    [PRESSURE DATA]
TOTAL FM JAN 1     0    HIGHEST SLP M ON M
DPTR FM NORMAL     0    LOWEST  SLP 29.61 ON 13

[REMARKS]
