000
CXAK56 PACD 261110
CF6CDB

PRELIMINARY LOCAL CLIMATOLOGICAL DATA (WS FORM: F-6)

                                          STATION:   COLD BAY
                                          MONTH:     04
                                          YEAR:      2015
                                          LATITUDE:   55 13 N
                                          LONGITUDE: 162 44 W

  TEMPERATURE IN F:       :PCPN:    SNOW:  WIND      :SUNSHINE: SKY     :PK WND
================================================================================
1   2   3   4   5  6A  6B    7     8   9   10  11  12  13   14  15   16  17  18
                                      12Z  AVG MX 2MIN
DY MAX MIN AVG DEP HDD CDD  WTR   SNW DPTH SPD SPD DIR MIN PSBL S-S WX   SPD DR
================================================================================

 1  33  28  31   0  34   0     T    T   0 18.3 25  330   M    M   M 1248  32 330
 2  33  28  31   0  34   0     T    T   0 10.1 18  330   M    M   M       22 320
 3  43  19  31  -1  34   0  0.01  0.0   0 15.7 33  140   M    M   M 1     41 150
 4  45  35  40   8  25   0  0.05  0.0   0 17.3 37  150   M    M   M 1     45 150
 5  50  38  44  12  21   0  0.00  0.0   0 22.7 41  160   M    M   M 1     64 140
 6  41  32  37   5  28   0  0.16  1.0   T 15.8 32  270   M    M   M 1     37 270
 7  40  31  36   4  29   0  0.06  0.5   T 22.3 37  280   M    M   M 1     46 300
 8  43  32  38   6  27   0  0.05  0.4   T 23.4 44  260   M    M   M 1     51 260
 9  35  30  33   0  32   0  0.01  0.1   T 35.8 47  280   M    M   M 19    58 290
10  38  27  33   0  32   0  0.13  1.3   1 20.6 33  300   M    M   M 12489 42 280
11  34  24  29  -4  36   0  0.24  2.4   3 16.6 30  260   M    M   M 19    35 250
12  30  23  27  -6  38   0     T    T   4 21.5 36  300   M    M   M 19    41 300
13  34  17  26  -7  39   0  0.01  0.1   3 14.9 30   60   M    M   M 1     38  70
14  37  30  34   0  31   0     T    T   2 21.0 29  360   M    M   M 1     35 360
15  34  27  31  -3  34   0     T    T   T 18.2 26  340   M    M   M       32 330
16  35  27  31  -3  34   0     T    T   T 10.3 22   30   M    M   M       26  80
17  42  27  35   1  30   0  0.03  0.0   0 18.6 36   30   M    M   M       48  40
18  43  31  37   3  28   0  0.23  0.7   T 14.2 33  290   M    M   M 1     39 290
19  37  26  32  -3  33   0     T    T   T 26.5 43  300   M    M   M 19    50 300
20  42  26  34  -1  31   0  0.12  1.1   1 14.3 33  220   M    M   M 19    42 220
21  42  14  28  -7  37   0  0.04  0.4   2  8.0 20  320   M    M   M 2     24 310
22  42  23  33  -2  32   0  0.08    T   0 16.1 33  160   M    M   M 1248  41 150
23  48  35  42   6  23   0     T  0.0   0 21.4 36  150   M    M   M 1     45 150
24  43  34  39   3  26   0  0.24    T   0  7.9 22  150   M    M   M 1     24 150
25  43  32  38   2  27   0  0.03    T   0 14.4 28  340   M    M   M 1     33 340
================================================================================
SM  987  696       775   0  1.49 8.0    445.9           M        M
================================================================================
AV 39.5 27.8                             17.8 FASTST  PSBL  %   M    MAX(MPH)
                                 MISC ---->     47  280                 64 140
================================================================================
NOTES:
# LAST OF SEVERAL OCCURRENCES

COLUMN 17 PEAK WIND IN M.P.H.

PRELIMINARY LOCAL CLIMATOLOGICAL DATA (WS FORM: F-6) , PAGE 2

                                          STATION:   COLD BAY
                                          MONTH:     04
                                          YEAR:      2015
                                          LATITUDE:  55 13 N
                                          LONGITUDE: 162 44 W

[TEMPERATURE DATA]      [PRECIPITATION DATA]       SYMBOLS USED IN COLUMN 16

AVERAGE MONTHLY:33.7   TOTAL FOR MONTH: 1.49       1 = FOG
DPTR FM NORMAL:  0.2   DPTR FM NORMAL: -0.55       2 = FOG REDUCING VISIBILITY
HIGHEST:    50 ON  5    GRTST 24HR   0.24 ON 24        TO 1/4 MILE OR LESS
LOWEST:     14 ON 21                               3 = THUNDER
                        SNOW, ICE PELLETS, HAIL    4 = ICE PELLETS
                        TOTAL MONTH: 8.0 INCHES  5 = HAIL
                        GRTST 24HR   2.4 ON 11     6 = GLAZE OR RIME
                        GRTST DEPTH:    4 ON 12    7 = BLOWING DUST OR SAND:
                                                       VSBY 1/2 MILE OR LESS
                                                   8 = SMOKE OR HAZE
[NO. OF DAYS WITH]      [WEATHER - DAYS WITH]      9 = BLOWING SNOW
                                                   X = TORNADO
MAX 32 OR BELOW:   1    0.01 INCH OR MORE:  16
MAX 70 OR ABOVE:   0    0.10 INCH OR MORE:   6
MIN 32 OR BELOW:  21    0.50 INCH OR MORE:   0
MIN  0 OR BELOW:   0    1.00 INCH OR MORE:   0

[HDD (BASE 65) ]
TOTAL THIS MO.   775    CLEAR  (SCALE 0-3)   M
DPTR FM NORMAL   -13    PTCLDY (SCALE 4-7)   M
SEASONAL TOTAL  7090    CLOUDY (SCALE 8-10)  M
DPTR FM NORMAL -1001

[CDD (BASE 65) ]
TOTAL THIS MO.     0
DPTR FM NORMAL     0    [PRESSURE DATA]
SEASONAL TOTAL     0    HIGHEST SLP     M
DPTR FM NORMAL     0    LOWEST  SLP     M

[REMARKS]
