000
CXUS55 KDVN 181100
CF6CID
PRELIMINARY LOCAL CLIMATOLOGICAL DATA (WS FORM: F-6)

                                          STATION:   CEDAR RAPIDS IA
                                          MONTH:     APRIL
                                          YEAR:      2015
                                          LATITUDE:   41 52 N
                                          LONGITUDE:  91 42 W

  TEMPERATURE IN F:       :PCPN:    SNOW:  WIND      :SUNSHINE: SKY     :PK WND
================================================================================
1   2   3   4   5  6A  6B    7    8   9   10  11  12  13   14  15   16   17  18
                                     12Z  AVG MX 2MIN
DY MAX MIN AVG DEP HDD CDD  WTR  SNW DPTH SPD SPD DIR MIN PSBL S-S WX    SPD DR
================================================================================

 1  81  40  61  17   4   0 0.00    M    M 15.3 32 180   M    M   0        40 180
 2  67  46  57  13   8   0 0.19    M    M 11.6 23 340   M    M   4 1      28 350
 3  49  22  36  -8  29   0    T    M    M 15.0 26 310   M    M   5        33 320
 4  64  21  43  -2  22   0 0.00    M    M 12.0 23 220   M    M   1        32 210
 5  71  40  56  11   9   0 0.00    M    M 11.0 21 200   M    M   1        27 200
 6  59  41  50   4  15   0    T    M    M  7.4 22 120   M    M   8 13     25 120
 7  53  41  47   1  18   0 0.02    M    M 17.0 25  80   M    M  10 138    32 100
 8  55  43  49   3  16   0 0.01    M    M 12.1 22  80   M    M  10 1238   26  80
 9  67  36  52   5  13   0 0.14    M    M 14.0 35 270   M    M   8 138    42 280
10  54  32  43  -4  22   0 0.00    M    M 15.9 37 310   M    M   1        46 300
11  67  26  47  -1  18   0 0.00    M    M  8.1 16 180   M    M   0 1      22 180
12  64  47  56   8   9   0 0.06    M    M 12.2 25 180   M    M   4 3      33 180
13  65  41  53   5  12   0 0.32    M    M 12.7 30 320   M    M   2 13     35 320
14  70  33  52   3  13   0 0.00    M    M  5.6 12 100   M    M   0        15 140
15  71  41  56   7   9   0 0.00    M    M 11.7 24 120   M    M   1        31 120
16  74  43  59   9   6   0 0.00    M    M  5.4 13  50   M    M   4 8      18  90
17  79  47  63  13   2   0 0.00    M    M  2.4  9 330   M    M   2 1      12 250
================================================================================
SM 1110  640       225   0  0.74    M    189.4          M       61
================================================================================
AV 65.3 37.6                              11.1 FASTST   M    M   4    MAX(MPH)
                                 MISC ---->  # 37 310               # 46  300
================================================================================
NOTES:
# LAST OF SEVERAL OCCURRENCES

COLUMN 17 PEAK WIND IN M.P.H.

PRELIMINARY LOCAL CLIMATOLOGICAL DATA (WS FORM: F-6) , PAGE 2

                                          STATION:  CEDAR RAPIDS IA
                                          MONTH:    APRIL
                                          YEAR:     2015
                                          LATITUDE:   41 52 N
                                          LONGITUDE:  91 42 W

[TEMPERATURE DATA]      [PRECIPITATION DATA]       SYMBOLS USED IN COLUMN 16

AVERAGE MONTHLY: 51.5   TOTAL FOR MONTH:   0.74    1 = FOG OR MIST
DPTR FM NORMAL:   4.6   DPTR FM NORMAL:   -0.83    2 = FOG REDUCING VISIBILITY
HIGHEST:    81 ON  1    GRTST 24HR  0.38 ON 12-13      TO 1/4 MILE OR LESS
LOWEST:     21 ON  4                               3 = THUNDER
                        SNOW, ICE PELLETS, HAIL    4 = ICE PELLETS
                        TOTAL MONTH:    M          5 = HAIL
                        GRTST 24HR    M  ON   M    6 = FREEZING RAIN OR DRIZZLE
                        GRTST DEPTH:  M  ON   M    7 = DUSTSTORM OR SANDSTORM:
                                                       VSBY 1/2 MILE OR LESS
                                                   8 = SMOKE OR HAZE
[NO. OF DAYS WITH]      [WEATHER - DAYS WITH]      9 = BLOWING SNOW
                                                   X = TORNADO
MAX 32 OR BELOW:   0    0.01 INCH OR MORE:   6
MAX 90 OR ABOVE:   0    0.10 INCH OR MORE:   3
MIN 32 OR BELOW:   4    0.50 INCH OR MORE:   0
MIN  0 OR BELOW:   0    1.00 INCH OR MORE:   0

[HDD (BASE 65) ]
TOTAL THIS MO.   225    CLEAR  (SCALE 0-3)   9
DPTR FM NORMAL   -89    PTCLDY (SCALE 4-7)   6
TOTAL FM JUL 1  6623    CLOUDY (SCALE 8-10)  2
DPTR FM NORMAL   145

[CDD (BASE 65) ]
TOTAL THIS MO.     0
DPTR FM NORMAL     0    [PRESSURE DATA]
TOTAL FM JAN 1     0    HIGHEST SLP M ON M
DPTR FM NORMAL     0    LOWEST  SLP 29.41 ON  9

[REMARKS]
