000
CXUS52 KCHS 270715
CF6CXM
PRELIMINARY LOCAL CLIMATOLOGICAL DATA (WS FORM: F-6)

                                          STATION:   DOWNTOWN CHARLESTON SC
                                          MONTH:     APRIL
                                          YEAR:      2015
                                          LATITUDE:   32 46 N
                                          LONGITUDE:  79 56 W

  TEMPERATURE IN F:       :PCPN:    SNOW:  WIND      :SUNSHINE: SKY     :PK WND
================================================================================
1   2   3   4   5  6A  6B    7    8   9   10  11  12  13   14  15   16   17  18
                                     12Z  AVG MX 2MIN
DY MAX MIN AVG DEP HDD CDD  WTR  SNW DPTH SPD SPD DIR MIN PSBL S-S WX    SPD DR
================================================================================

 1  68  59  64   2   1   0 0.00    M    M   M   M   M   M    M   M         M  M
 2  72  60  66   4   0   1 0.00    M    M   M  16  90   M    M   M        20 100
 3  76  61  69   7   0   4 0.00    M    M   M  18 180   M    M   M        22 180
 4  74  60  67   4   0   2 0.00    M    M  9.5 17 360   M    M   M        23 220
 5  65  53  59  -4   6   0 0.00    M    M 12.3 18  60   M    M   M        23  50
 6  75  59  67   4   0   2 0.00    M    M   M  16 100   M    M   M        19 100
 7  76  63  70   7   0   5 0.00    M    M  7.0 13 120   M    M   M        15 140
 8  80  65  73   9   0   8 0.00    M    M   M  16 180   M    M   M        18 190
 9  78  68  73   9   0   8 0.00    M    M   M  19 200   M    M   M        26 200
10  76  68  72   8   0   7 0.00    M    M 11.1 18 200   M    M   M        24 210
11  79  64  72   8   0   7 0.16    M    M   M  18  70   M    M   M        22  70
12  72  63  68   3   0   3 0.64    M    M   M   M   M   M    M   M         M  M
13  77  66  72   7   0   7 0.30    M    M   M   M   M   M    M   M         M  M
14  76  69  73   8   0   8 0.15    M    M   M  14 210   M    M   M        20 210
15  80  60  70   5   0   5 0.26    M    M   M   M   M   M    M   M         M  M
16  64  55  60  -6   5   0 0.01    M    M   M  18  20   M    M   M        24  70
17  74  61  68   2   0   3 0.17    M    M 11.3 14 350   M    M   M        18 360
18  78  67  73   7   0   8 0.09    M    M  4.6 14 120   M    M   M        16 110
19  74  66  70   4   0   5 0.43    M    M   M  14  90   M    M   M        18 160
20  76  66  71   4   0   6 0.00    M    M   M  13 200   M    M   M        21 200
21  78  63  71   4   0   6 0.00    M    M   M  12 230   M    M   M        19 220
22  79  60  70   3   0   5 0.00    M    M   M  20 190   M    M   M        27 200
23  83  64  74   7   0   9 0.00    M    M   M  12 220   M    M   M        19 280
24  72  59  66  -2   0   1 0.00    M    M   M  20  20   M    M   M        25  20
25  74  64  69   1   0   4 0.35    M    M   M  20 200   M    M   M        29 200
26  88  61  75   7   0  10 0.01    M    M   M   M   M   M    M   M         M  M
================================================================================
SM 1964 1624        12 124  2.57    M     55.8          M        M
================================================================================
AV 75.5 62.5                               9.3 FASTST   M    M   6    MAX(MPH)
                                 MISC ---->  # 20  20               # 29  200
================================================================================
NOTES:
# LAST OF SEVERAL OCCURRENCES

COLUMN 17 PEAK WIND IN M.P.H.

PRELIMINARY LOCAL CLIMATOLOGICAL DATA (WS FORM: F-6) , PAGE 2

                                          STATION:  DOWNTOWN CHARLESTON SC
                                          MONTH:    APRIL
                                          YEAR:     2015
                                          LATITUDE:   32 46 N
                                          LONGITUDE:  79 56 W

[TEMPERATURE DATA]      [PRECIPITATION DATA]       SYMBOLS USED IN COLUMN 16

AVERAGE MONTHLY: 69.0   TOTAL FOR MONTH:   2.57    1 = FOG OR MIST
DPTR FM NORMAL:   4.0   DPTR FM NORMAL:    0.35    2 = FOG REDUCING VISIBILITY
HIGHEST:    88 ON 26    GRTST 24HR  0.64 ON 12-12      TO 1/4 MILE OR LESS
LOWEST:     53 ON  5                               3 = THUNDER
                        SNOW, ICE PELLETS, HAIL    4 = ICE PELLETS
                        TOTAL MONTH:    M          5 = HAIL
                        GRTST 24HR    M  ON   M    6 = FREEZING RAIN OR DRIZZLE
                        GRTST DEPTH:  M  ON   M    7 = DUSTSTORM OR SANDSTORM:
                                                       VSBY 1/2 MILE OR LESS
                                                   8 = SMOKE OR HAZE
[NO. OF DAYS WITH]      [WEATHER - DAYS WITH]      9 = BLOWING SNOW
                                                   X = TORNADO
MAX 32 OR BELOW:   0    0.01 INCH OR MORE:  11
MAX 90 OR ABOVE:   0    0.10 INCH OR MORE:   8
MIN 32 OR BELOW:   0    0.50 INCH OR MORE:   1
MIN  0 OR BELOW:   0    1.00 INCH OR MORE:   0

[HDD (BASE 65) ]
TOTAL THIS MO.    12    CLEAR  (SCALE 0-3)   0
DPTR FM NORMAL   -54    PTCLDY (SCALE 4-7)   0
TOTAL FM JUL 1  1681    CLOUDY (SCALE 8-10)  0
DPTR FM NORMAL   -41

[CDD (BASE 65) ]
TOTAL THIS MO.   124
DPTR FM NORMAL    60    [PRESSURE DATA]
TOTAL FM JAN 1   141    HIGHEST SLP M ON M
DPTR FM NORMAL    54    LOWEST  SLP M ON M

[REMARKS]
