000
CXUS54 KMAF 201100
CF6E38
PRELIMINARY LOCAL CLIMATOLOGICAL DATA (WS FORM: F-6)

                                          STATION:   Alpine-Casparis Municipal
                                          MONTH:     APRIL
                                          YEAR:      2015
                                          LATITUDE:   30 23 N
                                          LONGITUDE: 103 41 W

  TEMPERATURE IN F:       :PCPN:    SNOW:  WIND      :SUNSHINE: SKY     :PK WND
================================================================================
1   2   3   4   5  6A  6B    7    8   9   10  11  12  13   14  15   16   17  18
                                     12Z  AVG MX 2MIN
DY MAX MIN AVG DEP HDD CDD  WTR  SNW DPTH SPD SPD DIR MIN PSBL S-S WX    SPD DR
================================================================================

 1  81  50  66   M   0   1 0.00  0.0    0 11.0 21 240   M    M   1        25 240
 2  84  51  68   M   0   3 0.00  0.0    0 10.7 21 220   M    M   0        27 220
 3  75  50  63   M   2   0 0.00  0.0    0  9.5 18  80   M    M   1        24  50
 4  62  45  54   M  11   0 0.00  0.0    0  7.9 13  50   M    M   4        16  40
 5  82  54  68   M   0   3 0.19  0.0    0  9.4 17 230   M    M   2 3      27 230
 6  83  53  68   M   0   3 0.00  0.0    0  8.2 18 230   M    M   0        23 220
 7  86  51  69   M   0   4 0.00  0.0    0  7.5 15 260   M    M   0        21 260
 8  85  60  73   M   0   8 0.00  0.0    0 13.2 22 200   M    M   2        36 180
 9  82  49  66   M   0   1 0.00  0.0    0  9.4 17 280   M    M   1        25 280
10  77  54  66   M   0   1 0.05  0.0    0  8.1 22 120   M    M   3 3      27 120
11  78  54  66   M   0   1 0.00  0.0    0  8.1 16 160   M    M   3        25 160
12  76  52  64   M   1   0 0.21  0.0    0 10.2 28 240   M    M   3 3      35 240
13  64  48  56   M   9   0 0.07    M    0 11.5 21 260   M    M   9        27 260
14  64  46  55   M  10   0 0.05    M    0  7.3 15  10   M    M   6        20 360
15  75  43  59   M   6   0 0.02    M    0  8.0 23 270   M    M   2 3      48 270
16  77  49  63   M   2   0 0.00  0.0    0  8.3 23 240   M    M   2        28 240
17  75  42  59   M   6   0 0.00  0.0    0  5.8 14 230   M    M   2        27 230
18  74  42  58   M   7   0 0.00  0.0    0  7.8 22 260   M    M   2        30 250
19  76  49  63   M   2   0 0.00  0.0    0  8.5 17 290   M    M   0        29 290
================================================================================
SM 1456  942        56  25  0.59     0.0 170.4          M       43
================================================================================
AV 76.6 49.6                               9.0 FASTST   M    M   2    MAX(MPH)
                                 MISC ---->    28   M                 48    M
================================================================================
NOTES:
# LAST OF SEVERAL OCCURRENCES

COLUMN 17 PEAK WIND IN M.P.H.

PRELIMINARY LOCAL CLIMATOLOGICAL DATA (WS FORM: F-6) , PAGE 2

                                          STATION:  Alpine-Casparis Municipal
                                          MONTH:    APRIL
                                          YEAR:     2015
                                          LATITUDE:   30 23 N
                                          LONGITUDE: 103 41 W

[TEMPERATURE DATA]      [PRECIPITATION DATA]       SYMBOLS USED IN COLUMN 16

AVERAGE MONTHLY: 63.1   TOTAL FOR MONTH:   0.59    1 = FOG OR MIST
DPTR FM NORMAL:     M   DPTR FM NORMAL:       M    2 = FOG REDUCING VISIBILITY
HIGHEST:    86 ON  7    GRTST 24HR  0.21 ON 12-12      TO 1/4 MILE OR LESS
LOWEST:     42 ON 18,17                            3 = THUNDER
                        SNOW, ICE PELLETS, HAIL    4 = ICE PELLETS
                        TOTAL MONTH:   0.0 INCH    5 = HAIL
                        GRTST 24HR     0.0         6 = FREEZING RAIN OR DRIZZLE
                        GRTST DEPTH:   0           7 = DUSTSTORM OR SANDSTORM:
                                                       VSBY 1/2 MILE OR LESS
                                                   8 = SMOKE OR HAZE
[NO. OF DAYS WITH]      [WEATHER - DAYS WITH]      9 = BLOWING SNOW
                                                   X = TORNADO
MAX 32 OR BELOW:   0    0.01 INCH OR MORE:   6
MAX 90 OR ABOVE:   0    0.10 INCH OR MORE:   2
MIN 32 OR BELOW:   0    0.50 INCH OR MORE:   0
MIN  0 OR BELOW:   0    1.00 INCH OR MORE:   0

[HDD (BASE 65) ]
TOTAL THIS MO.    56    CLEAR  (SCALE 0-3)  15
DPTR FM NORMAL     M    PTCLDY (SCALE 4-7)   3
TOTAL FM JUL 1  2540    CLOUDY (SCALE 8-10)  1
DPTR FM NORMAL     M

[CDD (BASE 65) ]
TOTAL THIS MO.    25
DPTR FM NORMAL     M    [PRESSURE DATA]
TOTAL FM JAN 1    33    HIGHEST SLP M ON M
DPTR FM NORMAL     M    LOWEST  SLP M ON M

[REMARKS]
