000
CXUS55 KVEF 240940
CF6EED
PRELIMINARY LOCAL CLIMATOLOGICAL DATA (WS FORM: F-6)

                                          STATION:   NEEDLES CA
                                          MONTH:     APRIL
                                          YEAR:      2015
                                          LATITUDE:   34 46 N
                                          LONGITUDE: 114 37 W

  TEMPERATURE IN F:       :PCPN:    SNOW:  WIND      :SUNSHINE: SKY     :PK WND
================================================================================
1   2   3   4   5  6A  6B    7    8   9   10  11  12  13   14  15   16   17  18
                                     12Z  AVG MX 2MIN
DY MAX MIN AVG DEP HDD CDD  WTR  SNW DPTH SPD SPD DIR MIN PSBL S-S WX    SPD DR
================================================================================

 1  90  65  78  10   0  13 0.00  0.0    0  8.6 16 250   M    M   0        20 250
 2  83  66  75   7   0  10 0.00  0.0    0 12.8 24  40   M    M   0        30  50
 3  82  60  71   3   0   6 0.00  0.0    0 13.8 26  10   M    M   0        32  10
 4  88  50  69   1   0   4 0.00  0.0    0  5.6 15 150   M    M   0        18 180
 5  88  57  73   4   0   8 0.00  0.0    0  9.9 22 250   M    M   0        33 180
 6  81  60  71   2   0   6 0.00  0.0    0 10.2 21 260   M    M   0        27 270
 7  79  56  68  -1   0   3 0.00  0.0    0 10.3 20 250   M    M   0        26 190
 8  77  56  67  -3   0   2 0.00  0.0    0  7.0 17 320   M    M   0        20 320
 9  82  53  68  -2   0   3 0.00  0.0    0  5.3 16  30   M    M   0        20  20
10  85  53  69  -1   0   4 0.00  0.0    0  4.7 12 190   M    M   0        15 160
11  89  59  74   4   0   9 0.00  0.0    0  5.5 15 240   M    M   0        24 240
12  94  59  77   6   0  12 0.00  0.0    0  5.7 16  40   M    M   0        21  30
13  96  62  79   8   0  14 0.00  0.0    0  7.6 18 260   M    M   0        22 260
14  93  65  79   8   0  14 0.00  0.0    0 16.0 38  10   M    M   1 8      49  20
15  74  58  66  -6   0   1 0.00  0.0    0 20.0 37  10   M    M   0        44  30
16  77  55  66  -6   0   1 0.00  0.0    0 12.1 26  40   M    M   0        33  50
17  86  53  70  -2   0   5 0.00  0.0    0  6.6 17  30   M    M   0        23  40
18  94  57  76   4   0  11 0.00  0.0    0  5.5 16 260   M    M   0        19 130
19  95  63  79   6   0  14 0.00  0.0    0  6.8 18 250   M    M   0        22 250
20  95  64  80   7   0  15 0.00  0.0    0  7.2 18 230   M    M   0        24 210
21  90  65  78   4   0  13 0.00  0.0    0  8.1 23 210   M    M   0        32 220
22  85  64  75   1   0  10 0.00  0.0    0  7.8 20 210   M    M   1        33 210
23  83  63  73  -1   0   8 0.00  0.0    0  9.5 28 250   M    M   1        32 250
================================================================================
SM 1986 1363         0 186  0.00     0.0 206.6          M        3
================================================================================
AV 86.3 59.3                               9.0 FASTST   M    M   0    MAX(MPH)
                                 MISC ---->  # 38  10               # 49   20
================================================================================
NOTES:
# LAST OF SEVERAL OCCURRENCES

COLUMN 17 PEAK WIND IN M.P.H.

PRELIMINARY LOCAL CLIMATOLOGICAL DATA (WS FORM: F-6) , PAGE 2

                                          STATION:  NEEDLES CA
                                          MONTH:    APRIL
                                          YEAR:     2015
                                          LATITUDE:   34 46 N
                                          LONGITUDE: 114 37 W

[TEMPERATURE DATA]      [PRECIPITATION DATA]       SYMBOLS USED IN COLUMN 16

AVERAGE MONTHLY: 72.8   TOTAL FOR MONTH:   0.00    1 = FOG OR MIST
DPTR FM NORMAL:   2.0   DPTR FM NORMAL:   -0.18    2 = FOG REDUCING VISIBILITY
HIGHEST:    96 ON 13    GRTST 24HR  0.00 ON 23-23      TO 1/4 MILE OR LESS
LOWEST:     50 ON  4                               3 = THUNDER
                        SNOW, ICE PELLETS, HAIL    4 = ICE PELLETS
                        TOTAL MONTH:   0.0 INCH    5 = HAIL
                        GRTST 24HR     0.0         6 = FREEZING RAIN OR DRIZZLE
                        GRTST DEPTH:   0           7 = DUSTSTORM OR SANDSTORM:
                                                       VSBY 1/2 MILE OR LESS
                                                   8 = SMOKE OR HAZE
[NO. OF DAYS WITH]      [WEATHER - DAYS WITH]      9 = BLOWING SNOW
                                                   X = TORNADO
MAX 32 OR BELOW:   0    0.01 INCH OR MORE:   0
MAX 90 OR ABOVE:   8    0.10 INCH OR MORE:   0
MIN 32 OR BELOW:   0    0.50 INCH OR MORE:   0
MIN  0 OR BELOW:   0    1.00 INCH OR MORE:   0

[HDD (BASE 65) ]
TOTAL THIS MO.     0    CLEAR  (SCALE 0-3)  23
DPTR FM NORMAL   -19    PTCLDY (SCALE 4-7)   0
TOTAL FM JUL 1   639    CLOUDY (SCALE 8-10)  0
DPTR FM NORMAL  -528

[CDD (BASE 65) ]
TOTAL THIS MO.   186
DPTR FM NORMAL    32    [PRESSURE DATA]
TOTAL FM JAN 1   495    HIGHEST SLP M ON M
DPTR FM NORMAL   258    LOWEST  SLP 29.56 ON  5

[REMARKS]
