000
CXUS52 KMHX 260700
CF6EWN
PRELIMINARY LOCAL CLIMATOLOGICAL DATA (WS FORM: F-6)

                                          STATION:   NEW BERN NC
                                          MONTH:     APRIL
                                          YEAR:      2015
                                          LATITUDE:   35  4 N
                                          LONGITUDE:  77  3 W

  TEMPERATURE IN F:       :PCPN:    SNOW:  WIND      :SUNSHINE: SKY     :PK WND
================================================================================
1   2   3   4   5  6A  6B    7    8   9   10  11  12  13   14  15   16   17  18
                                     12Z  AVG MX 2MIN
DY MAX MIN AVG DEP HDD CDD  WTR  SNW DPTH SPD SPD DIR MIN PSBL S-S WX    SPD DR
================================================================================

 1  64  47  56  -2   9   0 0.00  0.0    0  9.1 22 360   M    M   0        27  10
 2  73  37  55  -3  10   0 0.00  0.0    0  8.5 20 220   M    M   0        26 210
 3  81  58  70  11   0   5 0.00  0.0    0 13.2 23 200   M    M   2        35 180
 4  72  47  60   1   5   0 0.02  0.0    0 10.8 24 350   M    M   3        31 300
 5  69  38  54  -5  11   0 0.00  0.0    0  5.4 15 170   M    M   0        21 160
 6  77  48  63   4   2   0 0.00  0.0    0  5.9 17 170   M    M   1        25 160
 7  78  53  66   6   0   1    T  0.0    0  5.4 16 200   M    M   4 1      23 210
 8  86  60  73  13   0   8 0.28  0.0    0  4.8 16  40   M    M   6 13     23 170
 9  79  58  69   9   0   4 0.21  0.0    0  6.1 16 170   M    M   7 1238   23 160
10  85  66  76  16   0  11    T  0.0    0 11.6 22 210   M    M   1 1      30 180
11  72  52  62   1   3   0 0.12  0.0    0  6.0 18 350   M    M   3 13     24 350
12  71  51  61   0   4   0 0.00  0.0    0  7.5 16  60   M    M   0        21  70
13  78  49  64   3   1   0    T  0.0    0  6.2 16 160   M    M   1 12     26  80
14  82  69  76  14   0  11 0.28  0.0    0  8.4 17 200   M    M   7 1      23 210
15  73  53  63   1   2   0 0.11  0.0    0 10.5 18  60   M    M   9 1      24 290
16  71  53  62   0   3   0    T  0.0    0  8.6 16 100   M    M   9 1      23  70
17  77  58  68   6   0   3    T  0.0    0  2.9  9 180   M    M   6 1      12 130
18  77  63  70   8   0   5    T  0.0    0  2.0  9 210   M    M   6 1      11 200
19  75  64  70   7   0   5 0.66  0.0    0  8.2 17 170   M    M   8 1      24 170
20  81  68  75  12   0  10 0.32  0.0    0  9.8 20 200   M    M   5 1      28 150
21  76  58  67   4   0   2 0.00  0.0    0  9.1 21 310   M    M   2        28 320
22  79  50  65   1   0   0 0.00  0.0    0  8.1 21 250   M    M   0        30 260
23  70  51  61  -3   4   0 0.00  0.0    0  7.7 18 250   M    M   1 1      24 250
24  68  47  58  -6   7   0 0.00  0.0    0  7.2 18 360   M    M   0        24 340
25  65  47  56  -8   9   0 0.02    M    0  4.7 15 230   M    M   7 1      21 240
================================================================================
SM 1879 1345        70  65  2.02     0.0 187.7          M       88
================================================================================
AV 75.2 53.8                               7.5 FASTST   M    M   4    MAX(MPH)
                                 MISC ---->  # 24 350               # 35  180
================================================================================
NOTES:
# LAST OF SEVERAL OCCURRENCES

COLUMN 17 PEAK WIND IN M.P.H.

PRELIMINARY LOCAL CLIMATOLOGICAL DATA (WS FORM: F-6) , PAGE 2

                                          STATION:  NEW BERN NC
                                          MONTH:    APRIL
                                          YEAR:     2015
                                          LATITUDE:   35  4 N
                                          LONGITUDE:  77  3 W

[TEMPERATURE DATA]      [PRECIPITATION DATA]       SYMBOLS USED IN COLUMN 16

AVERAGE MONTHLY: 64.5   TOTAL FOR MONTH:   2.02    1 = FOG OR MIST
DPTR FM NORMAL:   3.3   DPTR FM NORMAL:   -0.62    2 = FOG REDUCING VISIBILITY
HIGHEST:    86 ON  8    GRTST 24HR  0.98 ON 19-20      TO 1/4 MILE OR LESS
LOWEST:     37 ON  2                               3 = THUNDER
                        SNOW, ICE PELLETS, HAIL    4 = ICE PELLETS
                        TOTAL MONTH:   0.0 INCH    5 = HAIL
                        GRTST 24HR     0.0         6 = FREEZING RAIN OR DRIZZLE
                        GRTST DEPTH:   0           7 = DUSTSTORM OR SANDSTORM:
                                                       VSBY 1/2 MILE OR LESS
                                                   8 = SMOKE OR HAZE
[NO. OF DAYS WITH]      [WEATHER - DAYS WITH]      9 = BLOWING SNOW
                                                   X = TORNADO
MAX 32 OR BELOW:   0    0.01 INCH OR MORE:   9
MAX 90 OR ABOVE:   0    0.10 INCH OR MORE:   7
MIN 32 OR BELOW:   0    0.50 INCH OR MORE:   1
MIN  0 OR BELOW:   0    1.00 INCH OR MORE:   0

[HDD (BASE 65) ]
TOTAL THIS MO.    70    CLEAR  (SCALE 0-3)  14
DPTR FM NORMAL   -68    PTCLDY (SCALE 4-7)   9
TOTAL FM JUL 1  2665    CLOUDY (SCALE 8-10)  2
DPTR FM NORMAL    12

[CDD (BASE 65) ]
TOTAL THIS MO.    65
DPTR FM NORMAL    23    [PRESSURE DATA]
TOTAL FM JAN 1    95    HIGHEST SLP M ON M
DPTR FM NORMAL    39    LOWEST  SLP 29.55 ON 25

[REMARKS]
