000
CXUS53 KMPX 251000
CF6FCM
PRELIMINARY LOCAL CLIMATOLOGICAL DATA (WS FORM: F-6)

                                          STATION:   MINNEAPOLIS FLYING CLOUD MN
                                          MONTH:     APRIL
                                          YEAR:      2015
                                          LATITUDE:   44 49 N
                                          LONGITUDE:  93 27 W

  TEMPERATURE IN F:       :PCPN:    SNOW:  WIND      :SUNSHINE: SKY     :PK WND
================================================================================
1   2   3   4   5  6A  6B    7    8   9   10  11  12  13   14  15   16   17  18
                                     12Z  AVG MX 2MIN
DY MAX MIN AVG DEP HDD CDD  WTR  SNW DPTH SPD SPD DIR MIN PSBL S-S WX    SPD DR
================================================================================

 1  83  45  64  24   1   0 0.19    M    M 15.0 37 200   M    M   1 3      48 200
 2  65  34  50  10  15   0 0.00    M    M 15.7 32 290   M    M   1        47 290
 3  43  27  35  -6  30   0 0.00    M    M 11.7 21 310   M    M   5        30 300
 4  53  29  41  -1  24   0    T    M    M  6.8 14 280   M    M   4        19 230
 5  52  36  44   2  21   0 0.00    M    M 11.7 22  60   M    M   4        28  50
 6  43  39  41  -2  24   0 0.16    M    M 13.3 23  70   M    M   9 1      28  50
 7  42  38  40  -3  25   0 0.01    M    M 12.6 23  80   M    M  10 18     29  60
 8  48  37  43  -1  22   0 0.01    M    M  9.3 16  80   M    M  10 18     21  80
 9  41  32  37  -7  28   0 0.68    M    M  8.4 20 360   M    M   7 12     26 360
10  57  32  45   0  20   0 0.02    M    M  9.6 22 330   M    M   5 128    28 290
11  69  35  52   7  13   0 0.00    M    M 11.1 24 170   M    M   0        32 180
12  77  50  64  18   1   0 0.60    M    M 17.0 36 170   M    M   5 13     45 170
13  65  44  55   9  10   0    T    M    M 12.7 26 280   M    M   2        37 280
14  73  37  55   8  10   0 0.00    M    M  7.6 17 160   M    M   0        23 250
15  71  44  58  11   7   0 0.00    M    M 10.9 26 150   M    M   1        33 140
16  73  51  62  14   3   0    T    M    M  6.7 18 130   M    M   8 8      23 130
17  74  48  61  13   4   0 0.00    M    M  5.2 13 330   M    M   0        15 340
18  72  46  59  10   6   0 0.08    M    M 10.8 20 110   M    M   3 1      27 110
19  62  45  54   5  11   0 0.09    M    M 12.5 28 320   M    M  10 1      38 340
20  45  36  41  -9  24   0    T    M    M 18.1 28 300   M    M  10        38 280
21  43  35  39 -11  26   0    M    M    M 19.1 31 300   M    M  10        42 300
22  50  32  41  -9  24   0 0.00  0.0    0 14.8 24 310   M    M   2        35 350
23  55  29  42  -9  23   0 0.00  0.0    0  5.9 16 320   M    M   0        20 320
24  50  42  46  -5  19   0 0.43  0.0    0 13.0 22 110   M    M   9 18     29 110
================================================================================
SM 1406  923       391   0  2.27     0.0 279.5          M      116
================================================================================
AV 58.6 38.5                              11.6 FASTST   M    M   5    MAX(MPH)
                                 MISC ---->  # 37 200               # 48  200
================================================================================
NOTES:
# LAST OF SEVERAL OCCURRENCES

COLUMN 17 PEAK WIND IN M.P.H.

PRELIMINARY LOCAL CLIMATOLOGICAL DATA (WS FORM: F-6) , PAGE 2

                                          STATION:  MINNEAPOLIS FLYING CLOUD MN
                                          MONTH:    APRIL
                                          YEAR:     2015
                                          LATITUDE:   44 49 N
                                          LONGITUDE:  93 27 W

[TEMPERATURE DATA]      [PRECIPITATION DATA]       SYMBOLS USED IN COLUMN 16

AVERAGE MONTHLY: 48.5   TOTAL FOR MONTH:   2.27    1 = FOG OR MIST
DPTR FM NORMAL:   2.6   DPTR FM NORMAL:    0.14    2 = FOG REDUCING VISIBILITY
HIGHEST:    83 ON  1    GRTST 24HR  0.69 ON  8- 9      TO 1/4 MILE OR LESS
LOWEST:     27 ON  3                               3 = THUNDER
                        SNOW, ICE PELLETS, HAIL    4 = ICE PELLETS
                        TOTAL MONTH:   0.0 INCH    5 = HAIL
                        GRTST 24HR     0.0         6 = FREEZING RAIN OR DRIZZLE
                        GRTST DEPTH:   0           7 = DUSTSTORM OR SANDSTORM:
                                                       VSBY 1/2 MILE OR LESS
                                                   8 = SMOKE OR HAZE
[NO. OF DAYS WITH]      [WEATHER - DAYS WITH]      9 = BLOWING SNOW
                                                   X = TORNADO
MAX 32 OR BELOW:   0    0.01 INCH OR MORE:  10
MAX 90 OR ABOVE:   0    0.10 INCH OR MORE:   5
MIN 32 OR BELOW:   6    0.50 INCH OR MORE:   2
MIN  0 OR BELOW:   0    1.00 INCH OR MORE:   0

[HDD (BASE 65) ]
TOTAL THIS MO.   391    CLEAR  (SCALE 0-3)  10
DPTR FM NORMAL   -68    PTCLDY (SCALE 4-7)   7
TOTAL FM JUL 1  7277    CLOUDY (SCALE 8-10)  7
DPTR FM NORMAL    -5

[CDD (BASE 65) ]
TOTAL THIS MO.     0
DPTR FM NORMAL     0    [PRESSURE DATA]
TOTAL FM JAN 1     0    HIGHEST SLP M ON M
DPTR FM NORMAL     0    LOWEST  SLP 29.41 ON  1

[REMARKS]
