000
CXUS54 KHGX 251415
CF6HGX
PRELIMINARY LOCAL CLIMATOLOGICAL DATA (WS FORM: F-6)

                                          STATION:   DICKINSON  WFO
                                          MONTH:     APRIL
                                          YEAR:      2015
                                          LATITUDE:   29 28 N
                                          LONGITUDE:  95  5 W

  TEMPERATURE IN F:       :PCPN:    SNOW:  WIND      :SUNSHINE: SKY     :PK WND
================================================================================
1   2   3   4   5  6A  6B    7    8   9   10  11  12  13   14  15   16   17  18
                                     12Z  AVG MX 2MIN
DY MAX MIN AVG DEP HDD CDD  WTR  SNW DPTH SPD SPD DIR MIN PSBL S-S WX    SPD DR
================================================================================

 1  78  68  73   8   0   8 0.00    M    M   M   M   M   M    M   M         M  M
 2  80  69  75  10   0  10    T  0.0    M   M   M   M   M    M   M         M  M
 3  81  71  76  11   0  11 0.02  0.0    M   M   M   M   M    M   M         M  M
 4  72  62  67   2   0   2    T  0.0    M   M   M   M   M    M   M         M  M
 5  76  64  70   5   0   5 0.06    M    M   M   M   M   M    M   M         M  M
 6  79  68  74   8   0   9 0.00  0.0    M   M   M   M   M    M   M         M  M
 7  83  68  76  10   0  11 0.00  0.0    M   M   M   M   M    M   M         M  M
 8   M   M   M   M   M   M    M    M    M   M   M   M   M    M   M         M  M
 9  82  74  78  12   0  13 0.00  0.0    M   M   M   M   M    M   M         M  M
10  79  64  72   6   0   7 0.27  0.0    M   M   M   M   M    M   M 3       M  M
11  73  66  70   3   0   5 1.32    M    M   M   M   M   M    M   M 3       M  M
12  77  68  73   6   0   8 0.98    M    M   M   M   M   M    M   M 3       M  M
13  86  68  77  10   0  12 0.30    M    M   M   M   M   M    M   M 3       M  M
14  77  64  71   4   0   6 1.25    M    M   M   M   M   M    M   M 3       M  M
15  78  61  70   2   0   5 0.00  0.0    M   M   M   M   M    M   M         M  M
16  82  67  75   7   0  10 0.12  0.0    M   M   M   M   M    M   M 3       M  M
17  81  65  73   5   0   8 1.33  0.0    M   M   M   M   M    M   M 3       M  M
18  76  65  71   3   0   6 0.18  0.0    M   M   M   M   M    M   M 3       M  M
19  85  59  72   4   0   7 0.24    M    M   M   M   M   M    M   M 3       M  M
20  75  60  68  -1   0   3 0.00  0.0    M   M   M   M   M    M   M         M  M
21  76  60  68  -1   0   3 0.00  0.0    M   M   M   M   M    M   M         M  M
22  81  69  75   6   0  10    T  0.0    M   M   M   M   M    M   M         M  M
23  87  71  79  10   0  14 0.00  0.0    M   M   M   M   M    M   M         M  M
24  85  72  79   9   0  14 0.01  0.0    M   M   M   M   M    M   M 3       M  M
================================================================================
SM 1829 1523         0 187  6.08     0.0     M          M        M
================================================================================
AV 79.5 66.2                                 M FASTST   M    M   6    MAX(MPH)
                                 MISC ---->     M   M                  M    M
================================================================================
NOTES:
# LAST OF SEVERAL OCCURRENCES

COLUMN 17 PEAK WIND IN M.P.H.

PRELIMINARY LOCAL CLIMATOLOGICAL DATA (WS FORM: F-6) , PAGE 2

                                          STATION:  DICKINSON  WFO
                                          MONTH:    APRIL
                                          YEAR:     2015
                                          LATITUDE:   29 28 N
                                          LONGITUDE:  95  5 W

[TEMPERATURE DATA]      [PRECIPITATION DATA]       SYMBOLS USED IN COLUMN 16

AVERAGE MONTHLY: 72.9   TOTAL FOR MONTH:   6.08    1 = FOG OR MIST
DPTR FM NORMAL:   5.8   DPTR FM NORMAL:    3.38    2 = FOG REDUCING VISIBILITY
HIGHEST:    87 ON 23    GRTST 24HR  1.33 ON 17-17      TO 1/4 MILE OR LESS
LOWEST:     59 ON 19                               3 = THUNDER
                        SNOW, ICE PELLETS, HAIL    4 = ICE PELLETS
                        TOTAL MONTH:   0.0 INCH    5 = HAIL
                        GRTST 24HR     0.0         6 = FREEZING RAIN OR DRIZZLE
                        GRTST DEPTH:  M  ON   M    7 = DUSTSTORM OR SANDSTORM:
                                                       VSBY 1/2 MILE OR LESS
                                                   8 = SMOKE OR HAZE
[NO. OF DAYS WITH]      [WEATHER - DAYS WITH]      9 = BLOWING SNOW
                                                   X = TORNADO
MAX 32 OR BELOW:   0    0.01 INCH OR MORE:  12
MAX 90 OR ABOVE:   0    0.10 INCH OR MORE:   9
MIN 32 OR BELOW:   0    0.50 INCH OR MORE:   4
MIN  0 OR BELOW:   0    1.00 INCH OR MORE:   3

[HDD (BASE 65) ]
TOTAL THIS MO.     0    CLEAR  (SCALE 0-3)   0
DPTR FM NORMAL   -43    PTCLDY (SCALE 4-7)   0
TOTAL FM JUL 1  1454    CLOUDY (SCALE 8-10)  0
DPTR FM NORMAL    57

[CDD (BASE 65) ]
TOTAL THIS MO.   187
DPTR FM NORMAL    95    [PRESSURE DATA]
TOTAL FM JAN 1   250    HIGHEST SLP M ON M
DPTR FM NORMAL    82    LOWEST  SLP M ON M

[REMARKS]
