000
CXUS53 KICT 180800
CF6ICT
PRELIMINARY LOCAL CLIMATOLOGICAL DATA (WS FORM: F-6)

                                          STATION:   WICHITA EISENHOWER NATIONAL
                                          MONTH:     APRIL
                                          YEAR:      2015
                                          LATITUDE:   37 39 N
                                          LONGITUDE:  97 25 W

  TEMPERATURE IN F:       :PCPN:    SNOW:  WIND      :SUNSHINE: SKY     :PK WND
================================================================================
1   2   3   4   5  6A  6B    7    8   9   10  11  12  13   14  15   16   17  18
                                     12Z  AVG MX 2MIN
DY MAX MIN AVG DEP HDD CDD  WTR  SNW DPTH SPD SPD DIR MIN PSBL S-S WX    SPD DR
================================================================================

 1  87  52  70  19   0   5 0.00  0.0    0 17.2 31 180   M    M   5 18     37 180
 2  78  56  67  15   0   2 0.04  0.0    0 14.9 48 310   M    M   7 358    68 350
 3  60  35  48  -4  17   0 0.00  0.0    0 18.0 31  10   M    M   5        41 360
 4  65  25  45  -7  20   0 0.00  0.0    0 10.6 24 160   M    M   3        28 180
 5  62  44  53   0  12   0    T    M    0 18.6 30 180   M    M   9 1      36 170
 6  86  52  69  16   0   4 0.02  0.0    0 17.9 25 170   M    M   7 1      32 170
 7  85  57  71  18   0   6 0.00  0.0    0 11.7 21  50   M    M   5        24  30
 8  82  58  70  16   0   5 0.02  0.0    0 10.5 24 190   M    M   9 38     29 180
 9  69  40  55   1  10   0 0.00  0.0    0 21.5 35 320   M    M   6 18     43 320
10  72  34  53  -1  12   0 0.00  0.0    0  4.6 10 280   M    M   2        17 330
11  71  50  61   6   4   0 0.06  0.0    0 13.3 28 190   M    M   8 138    36 180
12  79  52  66  11   0   1 1.30  0.0    0 13.3 31 300   M    M   8 13     48 300
13  67  53  60   5   5   0    T  0.0    0 16.1 31  50   M    M   9 3      38  50
14  69  52  61   5   4   0    T  0.0    0  9.2 17  70   M    M   9        21 100
15  67  54  61   5   4   0 0.00  0.0    0 10.7 18 140   M    M   8        22 140
16  80  51  66  10   0   1 0.00  0.0    0 11.5 22 130   M    M   7        28 160
17  74  58  66   9   0   1 0.40  0.0    0  6.7 18 270   M    M   8 13     22 270
================================================================================
SM 1253  823        88  25  1.84     0.0 226.3          M      115
================================================================================
AV 73.7 48.4                              13.3 FASTST   M    M   7    MAX(MPH)
                                 MISC ---->  # 48 310               # 68  350
================================================================================
NOTES:
# LAST OF SEVERAL OCCURRENCES

COLUMN 17 PEAK WIND IN M.P.H.

PRELIMINARY LOCAL CLIMATOLOGICAL DATA (WS FORM: F-6) , PAGE 2

                                          STATION:  WICHITA EISENHOWER NATIONAL
                                          MONTH:    APRIL
                                          YEAR:     2015
                                          LATITUDE:   37 39 N
                                          LONGITUDE:  97 25 W

[TEMPERATURE DATA]      [PRECIPITATION DATA]       SYMBOLS USED IN COLUMN 16

AVERAGE MONTHLY: 61.1   TOTAL FOR MONTH:   1.84    1 = FOG OR MIST
DPTR FM NORMAL:   7.1   DPTR FM NORMAL:    0.53    2 = FOG REDUCING VISIBILITY
HIGHEST:    87 ON  1    GRTST 24HR  1.30 ON 12-12      TO 1/4 MILE OR LESS
LOWEST:     25 ON  4                               3 = THUNDER
                        SNOW, ICE PELLETS, HAIL    4 = ICE PELLETS
                        TOTAL MONTH:   0.0 INCH    5 = HAIL
                        GRTST 24HR     0.0         6 = FREEZING RAIN OR DRIZZLE
                        GRTST DEPTH:   0           7 = DUSTSTORM OR SANDSTORM:
                                                       VSBY 1/2 MILE OR LESS
                                                   8 = SMOKE OR HAZE
[NO. OF DAYS WITH]      [WEATHER - DAYS WITH]      9 = BLOWING SNOW
                                                   X = TORNADO
MAX 32 OR BELOW:   0    0.01 INCH OR MORE:   6
MAX 90 OR ABOVE:   0    0.10 INCH OR MORE:   2
MIN 32 OR BELOW:   1    0.50 INCH OR MORE:   1
MIN  0 OR BELOW:   0    1.00 INCH OR MORE:   1

[HDD (BASE 65) ]
TOTAL THIS MO.    88    CLEAR  (SCALE 0-3)   2
DPTR FM NORMAL  -109    PTCLDY (SCALE 4-7)  10
TOTAL FM JUL 1  4127    CLOUDY (SCALE 8-10)  5
DPTR FM NORMAL  -287

[CDD (BASE 65) ]
TOTAL THIS MO.    25
DPTR FM NORMAL    15    [PRESSURE DATA]
TOTAL FM JAN 1    25    HIGHEST SLP M ON M
DPTR FM NORMAL    13    LOWEST  SLP 29.50 ON  9

[REMARKS]
