000
CXUS53 KBIS 250724
CF6ISN
PRELIMINARY LOCAL CLIMATOLOGICAL DATA (WS FORM: F-6)

                                          STATION:   WILLISTON ND
                                          MONTH:     APRIL
                                          YEAR:      2015
                                          LATITUDE:   48 10 N
                                          LONGITUDE: 103 38 W

  TEMPERATURE IN F:       :PCPN:    SNOW:  WIND      :SUNSHINE: SKY     :PK WND
================================================================================
1   2   3   4   5  6A  6B    7    8   9   10  11  12  13   14  15   16   17  18
                                     12Z  AVG MX 2MIN
DY MAX MIN AVG DEP HDD CDD  WTR  SNW DPTH SPD SPD DIR MIN PSBL S-S WX    SPD DR
================================================================================

 1  58  35  47  10  18   0 0.00    M    M 18.1 33 290   M    M   3        45 310
 2  41  19  30  -8  35   0    T    M    M 19.5 36 310   M    M   6 1      45 300
 3  50  17  34  -4  31   0 0.03    M    M  9.0 23 310   M    M   7 128    31 330
 4  56  20  38   0  27   0    T    M    M  6.1 22  30   M    M   3        26  20
 5  33  28  31  -8  34   0 0.02    M    M 11.5 18  80   M    M   9 1      24  70
 6  34  26  30  -9  35   0 0.03    M    M 12.0 22 110   M    M  10 1      29 120
 7  52  25  39  -1  26   0 0.01    M    M  9.6 17 110   M    M   6        23 120
 8  52  20  36  -4  29   0 0.00    M    M  4.5 12 120   M    M   1 1      16  40
 9  63  28  46   5  19   0 0.00    M    M 13.5 28 320   M    M   1        38 320
10  66  19  43   2  22   0 0.00    M    M  4.5 15 220   M    M   0        19 190
11  77  35  56  14   9   0 0.00    M    M 11.2 28 260   M    M   1        40 250
12  58  33  46   4  19   0    T    M    M 15.8 36 310   M    M   5        43 310
13  60  29  45   3  20   0 0.00    M    M 10.4 26 270   M    M   0        30 260
14  79  28  54  11  11   0 0.00    M    M  9.4 26 140   M    M   0 8      35 120
15  68  40  54  11  11   0 0.00    M    M 14.0 25 240   M    M   0        31 350
16  65  34  50   6  15   0 0.00    M    M  5.1 13 290   M    M   1        16 280
17  72  28  50   6  15   0 0.00    M    M  6.8 15  30   M    M   0        19 110
18  73  36  55  10  10   0 0.02    M    M 12.6 28 330   M    M   3 3      36 340
19  52  32  42  -3  23   0    T    M    M 19.6 33 330   M    M   6        43 340
20  56  22  39  -6  26   0 0.00    M    M 12.2 29 330   M    M   1        40 310
21  52  22  37  -9  28   0 0.00    M    M  7.2 17  20   M    M   4        23 360
22  59  15  37  -9  28   0 0.00    M    M  5.4 16 120   M    M   0        21 100
23  49  37  43  -3  22   0    T    M    M 10.0 24 160   M    M   3        30 160
24  69  30  50   3  15   0 0.00    M    M  7.1 15 100   M    M   2        22 110
================================================================================
SM 1394  658       528   0  0.11    M    255.1          M       72
================================================================================
AV 58.1 27.4                              10.6 FASTST   M    M   3    MAX(MPH)
                                 MISC ---->  # 36 310               # 45  310
================================================================================
NOTES:
# LAST OF SEVERAL OCCURRENCES

COLUMN 17 PEAK WIND IN M.P.H.

PRELIMINARY LOCAL CLIMATOLOGICAL DATA (WS FORM: F-6) , PAGE 2

                                          STATION:  WILLISTON ND
                                          MONTH:    APRIL
                                          YEAR:     2015
                                          LATITUDE:   48 10 N
                                          LONGITUDE: 103 38 W

[TEMPERATURE DATA]      [PRECIPITATION DATA]       SYMBOLS USED IN COLUMN 16

AVERAGE MONTHLY: 42.8   TOTAL FOR MONTH:   0.11    1 = FOG OR MIST
DPTR FM NORMAL:   0.6   DPTR FM NORMAL:   -0.63    2 = FOG REDUCING VISIBILITY
HIGHEST:    79 ON 14    GRTST 24HR  0.05 ON  5- 6      TO 1/4 MILE OR LESS
LOWEST:     15 ON 22                               3 = THUNDER
                        SNOW, ICE PELLETS, HAIL    4 = ICE PELLETS
                        TOTAL MONTH:    M          5 = HAIL
                        GRTST 24HR    M  ON   M    6 = FREEZING RAIN OR DRIZZLE
                        GRTST DEPTH:  M  ON   M    7 = DUSTSTORM OR SANDSTORM:
                                                       VSBY 1/2 MILE OR LESS
                                                   8 = SMOKE OR HAZE
[NO. OF DAYS WITH]      [WEATHER - DAYS WITH]      9 = BLOWING SNOW
                                                   X = TORNADO
MAX 32 OR BELOW:   0    0.01 INCH OR MORE:   5
MAX 90 OR ABOVE:   0    0.10 INCH OR MORE:   0
MIN 32 OR BELOW:  17    0.50 INCH OR MORE:   0
MIN  0 OR BELOW:   0    1.00 INCH OR MORE:   0

[HDD (BASE 65) ]
TOTAL THIS MO.   528    CLEAR  (SCALE 0-3)  14
DPTR FM NORMAL   -21    PTCLDY (SCALE 4-7)   8
TOTAL FM JUL 1  7913    CLOUDY (SCALE 8-10)  2
DPTR FM NORMAL  -511

[CDD (BASE 65) ]
TOTAL THIS MO.     0
DPTR FM NORMAL     0    [PRESSURE DATA]
TOTAL FM JAN 1     0    HIGHEST SLP M ON M
DPTR FM NORMAL     0    LOWEST  SLP 29.35 ON  1

[REMARKS]
