000
CXUS56 KMFR 251000
CF6LMT
PRELIMINARY LOCAL CLIMATOLOGICAL DATA (WS FORM: F-6)

                                          STATION:   KLAMATH FALLS OR
                                          MONTH:     APRIL
                                          YEAR:      2015
                                          LATITUDE:   42  9 N
                                          LONGITUDE: 121 44 W

  TEMPERATURE IN F:       :PCPN:    SNOW:  WIND      :SUNSHINE: SKY     :PK WND
================================================================================
1   2   3   4   5  6A  6B    7    8   9   10  11  12  13   14  15   16   17  18
                                     12Z  AVG MX 2MIN
DY MAX MIN AVG DEP HDD CDD  WTR  SNW DPTH SPD SPD DIR MIN PSBL S-S WX    SPD DR
================================================================================

 1  49  18  34  -6  31   0 0.00    M    M  6.1 24 340   M    M   2 1      29 340
 2  51  17  34  -6  31   0    T    M    M  2.7 14 310   M    M   1 3      16 310
 3  55  17  36  -4  29   0 0.00    M    M  6.2 21 290   M    M   1 1      30 270
 4  52  26  39  -1  26   0    T    M    M  7.3 18 270   M    M   4        23 290
 5  43  23  33  -8  32   0    T    M    M  8.7 26 280   M    M   8 18     31 270
 6  46  22  34  -7  31   0    T    M    M 14.2 31 180   M    M   6        39 190
 7  44  30  37  -4  28   0 0.03    M    M 13.1 24 160   M    M   8 18     30 150
 8  51  25  38  -3  27   0    T    M    M  7.2 17 270   M    M   5 1      23 250
 9  59  19  39  -2  26   0 0.00    M    M  3.5 12 160   M    M   0 12     15 190
10  61  21  41  -1  24   0 0.00    M    M  5.8 23 270   M    M   1        29 270
11  53  28  41  -1  24   0 0.05    M    M 11.4 26 250   M    M   7        33 260
12  63  20  42   0  23   0 0.00    M    M  1.9  8 150   M    M   0 12     11 180
13  68  24  46   4  19   0    T    M    M 12.9 30 280   M    M   4 1      40 230
14  45  24  35  -7  30   0 0.00    M    M 13.1 29 320   M    M   2        35 320
15  56  17  37  -6  28   0 0.00    M    M  5.8 15  40   M    M   1 1      18  10
16  67  26  47   4  18   0 0.00    M    M  3.3 10 240   M    M   0        15 260
17  73  28  51   8  14   0 0.00    M    M  5.1 20 330   M    M   0        23 320
18  71  37  54  10  11   0 0.00    M    M  8.3 17  30   M    M   0 8      23  30
19  74  29  52   8  13   0 0.00    M    M  3.4 12 330   M    M   0        14 330
20  76  29  53   9  12   0 0.00    M    M  3.0 18 340   M    M   0        21 340
21  72  31  52   8  13   0    T    M    M  5.9 21 310   M    M   2 8      24 310
22  65  35  50   5  15   0 0.00    M    M  9.5 18 310   M    M   0        23 320
23  62  25  44  -1  21   0    T    M    M  9.1 24 290   M    M   5 1      31 290
24  48  31  40  -5  25   0 0.00    M    M  8.5 20 270   M    M   7        23 270
================================================================================
SM 1404  602       551   0  0.08    M    176.0          M       64
================================================================================
AV 58.5 25.1                               7.3 FASTST   M    M   3    MAX(MPH)
                                 MISC ---->  # 31 180               # 40  230
================================================================================
NOTES:
# LAST OF SEVERAL OCCURRENCES

COLUMN 17 PEAK WIND IN M.P.H.

PRELIMINARY LOCAL CLIMATOLOGICAL DATA (WS FORM: F-6) , PAGE 2

                                          STATION:  KLAMATH FALLS OR
                                          MONTH:    APRIL
                                          YEAR:     2015
                                          LATITUDE:   42  9 N
                                          LONGITUDE: 121 44 W

[TEMPERATURE DATA]      [PRECIPITATION DATA]       SYMBOLS USED IN COLUMN 16

AVERAGE MONTHLY: 41.8   TOTAL FOR MONTH:   0.08    1 = FOG OR MIST
DPTR FM NORMAL:  -0.5   DPTR FM NORMAL:   -0.93    2 = FOG REDUCING VISIBILITY
HIGHEST:    76 ON 20    GRTST 24HR  0.05 ON 11-11      TO 1/4 MILE OR LESS
LOWEST:     17 ON 15, 3                            3 = THUNDER
                        SNOW, ICE PELLETS, HAIL    4 = ICE PELLETS
                        TOTAL MONTH:    M          5 = HAIL
                        GRTST 24HR    M  ON   M    6 = FREEZING RAIN OR DRIZZLE
                        GRTST DEPTH:  M  ON   M    7 = DUSTSTORM OR SANDSTORM:
                                                       VSBY 1/2 MILE OR LESS
                                                   8 = SMOKE OR HAZE
[NO. OF DAYS WITH]      [WEATHER - DAYS WITH]      9 = BLOWING SNOW
                                                   X = TORNADO
MAX 32 OR BELOW:   0    0.01 INCH OR MORE:   2
MAX 90 OR ABOVE:   0    0.10 INCH OR MORE:   0
MIN 32 OR BELOW:  22    0.50 INCH OR MORE:   0
MIN  0 OR BELOW:   0    1.00 INCH OR MORE:   0

[HDD (BASE 65) ]
TOTAL THIS MO.   551    CLEAR  (SCALE 0-3)  15
DPTR FM NORMAL     6    PTCLDY (SCALE 4-7)   8
TOTAL FM JUL 1  4771    CLOUDY (SCALE 8-10)  1
DPTR FM NORMAL -1436

[CDD (BASE 65) ]
TOTAL THIS MO.     0
DPTR FM NORMAL     0    [PRESSURE DATA]
TOTAL FM JAN 1     0    HIGHEST SLP M ON M
DPTR FM NORMAL     0    LOWEST  SLP  0.00 ON  7

[REMARKS]
