000
CXUS53 KILX 202300
CF6LWV
PRELIMINARY LOCAL CLIMATOLOGICAL DATA (WS FORM: F-6)

                                          STATION:   LAWRENCEVILLE IL AIRPORT
                                          MONTH:     APRIL
                                          YEAR:      2015
                                          LATITUDE:   38 45 N
                                          LONGITUDE:  87 36 W

  TEMPERATURE IN F:       :PCPN:    SNOW:  WIND      :SUNSHINE: SKY     :PK WND
================================================================================
1   2   3   4   5  6A  6B    7    8   9   10  11  12  13   14  15   16   17  18
                                     12Z  AVG MX 2MIN
DY MAX MIN AVG DEP HDD CDD  WTR  SNW DPTH SPD SPD DIR MIN PSBL S-S WX    SPD DR
================================================================================

 1  73  39  56   5   9   0 0.00    M    M  9.2 17 170   M    M   0        21 180
 2  75  54  65  14   0   0 1.87    M    M 12.2 36 200   M    M   6 138    47 210
 3  61  42  52   1  13   0 1.55    M    M 13.0 29 340   M    M   8 13     37 330
 4  56  33  45  -7  20   0 0.00    M    M  7.2 16 220   M    M   0        20 340
 5  65  36  51  -1  14   0 0.00    M    M  8.1 17 190   M    M   1        26 230
 6  60  50  55   3  10   0    T    M    M  8.9 18 180   M    M  10 18     23 120
 7  66  57  62   9   3   0 0.27    M    M  7.1 29 180   M    M   8 13     36 170
 8  76  60  68  15   0   3 0.34    M    M  8.5 25 150   M    M   4 13     30 150
 9  79  59  69  15   0   4 0.15    M    M 15.1 31 240   M    M   3 138    43 230
10  67  46  57   3   8   0 0.00    M    M 14.3 28 290   M    M   2        35 290
11  64  39  52  -2  13   0 0.00    M    M  3.2 10 110   M    M   0        13 120
12  73  44  59   4   6   0 0.00    M    M  6.8 16 160   M    M   0        18 170
13  73  51  62   7   3   0 0.01    M    M 11.8 26 200   M    M   5 1      33 210
14  69  51  60   4   5   0 0.00  0.0    0 12.8 25  50   M    M   2        31  60
15  70  50  60   4   5   0 0.19  0.0    0 11.4 21  90   M    M   7 1      28 100
16  70  54  62   6   3   0 0.00  0.0    0  3.4  8  80   M    M   7 12     13  90
17  77  51  64   7   1   0 0.00  0.0    0  2.6  9  70   M    M   3 128    14 100
18  79  51  65   8   0   0 0.00  0.0    0  6.0 13  90   M    M   0 1      18  90
19  66  57  62   5   3   0 1.27  0.0    0  9.3 23 240   M    M   8 13     31 240
================================================================================
SM 1319  924       116   7  5.65     0.0 170.9          M       74
================================================================================
AV 69.4 48.6                               9.0 FASTST   M    M   4    MAX(MPH)
                                 MISC ---->  # 36 200               # 47  210
================================================================================
NOTES:
# LAST OF SEVERAL OCCURRENCES

COLUMN 17 PEAK WIND IN M.P.H.

PRELIMINARY LOCAL CLIMATOLOGICAL DATA (WS FORM: F-6) , PAGE 2

                                          STATION:  LAWRENCEVILLE IL AIRPORT
                                          MONTH:    APRIL
                                          YEAR:     2015
                                          LATITUDE:   38 45 N
                                          LONGITUDE:  87 36 W

[TEMPERATURE DATA]      [PRECIPITATION DATA]       SYMBOLS USED IN COLUMN 16

AVERAGE MONTHLY: 59.0   TOTAL FOR MONTH:   5.65    1 = FOG OR MIST
DPTR FM NORMAL:   5.0   DPTR FM NORMAL:    3.43    2 = FOG REDUCING VISIBILITY
HIGHEST:    79 ON 18, 9 GRTST 24HR  3.17 ON  2- 3      TO 1/4 MILE OR LESS
LOWEST:     33 ON  4                               3 = THUNDER
                        SNOW, ICE PELLETS, HAIL    4 = ICE PELLETS
                        TOTAL MONTH:   0.0 INCH    5 = HAIL
                        GRTST 24HR     0.0         6 = FREEZING RAIN OR DRIZZLE
                        GRTST DEPTH:   0           7 = DUSTSTORM OR SANDSTORM:
                                                       VSBY 1/2 MILE OR LESS
                                                   8 = SMOKE OR HAZE
[NO. OF DAYS WITH]      [WEATHER - DAYS WITH]      9 = BLOWING SNOW
                                                   X = TORNADO
MAX 32 OR BELOW:   0    0.01 INCH OR MORE:   8
MAX 90 OR ABOVE:   0    0.10 INCH OR MORE:   7
MIN 32 OR BELOW:   0    0.50 INCH OR MORE:   3
MIN  0 OR BELOW:   0    1.00 INCH OR MORE:   3

[HDD (BASE 65) ]
TOTAL THIS MO.   116    CLEAR  (SCALE 0-3)  10
DPTR FM NORMAL  -106    PTCLDY (SCALE 4-7)   7
TOTAL FM JUL 1  5115    CLOUDY (SCALE 8-10)  2
DPTR FM NORMAL   596

[CDD (BASE 65) ]
TOTAL THIS MO.     7
DPTR FM NORMAL    -6    [PRESSURE DATA]
TOTAL FM JAN 1     7    HIGHEST SLP M ON M
DPTR FM NORMAL    -8    LOWEST  SLP 29.38 ON 19

[REMARKS]
