000
CXUS52 KFFC 261110
CF6MCN
PRELIMINARY LOCAL CLIMATOLOGICAL DATA (WS FORM: F-6)

                                          STATION:   MACON
                                          MONTH:     APRIL
                                          YEAR:      2015
                                          LATITUDE:   32 42 N
                                          LONGITUDE:  83 39 W

  TEMPERATURE IN F:       :PCPN:    SNOW:  WIND      :SUNSHINE: SKY     :PK WND
================================================================================
1   2   3   4   5  6A  6B    7    8   9   10  11  12  13   14  15   16   17  18
                                     12Z  AVG MX 2MIN
DY MAX MIN AVG DEP HDD CDD  WTR  SNW DPTH SPD SPD DIR MIN PSBL S-S WX    SPD DR
================================================================================

 1  83  54  69   9   0   4 0.06  0.0    M  3.1 14  10   M    M   2 1      17  30
 2  77  56  67   7   0   2 0.00  0.0    0  6.4 14 180   M    M   5        21 180
 3  84  55  70   9   0   5 0.00  0.0    0  6.8 17 200   M    M   0 1      24 210
 4  76  47  62   1   3   0 0.04  0.0    0  7.0 21 340   M    M   3 1      29 340
 5  71  40  56  -5   9   0 0.00  0.0    0  7.0 16 130   M    M   1        21 120
 6  77  56  67   6   0   2 0.02  0.0    0  4.3 14 130   M    M   8 1      20 120
 7  85  62  74  12   0   9 0.01  0.0    0  2.5 12 330   M    M   6 1      18 340
 8  88  60  74  12   0   9 0.00  0.0    0  2.6 12 260   M    M   0 1      14 260
 9  86  61  74  12   0   9 0.00  0.0    0  5.8 17 210   M    M   1 1      25 220
10  82  63  73  11   0   8 0.57  0.0    0  4.7 16 220   M    M   3 13     24 220
11  81  57  69   7   0   4    T  0.0    0  2.7  9 310   M    M   2 1      12 320
12  71  55  63   1   2   0 0.81  0.0    0  4.9 21  90   M    M   8 1      28  90
13  79  64  72   9   0   7 0.15  0.0    0  5.4 12 140   M    M  10 1      15 130
14  86  69  78  15   0  13 0.01  0.0    0  6.0 15 270   M    M   7 1      21 270
15  76  60  68   5   0   3 0.62  0.0    0  4.1 16  50   M    M   7 1      21  50
16  61  56  59  -4   6   0 0.09  0.0    0  9.0 17  60   M    M  10 1      22  60
17  64  56  60  -4   5   0 0.63  0.0    0  3.8 10 140   M    M  10 1      13 120
18  79  64  72   8   0   7 0.57  0.0    0  2.4  9 190   M    M   9 1      13 190
19  73  66  70   6   0   5 0.76  0.0    0  5.2 14 220   M    M   8 123    21 220
20  73  64  69   5   0   4 0.01  0.0    0  7.7 18 210   M    M   5        29 220
21  76  50  63  -2   2   0 0.00  0.0    0  5.8 18 260   M    M   0        23 260
22  81  44  63  -2   2   0 0.00  0.0    0  4.7 20 270   M    M   0 1      25 260
23  81  54  68   3   0   3 0.00  0.0    0  5.7 16 280   M    M   3        21 270
24  78  48  63  -2   2   0 0.00  0.0    0  3.5 12  80   M    M   1        15  70
25  83  60  72   6   0   7 1.33  0.0    0  5.6 32 350   M    M   6 13     37 350
================================================================================
SM 1951 1421        31 101  5.68     0.0 126.7          M      115
================================================================================
AV 78.0 56.8                               5.1 FASTST   M    M   5    MAX(MPH)
                                 MISC ---->  # 32 350               # 37  350
================================================================================
NOTES:
# LAST OF SEVERAL OCCURRENCES

COLUMN 17 PEAK WIND IN M.P.H.

PRELIMINARY LOCAL CLIMATOLOGICAL DATA (WS FORM: F-6) , PAGE 2

                                          STATION:  MACON
                                          MONTH:    APRIL
                                          YEAR:     2015
                                          LATITUDE:   32 42 N
                                          LONGITUDE:  83 39 W

[TEMPERATURE DATA]      [PRECIPITATION DATA]       SYMBOLS USED IN COLUMN 16

AVERAGE MONTHLY: 67.4   TOTAL FOR MONTH:   5.68    1 = FOG OR MIST
DPTR FM NORMAL:   4.6   DPTR FM NORMAL:    3.13    2 = FOG REDUCING VISIBILITY
HIGHEST:    88 ON  8    GRTST 24HR  1.33 ON 25-25      TO 1/4 MILE OR LESS
LOWEST:     40 ON  5                               3 = THUNDER
                        SNOW, ICE PELLETS, HAIL    4 = ICE PELLETS
                        TOTAL MONTH:   0.0 INCH    5 = HAIL
                        GRTST 24HR     0.0         6 = FREEZING RAIN OR DRIZZLE
                        GRTST DEPTH:   0           7 = DUSTSTORM OR SANDSTORM:
                                                       VSBY 1/2 MILE OR LESS
                                                   8 = SMOKE OR HAZE
[NO. OF DAYS WITH]      [WEATHER - DAYS WITH]      9 = BLOWING SNOW
                                                   X = TORNADO
MAX 32 OR BELOW:   0    0.01 INCH OR MORE:  15
MAX 90 OR ABOVE:   0    0.10 INCH OR MORE:   8
MIN 32 OR BELOW:   0    0.50 INCH OR MORE:   7
MIN  0 OR BELOW:   0    1.00 INCH OR MORE:   1

[HDD (BASE 65) ]
TOTAL THIS MO.    31    CLEAR  (SCALE 0-3)  10
DPTR FM NORMAL   -71    PTCLDY (SCALE 4-7)  11
TOTAL FM JUL 1  2452    CLOUDY (SCALE 8-10)  4
DPTR FM NORMAL   153

[CDD (BASE 65) ]
TOTAL THIS MO.   101
DPTR FM NORMAL    55    [PRESSURE DATA]
TOTAL FM JAN 1   113    HIGHEST SLP M ON M
DPTR FM NORMAL    46    LOWEST  SLP 29.60 ON 25

[REMARKS]
