000
CXUS53 KTOP 210200
CF6MHK
PRELIMINARY LOCAL CLIMATOLOGICAL DATA (WS FORM: F-6)

                                          STATION:   Manhattan KS
                                          MONTH:     APRIL
                                          YEAR:      2015
                                          LATITUDE:   39  9 N
                                          LONGITUDE:  96 40 W

  TEMPERATURE IN F:       :PCPN:    SNOW:  WIND      :SUNSHINE: SKY     :PK WND
================================================================================
1   2   3   4   5  6A  6B    7    8   9   10  11  12  13   14  15   16   17  18
                                     12Z  AVG MX 2MIN
DY MAX MIN AVG DEP HDD CDD  WTR  SNW DPTH SPD SPD DIR MIN PSBL S-S WX    SPD DR
================================================================================

 1  85  52  69  20   0   4 0.00    M    M 13.1 29 170   M    M   0        36 170
 2  71  53  62  12   3   0 0.58    M    M 13.9 26 200   M    M   5 1      35 200
 3  54  30  42  -8  23   0 0.05    M    M  9.8 23  20   M    M   4        33 360
 4  65  26  46  -4  19   0 0.00    M    M  9.1 23 200   M    M   0 8      31 230
 5  68  43  56   5   9   0 0.00    M    M 13.0 25 170   M    M   4        32 180
 6  77  51  64  13   1   0 0.00    M    M 11.4 17  80   M    M   7 18     22  70
 7  79  49  64  13   1   0 0.00    M    M  7.7 16  50   M    M   6 18     22 270
 8  65  48  57   5   8   0    T    M    M  6.9 15  40   M    M   9 128    18  40
 9  69  39  54   2  11   0    T    M    M 10.2 21 280   M    M   8 12     30 280
10  70  32  51  -1  14   0 0.00    M    M  5.3 16 250   M    M   0        22 240
11  75  46  61   8   4   0 0.09    M    M  9.4 28 180   M    M   3 8      36 190
12  73  54  64  11   1   0 0.06    M    M 11.5 24 130   M    M   6 18     31 150
13  68  41  55   2  10   0 0.00    M    M  8.6 22  40   M    M   0        30  40
14  70  39  55   1  10   0 0.00    M    M  5.3 17 110   M    M   1 8      26  90
15  69  53  61   7   4   0 0.00    M    M  9.8 17 120   M    M   9 18     24 150
16  78  56  67  13   0   2 0.08    M    M  7.2 17 230   M    M   5 18     23 230
17  75  54  65  11   0   0 0.00    M    M  4.1 14  90   M    M   2 18     17 100
18  73  54  64   9   1   0 0.52    M    M  6.7 21 170   M    M   8 1      27 280
19  63  47  55   0  10   0 0.26    M    M  7.3 20 340   M    M   8 1      32 320
================================================================================
SM 1347  867       129   6  1.64    M    170.3          M       85
================================================================================
AV 70.9 45.6                               9.0 FASTST   M    M   4    MAX(MPH)
                                 MISC ---->  # 29 170               # 36  170
================================================================================
NOTES:
# LAST OF SEVERAL OCCURRENCES

COLUMN 17 PEAK WIND IN M.P.H.

PRELIMINARY LOCAL CLIMATOLOGICAL DATA (WS FORM: F-6) , PAGE 2

                                          STATION:  Manhattan KS
                                          MONTH:    APRIL
                                          YEAR:     2015
                                          LATITUDE:   39  9 N
                                          LONGITUDE:  96 40 W

[TEMPERATURE DATA]      [PRECIPITATION DATA]       SYMBOLS USED IN COLUMN 16

AVERAGE MONTHLY: 58.3   TOTAL FOR MONTH:   1.64    1 = FOG OR MIST
DPTR FM NORMAL:   6.0   DPTR FM NORMAL:    0.17    2 = FOG REDUCING VISIBILITY
HIGHEST:    85 ON  1    GRTST 24HR  0.73 ON 18-19      TO 1/4 MILE OR LESS
LOWEST:     26 ON  4                               3 = THUNDER
                        SNOW, ICE PELLETS, HAIL    4 = ICE PELLETS
                        TOTAL MONTH:    M          5 = HAIL
                        GRTST 24HR    M  ON   M    6 = FREEZING RAIN OR DRIZZLE
                        GRTST DEPTH:  M  ON   M    7 = DUSTSTORM OR SANDSTORM:
                                                       VSBY 1/2 MILE OR LESS
                                                   8 = SMOKE OR HAZE
[NO. OF DAYS WITH]      [WEATHER - DAYS WITH]      9 = BLOWING SNOW
                                                   X = TORNADO
MAX 32 OR BELOW:   0    0.01 INCH OR MORE:   7
MAX 90 OR ABOVE:   0    0.10 INCH OR MORE:   3
MIN 32 OR BELOW:   3    0.50 INCH OR MORE:   2
MIN  0 OR BELOW:   0    1.00 INCH OR MORE:   0

[HDD (BASE 65) ]
TOTAL THIS MO.   129    CLEAR  (SCALE 0-3)   7
DPTR FM NORMAL  -121    PTCLDY (SCALE 4-7)   9
TOTAL FM JUL 1  4904    CLOUDY (SCALE 8-10)  3
DPTR FM NORMAL  -182

[CDD (BASE 65) ]
TOTAL THIS MO.     6
DPTR FM NORMAL    -2    [PRESSURE DATA]
TOTAL FM JAN 1     8    HIGHEST SLP M ON M
DPTR FM NORMAL    -2    LOWEST  SLP 29.51 ON  9

[REMARKS]
