000
CXUS56 KPQR 261200
CF6MMV
PRELIMINARY LOCAL CLIMATOLOGICAL DATA (WS FORM: F-6)

                                          STATION:   MCMINNVILLE OR
                                          MONTH:     APRIL
                                          YEAR:      2015
                                          LATITUDE:   45 11 N
                                          LONGITUDE: 123  8 W

  TEMPERATURE IN F:       :PCPN:    SNOW:  WIND      :SUNSHINE: SKY     :PK WND
================================================================================
1   2   3   4   5  6A  6B    7    8   9   10  11  12  13   14  15   16   17  18
                                     12Z  AVG MX 2MIN
DY MAX MIN AVG DEP HDD CDD  WTR  SNW DPTH SPD SPD DIR MIN PSBL S-S WX    SPD DR
================================================================================

 1  52  37  45  -3  20   0 0.18    M    0  4.3 18 310   M    M   6 12     22 300
 2  58  36  47  -1  18   0 0.00  0.0    0  2.1  8 150   M    M   5 12     11 180
 3  52  34  43  -6  22   0 0.14    M    0  3.1 10 210   M    M   6 12     14 210
 4  55  33  44  -5  21   0 0.00  0.0    0  3.0 14 250   M    M   5 12     17 260
 5  55  31  43  -6  22   0 0.06    M    0  3.5 16 210   M    M   5 12     20 210
 6  56  36  46  -3  19   0 0.06    M    0  5.8 21 190   M    M   7 1      26 170
 7  61  42  52   3  13   0 0.10    M    0  5.1 18 300   M    M   9        21 310
 8  59  44  52   3  13   0 0.24    M    0  4.2 16 140   M    M   9 13     21 150
 9  65  36  51   2  14   0 0.00  0.0    0  1.9  7 280   M    M   3 12      9 360
10  59  37  48  -1  17   0 0.03    M    0  7.8 24 190   M    M   4 1      32 190
11  56  39  48  -1  17   0 0.16    M    0  9.2 22 260   M    M   5 1      29 300
12  59  36  48  -2  17   0 0.00  0.0    0  2.3  8 140   M    M   1        12 140
13  53  38  46  -4  19   0 0.17    M    0  6.2 17 230   M    M   8 1      22 190
14  54  36  45  -5  20   0 0.12    M    0  7.1 21 230   M    M   4 1      25 230
15  60  33  47  -3  18   0 0.00  0.0    0  3.6 10  60   M    M   2 1      16  70
16  73  35  54   4  11   0 0.00  0.0    0  5.1 13  10   M    M   0        17  20
17  74  39  57   7   8   0 0.00  0.0    0  3.6 16 360   M    M   0 1      20  20
18  77  38  58   8   7   0 0.00  0.0    0  4.5 14 360   M    M   0 1      17 350
19  79  39  59   9   6   0 0.00  0.0    0  2.4 10  20   M    M   0        14  20
20  79  42  61  10   4   0 0.00  0.0    0  2.4 13 210   M    M   0        17 220
21  65  39  52   1  13   0    T    M    0  4.3 17 320   M    M   4 8      24 320
22  60  36  48  -3  17   0 0.00  0.0    0  2.3  9 310   M    M   6        14 300
23  55  37  46  -5  19   0 0.05    M    0  6.7 15 210   M    M   7 1      19 230
24  57  44  51   0  14   0 0.12    M    0  8.8 21 260   M    M   8 1      28 260
25  61  40  51  -1  14   0 0.05    M    0  4.1 16 220   M    M   5 1      20 220
================================================================================
SM 1534  937       383   0  1.48     0.0 113.4          M      109
================================================================================
AV 61.4 37.5                               4.5 FASTST   M    M   4    MAX(MPH)
                                 MISC ---->  # 24 190               # 32  190
================================================================================
NOTES:
# LAST OF SEVERAL OCCURRENCES

COLUMN 17 PEAK WIND IN M.P.H.

PRELIMINARY LOCAL CLIMATOLOGICAL DATA (WS FORM: F-6) , PAGE 2

                                          STATION:  MCMINNVILLE OR
                                          MONTH:    APRIL
                                          YEAR:     2015
                                          LATITUDE:   45 11 N
                                          LONGITUDE: 123  8 W

[TEMPERATURE DATA]      [PRECIPITATION DATA]       SYMBOLS USED IN COLUMN 16

AVERAGE MONTHLY: 49.4   TOTAL FOR MONTH:   1.48    1 = FOG OR MIST
DPTR FM NORMAL:  -0.3   DPTR FM NORMAL:   -1.07    2 = FOG REDUCING VISIBILITY
HIGHEST:    79 ON 20,19 GRTST 24HR  0.25 ON  7- 8      TO 1/4 MILE OR LESS
LOWEST:     31 ON  5                               3 = THUNDER
                        SNOW, ICE PELLETS, HAIL    4 = ICE PELLETS
                        TOTAL MONTH:   0.0 INCH    5 = HAIL
                        GRTST 24HR     0.0         6 = FREEZING RAIN OR DRIZZLE
                        GRTST DEPTH:   0           7 = DUSTSTORM OR SANDSTORM:
                                                       VSBY 1/2 MILE OR LESS
                                                   8 = SMOKE OR HAZE
[NO. OF DAYS WITH]      [WEATHER - DAYS WITH]      9 = BLOWING SNOW
                                                   X = TORNADO
MAX 32 OR BELOW:   0    0.01 INCH OR MORE:  13
MAX 90 OR ABOVE:   0    0.10 INCH OR MORE:   8
MIN 32 OR BELOW:   1    0.50 INCH OR MORE:   0
MIN  0 OR BELOW:   0    1.00 INCH OR MORE:   0

[HDD (BASE 65) ]
TOTAL THIS MO.   383    CLEAR  (SCALE 0-3)   8
DPTR FM NORMAL     0    PTCLDY (SCALE 4-7)  14
TOTAL FM JUL 1  3293    CLOUDY (SCALE 8-10)  3
DPTR FM NORMAL -1041

[CDD (BASE 65) ]
TOTAL THIS MO.     0
DPTR FM NORMAL     0    [PRESSURE DATA]
TOTAL FM JAN 1     0    HIGHEST SLP M ON M
DPTR FM NORMAL     0    LOWEST  SLP 29.65 ON  5

[REMARKS]
